-- Table structure for table `news_category`
--

CREATE TABLE `news_category` (
  `id` int unsigned NOT NULL AUTO_INCREMENT,
  `title` varchar(255) NOT NULL,
  `description` text,
  `created_at` timestamp NOT NULL DEFAULT CURRENT_TIMESTAMP,
  `updated_at` timestamp NOT NULL DEFAULT CURRENT_TIMESTAMP,
  PRIMARY KEY (`id`)
) ENGINE=InnoDB DEFAULT CHARSET=utf8mb4 COLLATE=utf8mb4_0900_ai_ci;

--
-- Dumping data for table `news_category`
--


--
-- Table structure for table `news_category_tbl`
--

CREATE TABLE `news_category_tbl` (
  `id` int unsigned NOT NULL AUTO_INCREMENT,
  `news_id` int DEFAULT NULL,
  `category_id` int DEFAULT NULL,
  PRIMARY KEY (`id`)
) ENGINE=InnoDB DEFAULT CHARSET=utf8mb4 COLLATE=utf8mb4_0900_ai_ci;

--
-- Dumping data for table `news_category_tbl`
--


--
-- Table structure for table `news_group`
--

CREATE TABLE `news_group` (
  `id` int unsigned NOT NULL AUTO_INCREMENT,
  `news_id` int DEFAULT NULL,
  `group_id` int DEFAULT NULL,
  PRIMARY KEY (`id`)
) ENGINE=InnoDB DEFAULT CHARSET=utf8mb4 COLLATE=utf8mb4_0900_ai_ci;

--
-- Dumping data for table `news_group`
--

INSERT INTO `news_group` VALUES (13,31,16),(62,48,11),(81,50,31),(85,52,31),(91,55,13),(102,65,37),(112,78,42),(113,67,40),(114,67,42),(115,67,37),(149,117,59),(150,118,59),(151,118,60),(152,118,58),(154,130,62),(255,138,62),(256,138,60),(258,138,31),(260,138,45),(261,138,43),(285,139,62),(286,139,60),(287,139,59),(288,139,58),(291,139,52),(293,139,55),(294,139,54),(295,139,45),(296,139,43),(297,139,51),(298,139,42),(299,139,40),(300,139,34),(302,139,37),(304,139,11),(305,139,31),(480,134,62),(481,134,60),(482,134,59),(483,134,58),(486,134,55),(487,134,54),(489,134,40),(490,134,42),(491,134,43),(812,131,62),(813,131,60),(814,131,59),(815,131,58),(817,131,55),(818,131,54),(836,114,66),(837,114,65),(838,114,64),(839,114,62),(840,114,60),(841,114,59),(842,49,11),(901,141,11),(902,141,31),(903,141,37),(904,141,34),(905,141,40),(906,141,43),(907,141,45),(908,141,51),(910,140,58),(913,140,55),(914,140,60),(915,140,62),(920,144,66),(921,144,65),(922,144,64),(923,144,62),(932,149,66),(933,149,64),(934,149,65),(935,149,60),(936,149,63),(937,149,62),(955,225,100),(998,270,203),(999,277,201),(1004,278,205),(1005,283,209),(1007,285,207),(1008,286,209),(1009,286,207),(1010,286,205),(1014,255,192),(1040,136,59),(1041,136,60),(1042,288,209),(1043,288,207),(1044,288,205),(1045,244,175),(1046,246,175),(1047,328,222),(1048,329,227),(1049,332,228),(1050,334,197),(1052,338,66),(1053,339,252),(1054,340,200),(1058,345,255),(1059,346,255),(1061,348,256),(1092,358,269),(1093,359,270),(1094,360,270),(1095,361,270),(1096,363,278),(1105,365,278),(1114,369,278),(1116,367,272),(1117,370,278),(1120,364,278),(1124,376,282),(1125,378,285),(1126,380,288),(1127,383,290),(1138,371,277),(1139,371,276),(1140,371,275),(1141,371,278),(1142,384,278),(1143,347,256),(1144,347,278),(1145,386,278),(1146,387,287),(1147,389,292),(1148,390,292),(1152,395,292),(1153,395,287),(1155,400,293),(1156,393,278),(1157,398,293),(1158,373,278),(1159,403,278),(1160,405,278),(1163,410,296),(1167,415,296),(1169,418,278),(1170,419,278),(1177,391,292),(1206,417,299),(1207,425,310),(1208,428,311),(1209,429,311),(1210,431,296),(1212,432,301),(1213,435,314),(1214,436,315),(1215,441,318),(1216,441,313),(1217,446,324);

--
-- Table structure for table `news_tags`
--

CREATE TABLE `news_tags` (
  `id` int unsigned NOT NULL AUTO_INCREMENT,
  `news_id` int unsigned DEFAULT NULL,
  `tag_id` int unsigned DEFAULT NULL,
  PRIMARY KEY (`id`)
) ENGINE=InnoDB DEFAULT CHARSET=utf8mb4 COLLATE=utf8mb4_0900_ai_ci;

--
-- Dumping data for table `news_tags`
--

INSERT INTO `news_tags` VALUES (3,85,81),(4,85,78),(7,84,80),(8,84,78),(9,84,82),(12,86,80),(13,86,78),(42,90,87),(43,90,88),(44,90,89),(75,107,106),(115,117,90),(125,89,106),(126,127,110),(263,134,156),(517,87,83),(518,87,84),(530,147,116),(531,114,106),(532,114,92),(533,114,110),(545,158,93),(546,125,110),(547,125,105),(548,125,137),(550,186,89),(565,234,229),(567,280,170),(570,283,93),(571,286,229),(572,286,268),(573,287,91),(687,136,160),(688,288,229),(692,281,274),(695,325,317),(698,331,318),(701,332,319),(702,334,325),(703,335,326),(704,336,327),(705,340,328),(706,342,317),(707,343,329),(708,344,330),(709,345,317),(710,346,317),(712,349,318),(713,352,318),(718,354,334),(719,354,329),(729,355,334),(730,355,268),(731,356,268),(733,358,318),(734,359,335),(735,360,318),(736,361,335),(738,362,336),(739,353,90),(741,376,352),(743,377,358),(745,379,361),(746,347,317),(747,392,319),(750,402,318),(755,422,358),(756,426,366);

--
-- Table structure for table `news_users`
--

CREATE TABLE `news_users` (
  `id` int unsigned NOT NULL AUTO_INCREMENT,
  `news_id` int DEFAULT NULL,
  `user_id` int DEFAULT NULL,
  PRIMARY KEY (`id`)
) ENGINE=InnoDB DEFAULT CHARSET=utf8mb4 COLLATE=utf8mb4_0900_ai_ci;

--
-- Dumping data for table `news_users`
--


--
-- Table structure for table `organizer`
--

CREATE TABLE `organizer` (
  `id` int unsigned NOT NULL AUTO_INCREMENT,
  `type` enum('organizer_type') NOT NULL,
  `start_date` datetime NOT NULL,
  `end_date` datetime NOT NULL,
  `created_at` timestamp NOT NULL DEFAULT CURRENT_TIMESTAMP,
  `updated_at` timestamp NOT NULL DEFAULT CURRENT_TIMESTAMP,
  `created_by` varchar(255) NOT NULL,
  `title` varchar(255) NOT NULL,
  `description` text,
  `image_path` varchar(255) NOT NULL,
  PRIMARY KEY (`id`)
) ENGINE=InnoDB DEFAULT CHARSET=utf8mb4 COLLATE=utf8mb4_0900_ai_ci;

--
-- Dumping data for table `organizer`
--


--
-- Table structure for table `organizer_group`
--

CREATE TABLE `organizer_group` (
  `id` int unsigned NOT NULL AUTO_INCREMENT,
  `title` varchar(255) NOT NULL,
  `description` text,
  `organizer_id` int NOT NULL,
  PRIMARY KEY (`id`)
) ENGINE=InnoDB DEFAULT CHARSET=utf8mb4 COLLATE=utf8mb4_0900_ai_ci;

--
-- Dumping data for table `organizer_group`
--


--
-- Table structure for table `p_messages`
--

CREATE TABLE `p_messages` (
  `id` int unsigned NOT NULL AUTO_INCREMENT,
  `sender_id` varchar(255) DEFAULT NULL,
  `receiver_id` varchar(255) DEFAULT NULL,
  `esdb_id` varchar(255) DEFAULT NULL,
  `type` varchar(45) DEFAULT NULL,
  `owner` varchar(255) DEFAULT NULL,
  `kind` varchar(45) DEFAULT NULL,
  `kind_id` int DEFAULT NULL,
  `is_read` int DEFAULT '0',
  `approved_status` int DEFAULT '0',
  `created_at` timestamp NOT NULL DEFAULT CURRENT_TIMESTAMP,
  `column` varchar(45) DEFAULT NULL,
  PRIMARY KEY (`id`)
) ENGINE=InnoDB DEFAULT CHARSET=utf8mb4 COLLATE=utf8mb4_0900_ai_ci;

--
-- Dumping data for table `p_messages`
--

INSERT INTO `p_messages` VALUES (1,'696311f0-c372-45bd-a0e5-9a2eb34c0c24','39601540-c2aa-45f1-b3eb-dcb1772cc34e','wfq2t4MB96WzL2MJZ-0X','sent','696311f0-c372-45bd-a0e5-9a2eb34c0c24','personal',0,1,1,'2022-10-08 13:08:48','to'),(2,'696311f0-c372-45bd-a0e5-9a2eb34c0c24','39601540-c2aa-45f1-b3eb-dcb1772cc34e','wfq2t4MB96WzL2MJZ-0X','inbox','39601540-c2aa-45f1-b3eb-dcb1772cc34e','personal',0,0,1,'2022-10-08 13:08:48','to'),(3,'696311f0-c372-45bd-a0e5-9a2eb34c0c24','afe62f14-b2a7-4539-875f-9a054382dcd1','wfq2t4MB96WzL2MJZ-0X','sent','696311f0-c372-45bd-a0e5-9a2eb34c0c24','personal',0,1,1,'2022-10-08 13:08:48','cc'),(4,'696311f0-c372-45bd-a0e5-9a2eb34c0c24','afe62f14-b2a7-4539-875f-9a054382dcd1','wfq2t4MB96WzL2MJZ-0X','inbox','afe62f14-b2a7-4539-875f-9a054382dcd1','personal',0,0,1,'2022-10-08 13:08:48','cc'),(5,'696311f0-c372-45bd-a0e5-9a2eb34c0c24','afe62f14-b2a7-4539-875f-9a054382dcd1','wvr5wIMB96WzL2MJiO1b','sent','696311f0-c372-45bd-a0e5-9a2eb34c0c24','personal',0,1,1,'2022-10-10 08:18:42','to'),(6,'696311f0-c372-45bd-a0e5-9a2eb34c0c24','afe62f14-b2a7-4539-875f-9a054382dcd1','wvr5wIMB96WzL2MJiO1b','inbox','afe62f14-b2a7-4539-875f-9a054382dcd1','personal',0,0,1,'2022-10-10 08:18:42','to'),(7,'696311f0-c372-45bd-a0e5-9a2eb34c0c24','8ca5336b-b513-458c-887c-501d5fb9d961','wvr5wIMB96WzL2MJiO1b','sent','696311f0-c372-45bd-a0e5-9a2eb34c0c24','personal',0,1,1,'2022-10-10 08:18:42','to'),(8,'696311f0-c372-45bd-a0e5-9a2eb34c0c24','8ca5336b-b513-458c-887c-501d5fb9d961','wvr5wIMB96WzL2MJiO1b','inbox','8ca5336b-b513-458c-887c-501d5fb9d961','personal',0,1,1,'2022-10-10 08:18:42','to'),(9,'696311f0-c372-45bd-a0e5-9a2eb34c0c24','39601540-c2aa-45f1-b3eb-dcb1772cc34e','wvr5wIMB96WzL2MJiO1b','sent','696311f0-c372-45bd-a0e5-9a2eb34c0c24','personal',0,1,1,'2022-10-10 08:18:42','cc'),(10,'32075938-e3fc-48aa-b114-e5d13cf8601d','b4cc9955-aa3a-42bc-b31d-bb252946b658','wvr5wIMB96WzL2MJiO1b','inbox','b4cc9955-aa3a-42bc-b31d-bb252946b658','personal',0,1,1,'2022-10-10 08:18:42','cc'),(12,'696311f0-c372-45bd-a0e5-9a2eb34c0c24','afe62f14-b2a7-4539-875f-9a054382dcd1','xPrHwYMB96WzL2MJnO0W','inbox','afe62f14-b2a7-4539-875f-9a054382dcd1','personal',0,0,1,'2022-10-10 12:03:47','to'),(14,'696311f0-c372-45bd-a0e5-9a2eb34c0c24','39601540-c2aa-45f1-b3eb-dcb1772cc34e','xPrHwYMB96WzL2MJnO0W','inbox','39601540-c2aa-45f1-b3eb-dcb1772cc34e','personal',0,1,1,'2022-10-10 12:03:47','cc'),(15,'696311f0-c372-45bd-a0e5-9a2eb34c0c24','afe62f14-b2a7-4539-875f-9a054382dcd1','0_p06YMB96WzL2MJgO3A','draft','696311f0-c372-45bd-a0e5-9a2eb34c0c24','personal',0,1,1,'2022-10-18 04:57:50','to'),(16,'696311f0-c372-45bd-a0e5-9a2eb34c0c24','afe62f14-b2a7-4539-875f-9a054382dcd1','0_p06YMB96WzL2MJgO3A','draft','afe62f14-b2a7-4539-875f-9a054382dcd1','personal',0,0,2,'2022-10-18 04:57:50','to'),(17,'696311f0-c372-45bd-a0e5-9a2eb34c0c24','afe62f14-b2a7-4539-875f-9a054382dcd1','1PqK6YMB96WzL2MJPu1i','sent','696311f0-c372-45bd-a0e5-9a2eb34c0c24','personal',0,1,1,'2022-10-18 05:21:34','to'),(18,'696311f0-c372-45bd-a0e5-9a2eb34c0c24','afe62f14-b2a7-4539-875f-9a054382dcd1','1PqK6YMB96WzL2MJPu1i','inbox','afe62f14-b2a7-4539-875f-9a054382dcd1','personal',0,0,1,'2022-10-18 05:21:34','to'),(19,'696311f0-c372-45bd-a0e5-9a2eb34c0c24','39601540-c2aa-45f1-b3eb-dcb1772cc34e','1PqK6YMB96WzL2MJPu1i','sent','696311f0-c372-45bd-a0e5-9a2eb34c0c24','personal',0,1,1,'2022-10-18 05:21:34','to'),(21,'696311f0-c372-45bd-a0e5-9a2eb34c0c24','afe62f14-b2a7-4539-875f-9a054382dcd1','1PqK6YMB96WzL2MJPu1i','sent','696311f0-c372-45bd-a0e5-9a2eb34c0c24','personal',0,1,1,'2022-10-18 05:21:34','cc'),(22,'696311f0-c372-45bd-a0e5-9a2eb34c0c24','afe62f14-b2a7-4539-875f-9a054382dcd1','1PqK6YMB96WzL2MJPu1i','inbox','afe62f14-b2a7-4539-875f-9a054382dcd1','personal',0,1,1,'2022-10-18 05:21:34','cc'),(23,'696311f0-c372-45bd-a0e5-9a2eb34c0c24','39601540-c2aa-45f1-b3eb-dcb1772cc34e','1PqK6YMB96WzL2MJPu1i','sent','696311f0-c372-45bd-a0e5-9a2eb34c0c24','personal',0,1,1,'2022-10-18 05:21:34','cc'),(26,'39601540-c2aa-45f1-b3eb-dcb1772cc34e','696311f0-c372-45bd-a0e5-9a2eb34c0c24','1fqN6YMB96WzL2MJHu0G','starred','696311f0-c372-45bd-a0e5-9a2eb34c0c24','personal',0,1,1,'2022-10-18 05:24:43','to'),(27,'696311f0-c372-45bd-a0e5-9a2eb34c0c24','afe62f14-b2a7-4539-875f-9a054382dcd1','1vqU6YMB96WzL2MJvu2P','draft','696311f0-c372-45bd-a0e5-9a2eb34c0c24','personal',0,1,1,'2022-10-18 05:33:03','to'),(28,'696311f0-c372-45bd-a0e5-9a2eb34c0c24','afe62f14-b2a7-4539-875f-9a054382dcd1','1vqU6YMB96WzL2MJvu2P','draft','afe62f14-b2a7-4539-875f-9a054382dcd1','personal',0,0,2,'2022-10-18 05:33:03','to'),(29,'696311f0-c372-45bd-a0e5-9a2eb34c0c24','39601540-c2aa-45f1-b3eb-dcb1772cc34e','1vqU6YMB96WzL2MJvu2P','draft','696311f0-c372-45bd-a0e5-9a2eb34c0c24','personal',0,1,1,'2022-10-18 05:33:03','to'),(30,'696311f0-c372-45bd-a0e5-9a2eb34c0c24','39601540-c2aa-45f1-b3eb-dcb1772cc34e','1vqU6YMB96WzL2MJvu2P','draft','39601540-c2aa-45f1-b3eb-dcb1772cc34e','personal',0,0,2,'2022-10-18 05:33:03','to'),(34,'39601540-c2aa-45f1-b3eb-dcb1772cc34e','afe62f14-b2a7-4539-875f-9a054382dcd1','2Pqc6YMB96WzL2MJqO1-','sent','39601540-c2aa-45f1-b3eb-dcb1772cc34e','club',1,0,1,'2022-10-18 05:41:41',NULL),(35,'39601540-c2aa-45f1-b3eb-dcb1772cc34e','afe62f14-b2a7-4539-875f-9a054382dcd1','2Pqc6YMB96WzL2MJqO1-','inbox','afe62f14-b2a7-4539-875f-9a054382dcd1','club',1,0,1,'2022-10-18 05:41:41',NULL),(36,'39601540-c2aa-45f1-b3eb-dcb1772cc34e','696311f0-c372-45bd-a0e5-9a2eb34c0c24','2Pqc6YMB96WzL2MJqO1-','starred','696311f0-c372-45bd-a0e5-9a2eb34c0c24','club',1,1,1,'2022-10-18 05:41:41',NULL),(45,'696311f0-c372-45bd-a0e5-9a2eb34c0c24','afe62f14-b2a7-4539-875f-9a054382dcd1','3Ppe6oMB96WzL2MJeO3g','sent','696311f0-c372-45bd-a0e5-9a2eb34c0c24','personal',0,1,1,'2022-10-18 09:13:23','to'),(46,'696311f0-c372-45bd-a0e5-9a2eb34c0c24','afe62f14-b2a7-4539-875f-9a054382dcd1','3Ppe6oMB96WzL2MJeO3g','inbox','afe62f14-b2a7-4539-875f-9a054382dcd1','personal',0,1,1,'2022-10-18 09:13:23','to'),(47,'696311f0-c372-45bd-a0e5-9a2eb34c0c24','afe62f14-b2a7-4539-875f-9a054382dcd1','3fpg6oMB96WzL2MJYu3h','draft','696311f0-c372-45bd-a0e5-9a2eb34c0c24','personal',0,1,1,'2022-10-18 09:15:28','to'),(48,'696311f0-c372-45bd-a0e5-9a2eb34c0c24','afe62f14-b2a7-4539-875f-9a054382dcd1','3fpg6oMB96WzL2MJYu3h','draft','afe62f14-b2a7-4539-875f-9a054382dcd1','personal',0,0,2,'2022-10-18 09:15:28','to'),(49,'696311f0-c372-45bd-a0e5-9a2eb34c0c24','696311f0-c372-45bd-a0e5-9a2eb34c0c24','3vpp6oMB96WzL2MJKO13','sent','696311f0-c372-45bd-a0e5-9a2eb34c0c24','personal',0,1,1,'2022-10-18 09:25:03',NULL),(50,'afe62f14-b2a7-4539-875f-9a054382dcd1','696311f0-c372-45bd-a0e5-9a2eb34c0c24','3_pt6oMB96WzL2MJH-2J','sent','afe62f14-b2a7-4539-875f-9a054382dcd1','personal',0,0,1,'2022-10-18 09:29:23',NULL),(51,'afe62f14-b2a7-4539-875f-9a054382dcd1','696311f0-c372-45bd-a0e5-9a2eb34c0c24','3_pt6oMB96WzL2MJH-2J','starred','696311f0-c372-45bd-a0e5-9a2eb34c0c24','personal',0,1,1,'2022-10-18 09:29:23','to'),(54,'696311f0-c372-45bd-a0e5-9a2eb34c0c24','39601540-c2aa-45f1-b3eb-dcb1772cc34e','5_oE-YMB96WzL2MJZu3t','sent','696311f0-c372-45bd-a0e5-9a2eb34c0c24','personal',0,1,1,'2022-10-21 05:29:18','to'),(55,'696311f0-c372-45bd-a0e5-9a2eb34c0c24','39601540-c2aa-45f1-b3eb-dcb1772cc34e','5_oE-YMB96WzL2MJZu3t','inbox','39601540-c2aa-45f1-b3eb-dcb1772cc34e','personal',0,1,1,'2022-10-21 05:29:18','to'),(56,'696311f0-c372-45bd-a0e5-9a2eb34c0c24','afe62f14-b2a7-4539-875f-9a054382dcd1','5_oE-YMB96WzL2MJZu3t','sent','696311f0-c372-45bd-a0e5-9a2eb34c0c24','personal',0,1,1,'2022-10-21 05:29:18','to'),(57,'696311f0-c372-45bd-a0e5-9a2eb34c0c24','afe62f14-b2a7-4539-875f-9a054382dcd1','5_oE-YMB96WzL2MJZu3t','inbox','afe62f14-b2a7-4539-875f-9a054382dcd1','personal',0,0,1,'2022-10-21 05:29:18','to'),(58,'696311f0-c372-45bd-a0e5-9a2eb34c0c24','afe62f14-b2a7-4539-875f-9a054382dcd1','5_oE-YMB96WzL2MJZu3t','sent','696311f0-c372-45bd-a0e5-9a2eb34c0c24','personal',0,1,1,'2022-10-21 05:29:18','cc'),(59,'696311f0-c372-45bd-a0e5-9a2eb34c0c24','afe62f14-b2a7-4539-875f-9a054382dcd1','5_oE-YMB96WzL2MJZu3t','inbox','afe62f14-b2a7-4539-875f-9a054382dcd1','personal',0,0,1,'2022-10-21 05:29:18','cc'),(60,'696311f0-c372-45bd-a0e5-9a2eb34c0c24','afe62f14-b2a7-4539-875f-9a054382dcd1','6PoQ-YMB96WzL2MJ_-1t','draft','696311f0-c372-45bd-a0e5-9a2eb34c0c24','personal',0,1,1,'2022-10-21 05:43:04','to'),(61,'696311f0-c372-45bd-a0e5-9a2eb34c0c24','afe62f14-b2a7-4539-875f-9a054382dcd1','6PoQ-YMB96WzL2MJ_-1t','draft','afe62f14-b2a7-4539-875f-9a054382dcd1','personal',0,0,2,'2022-10-21 05:43:04','to'),(62,'696311f0-c372-45bd-a0e5-9a2eb34c0c24','afe62f14-b2a7-4539-875f-9a054382dcd1','6PoQ-YMB96WzL2MJ_-1t','draft','696311f0-c372-45bd-a0e5-9a2eb34c0c24','personal',0,1,1,'2022-10-21 05:43:04','cc'),(63,'696311f0-c372-45bd-a0e5-9a2eb34c0c24','afe62f14-b2a7-4539-875f-9a054382dcd1','6PoQ-YMB96WzL2MJ_-1t','draft','afe62f14-b2a7-4539-875f-9a054382dcd1','personal',0,0,2,'2022-10-21 05:43:04','cc'),(64,'696311f0-c372-45bd-a0e5-9a2eb34c0c24','afe62f14-b2a7-4539-875f-9a054382dcd1','6fqC-YMB96WzL2MJyO3V','starred','696311f0-c372-45bd-a0e5-9a2eb34c0c24','club',1,1,1,'2022-10-21 07:47:21',NULL),(65,'696311f0-c372-45bd-a0e5-9a2eb34c0c24','afe62f14-b2a7-4539-875f-9a054382dcd1','6fqC-YMB96WzL2MJyO3V','draft','afe62f14-b2a7-4539-875f-9a054382dcd1','club',1,0,1,'2022-10-21 07:47:21',NULL),(66,'696311f0-c372-45bd-a0e5-9a2eb34c0c24','39601540-c2aa-45f1-b3eb-dcb1772cc34e','6fqC-YMB96WzL2MJyO3V','draft','39601540-c2aa-45f1-b3eb-dcb1772cc34e','club',1,0,1,'2022-10-21 07:47:21',NULL),(67,'696311f0-c372-45bd-a0e5-9a2eb34c0c24','696311f0-c372-45bd-a0e5-9a2eb34c0c24','6vqG-YMB96WzL2MJt-0_','sent','696311f0-c372-45bd-a0e5-9a2eb34c0c24','personal',0,0,1,'2022-10-21 07:51:39','to'),(68,'696311f0-c372-45bd-a0e5-9a2eb34c0c24','696311f0-c372-45bd-a0e5-9a2eb34c0c24','6vqG-YMB96WzL2MJt-0_','inbox','696311f0-c372-45bd-a0e5-9a2eb34c0c24','personal',0,1,1,'2022-10-21 07:51:39','to'),(69,'696311f0-c372-45bd-a0e5-9a2eb34c0c24','afe62f14-b2a7-4539-875f-9a054382dcd1','6vqG-YMB96WzL2MJt-0_','sent','696311f0-c372-45bd-a0e5-9a2eb34c0c24','personal',0,0,1,'2022-10-21 07:51:39','to'),(70,'696311f0-c372-45bd-a0e5-9a2eb34c0c24','afe62f14-b2a7-4539-875f-9a054382dcd1','6vqG-YMB96WzL2MJt-0_','inbox','afe62f14-b2a7-4539-875f-9a054382dcd1','personal',0,1,1,'2022-10-21 07:51:39','to'),(71,'696311f0-c372-45bd-a0e5-9a2eb34c0c24','afe62f14-b2a7-4539-875f-9a054382dcd1','6_qH-YMB96WzL2MJJ-1s','sent','696311f0-c372-45bd-a0e5-9a2eb34c0c24','personal',0,0,1,'2022-10-21 07:52:07',NULL),(72,'696311f0-c372-45bd-a0e5-9a2eb34c0c24','afe62f14-b2a7-4539-875f-9a054382dcd1','6_qH-YMB96WzL2MJJ-1s','inbox','afe62f14-b2a7-4539-875f-9a054382dcd1','personal',0,1,1,'2022-10-21 07:52:07','to'),(73,'696311f0-c372-45bd-a0e5-9a2eb34c0c24','696311f0-c372-45bd-a0e5-9a2eb34c0c24','7PqH-YMB96WzL2MJr-0d','sent','696311f0-c372-45bd-a0e5-9a2eb34c0c24','personal',0,0,1,'2022-10-21 07:52:42',NULL),(74,'696311f0-c372-45bd-a0e5-9a2eb34c0c24','696311f0-c372-45bd-a0e5-9a2eb34c0c24','7fqH-YMB96WzL2MJ-O0N','sent','696311f0-c372-45bd-a0e5-9a2eb34c0c24','personal',0,0,1,'2022-10-21 07:53:01','to'),(75,'696311f0-c372-45bd-a0e5-9a2eb34c0c24','696311f0-c372-45bd-a0e5-9a2eb34c0c24','7fqH-YMB96WzL2MJ-O0N','inbox','696311f0-c372-45bd-a0e5-9a2eb34c0c24','personal',0,1,1,'2022-10-21 07:53:01','to'),(76,'696311f0-c372-45bd-a0e5-9a2eb34c0c24','afe62f14-b2a7-4539-875f-9a054382dcd1','7fqH-YMB96WzL2MJ-O0N','sent','696311f0-c372-45bd-a0e5-9a2eb34c0c24','personal',0,0,1,'2022-10-21 07:53:01','to'),(77,'696311f0-c372-45bd-a0e5-9a2eb34c0c24','afe62f14-b2a7-4539-875f-9a054382dcd1','7fqH-YMB96WzL2MJ-O0N','inbox','afe62f14-b2a7-4539-875f-9a054382dcd1','personal',0,1,1,'2022-10-21 07:53:01','to'),(78,'696311f0-c372-45bd-a0e5-9a2eb34c0c24','696311f0-c372-45bd-a0e5-9a2eb34c0c24','7vqI-YMB96WzL2MJrO1a','sent','696311f0-c372-45bd-a0e5-9a2eb34c0c24','personal',0,0,1,'2022-10-21 07:53:47',NULL),(84,'696311f0-c372-45bd-a0e5-9a2eb34c0c24','afe62f14-b2a7-4539-875f-9a054382dcd1','9Pq8E4QB96WzL2MJz-0J','sent','696311f0-c372-45bd-a0e5-9a2eb34c0c24','personal',0,1,1,'2022-10-26 10:00:51','to'),(85,'696311f0-c372-45bd-a0e5-9a2eb34c0c24','afe62f14-b2a7-4539-875f-9a054382dcd1','9Pq8E4QB96WzL2MJz-0J','inbox','afe62f14-b2a7-4539-875f-9a054382dcd1','personal',0,1,1,'2022-10-26 10:00:51','to'),(86,'696311f0-c372-45bd-a0e5-9a2eb34c0c24','696311f0-c372-45bd-a0e5-9a2eb34c0c24','9Pq8E4QB96WzL2MJz-0J','sent','696311f0-c372-45bd-a0e5-9a2eb34c0c24','personal',0,1,1,'2022-10-26 10:00:51','cc'),(87,'696311f0-c372-45bd-a0e5-9a2eb34c0c24','696311f0-c372-45bd-a0e5-9a2eb34c0c24','9Pq8E4QB96WzL2MJz-0J','inbox','696311f0-c372-45bd-a0e5-9a2eb34c0c24','personal',0,1,1,'2022-10-26 10:00:51','cc'),(91,'696311f0-c372-45bd-a0e5-9a2eb34c0c24','afe62f14-b2a7-4539-875f-9a054382dcd1','szZZeoQBtR7rgx-2ZzMN','sent','696311f0-c372-45bd-a0e5-9a2eb34c0c24','personal',0,1,1,'2022-11-15 08:13:10','to'),(92,'696311f0-c372-45bd-a0e5-9a2eb34c0c24','afe62f14-b2a7-4539-875f-9a054382dcd1','szZZeoQBtR7rgx-2ZzMN','inbox','afe62f14-b2a7-4539-875f-9a054382dcd1','personal',0,1,1,'2022-11-15 08:13:10','to'),(93,'696311f0-c372-45bd-a0e5-9a2eb34c0c24','afe62f14-b2a7-4539-875f-9a054382dcd1','szZZeoQBtR7rgx-2ZzMN','sent','696311f0-c372-45bd-a0e5-9a2eb34c0c24','personal',0,1,1,'2022-11-15 08:13:10','cc'),(94,'696311f0-c372-45bd-a0e5-9a2eb34c0c24','afe62f14-b2a7-4539-875f-9a054382dcd1','szZZeoQBtR7rgx-2ZzMN','inbox','afe62f14-b2a7-4539-875f-9a054382dcd1','personal',0,1,1,'2022-11-15 08:13:10','cc'),(95,'afe62f14-b2a7-4539-875f-9a054382dcd1','696311f0-c372-45bd-a0e5-9a2eb34c0c24','tDZaeoQBtR7rgx-2JTP-','sent','afe62f14-b2a7-4539-875f-9a054382dcd1','personal',0,1,1,'2022-11-15 08:13:59','to'),(96,'afe62f14-b2a7-4539-875f-9a054382dcd1','696311f0-c372-45bd-a0e5-9a2eb34c0c24','tDZaeoQBtR7rgx-2JTP-','inbox','696311f0-c372-45bd-a0e5-9a2eb34c0c24','personal',0,1,1,'2022-11-15 08:13:59','to'),(97,'afe62f14-b2a7-4539-875f-9a054382dcd1','696311f0-c372-45bd-a0e5-9a2eb34c0c24','xLPTOYUBWOAEkRS-qGrg','sent','afe62f14-b2a7-4539-875f-9a054382dcd1','personal',0,1,1,'2022-12-22 12:34:10',NULL),(98,'afe62f14-b2a7-4539-875f-9a054382dcd1','696311f0-c372-45bd-a0e5-9a2eb34c0c24','xLPTOYUBWOAEkRS-qGrg','starred','696311f0-c372-45bd-a0e5-9a2eb34c0c24','personal',0,1,1,'2022-12-22 12:34:10','to'),(99,'696311f0-c372-45bd-a0e5-9a2eb34c0c24','d15ea5df-9c4e-4bb5-b5c6-f7b877646d9b','xbMaP4UBWOAEkRS-AGpp','sent','696311f0-c372-45bd-a0e5-9a2eb34c0c24','club',1,1,1,'2022-12-23 13:09:06',NULL),(100,'696311f0-c372-45bd-a0e5-9a2eb34c0c24','d15ea5df-9c4e-4bb5-b5c6-f7b877646d9b','xbMaP4UBWOAEkRS-AGpp','inbox','d15ea5df-9c4e-4bb5-b5c6-f7b877646d9b','club',1,0,1,'2022-12-23 13:09:06',NULL),(101,'696311f0-c372-45bd-a0e5-9a2eb34c0c24','5afe824d-d11c-445a-9f05-a575ccc57ba3','xbMaP4UBWOAEkRS-AGpp','inbox','5afe824d-d11c-445a-9f05-a575ccc57ba3','club',1,0,1,'2022-12-23 13:09:06',NULL),(103,'696311f0-c372-45bd-a0e5-9a2eb34c0c24','696311f0-c372-45bd-a0e5-9a2eb34c0c24','x7NAP4UBWOAEkRS-AGpL','sent','696311f0-c372-45bd-a0e5-9a2eb34c0c24','personal',0,0,1,'2022-12-23 13:50:37',NULL),(104,'696311f0-c372-45bd-a0e5-9a2eb34c0c24','afe62f14-b2a7-4539-875f-9a054382dcd1','yLNGP4UBWOAEkRS-7Gpd','sent','696311f0-c372-45bd-a0e5-9a2eb34c0c24','personal',0,1,1,'2022-12-23 13:58:10',NULL),(105,'696311f0-c372-45bd-a0e5-9a2eb34c0c24','afe62f14-b2a7-4539-875f-9a054382dcd1','yLNGP4UBWOAEkRS-7Gpd','inbox','afe62f14-b2a7-4539-875f-9a054382dcd1','personal',0,0,1,'2022-12-23 13:58:10','to'),(106,'696311f0-c372-45bd-a0e5-9a2eb34c0c24','afe62f14-b2a7-4539-875f-9a054382dcd1','ybNLP4UBWOAEkRS-A2q9','sent','696311f0-c372-45bd-a0e5-9a2eb34c0c24','personal',0,1,1,'2022-12-23 14:02:38',NULL),(107,'696311f0-c372-45bd-a0e5-9a2eb34c0c24','afe62f14-b2a7-4539-875f-9a054382dcd1','ybNLP4UBWOAEkRS-A2q9','inbox','afe62f14-b2a7-4539-875f-9a054382dcd1','personal',0,0,1,'2022-12-23 14:02:38','to'),(109,'696311f0-c372-45bd-a0e5-9a2eb34c0c24','afe62f14-b2a7-4539-875f-9a054382dcd1','y7NOP4UBWOAEkRS-o2r_','sent','696311f0-c372-45bd-a0e5-9a2eb34c0c24','personal',0,1,1,'2022-12-23 14:06:36',NULL),(110,'696311f0-c372-45bd-a0e5-9a2eb34c0c24','afe62f14-b2a7-4539-875f-9a054382dcd1','y7NOP4UBWOAEkRS-o2r_','inbox','afe62f14-b2a7-4539-875f-9a054382dcd1','personal',0,0,1,'2022-12-23 14:06:36','to'),(111,'696311f0-c372-45bd-a0e5-9a2eb34c0c24','4e462b4b-f909-4cf6-a9a9-c73c228e120f','zbMxUIUBWOAEkRS--mo7','starred','696311f0-c372-45bd-a0e5-9a2eb34c0c24','personal',0,1,1,'2022-12-26 20:48:50','to'),(112,'696311f0-c372-45bd-a0e5-9a2eb34c0c24','4e462b4b-f909-4cf6-a9a9-c73c228e120f','zbMxUIUBWOAEkRS--mo7','inbox','4e462b4b-f909-4cf6-a9a9-c73c228e120f','personal',0,0,1,'2022-12-26 20:48:50','to'),(113,'afe62f14-b2a7-4539-875f-9a054382dcd1','696311f0-c372-45bd-a0e5-9a2eb34c0c24','zrP2UYUBWOAEkRS-B2qZ','sent','afe62f14-b2a7-4539-875f-9a054382dcd1','personal',0,0,1,'2022-12-27 05:02:36',NULL),(114,'afe62f14-b2a7-4539-875f-9a054382dcd1','696311f0-c372-45bd-a0e5-9a2eb34c0c24','zrP2UYUBWOAEkRS-B2qZ','inbox','696311f0-c372-45bd-a0e5-9a2eb34c0c24','personal',0,0,1,'2022-12-27 05:02:36','to'),(115,'afe62f14-b2a7-4539-875f-9a054382dcd1','696311f0-c372-45bd-a0e5-9a2eb34c0c24','z7P2UYUBWOAEkRS-hWpa','sent','afe62f14-b2a7-4539-875f-9a054382dcd1','personal',0,0,1,'2022-12-27 05:03:08',NULL),(116,'afe62f14-b2a7-4539-875f-9a054382dcd1','696311f0-c372-45bd-a0e5-9a2eb34c0c24','z7P2UYUBWOAEkRS-hWpa','inbox','696311f0-c372-45bd-a0e5-9a2eb34c0c24','personal',0,0,1,'2022-12-27 05:03:08','to'),(126,'32075938-e3fc-48aa-b114-e5d13cf8601d','b4cc9955-aa3a-42bc-b31d-bb252946b658','o6ADgYUBIuj2nRSlw1Pm','sent','32075938-e3fc-48aa-b114-e5d13cf8601d','personal',0,1,1,'2023-01-05 08:19:45','to'),(127,'32075938-e3fc-48aa-b114-e5d13cf8601d','b4cc9955-aa3a-42bc-b31d-bb252946b658','o6ADgYUBIuj2nRSlw1Pm','inbox','b4cc9955-aa3a-42bc-b31d-bb252946b658','personal',0,0,1,'2023-01-05 08:19:45','to'),(128,'45e2fcab-1fe4-4aad-b9c2-315d078fb596','a7e8e166-b946-4d53-a736-5304f1664998','MhCV8oUBoG98eK8MR4ov','sent','45e2fcab-1fe4-4aad-b9c2-315d078fb596','personal',0,1,1,'2023-01-27 09:35:47','to'),(130,'45e2fcab-1fe4-4aad-b9c2-315d078fb596','69f8b609-2746-4737-a8de-dce93f42cf07','MhCV8oUBoG98eK8MR4ov','sent','45e2fcab-1fe4-4aad-b9c2-315d078fb596','personal',0,1,1,'2023-01-27 09:35:47','to'),(131,'45e2fcab-1fe4-4aad-b9c2-315d078fb596','69f8b609-2746-4737-a8de-dce93f42cf07','MhCV8oUBoG98eK8MR4ov','inbox','69f8b609-2746-4737-a8de-dce93f42cf07','personal',0,1,1,'2023-01-27 09:35:47','to'),(132,'69f8b609-2746-4737-a8de-dce93f42cf07','45e2fcab-1fe4-4aad-b9c2-315d078fb596','MxCf8oUBoG98eK8MrYpN','sent','69f8b609-2746-4737-a8de-dce93f42cf07','personal',0,0,1,'2023-01-27 09:47:09',NULL),(133,'69f8b609-2746-4737-a8de-dce93f42cf07','45e2fcab-1fe4-4aad-b9c2-315d078fb596','MxCf8oUBoG98eK8MrYpN','inbox','45e2fcab-1fe4-4aad-b9c2-315d078fb596','personal',0,0,1,'2023-01-27 09:47:09','to'),(134,'a7e8e166-b946-4d53-a736-5304f1664998','45e2fcab-1fe4-4aad-b9c2-315d078fb596','NBCf8oUBoG98eK8MuYqD','sent','a7e8e166-b946-4d53-a736-5304f1664998','personal',0,0,1,'2023-01-27 09:47:12',NULL),(135,'a7e8e166-b946-4d53-a736-5304f1664998','45e2fcab-1fe4-4aad-b9c2-315d078fb596','NBCf8oUBoG98eK8MuYqD','inbox','45e2fcab-1fe4-4aad-b9c2-315d078fb596','personal',0,0,1,'2023-01-27 09:47:12','to'),(136,'45e2fcab-1fe4-4aad-b9c2-315d078fb596','a7e8e166-b946-4d53-a736-5304f1664998','NRCg8oUBoG98eK8Mp4qm','sent','45e2fcab-1fe4-4aad-b9c2-315d078fb596','club',1,0,1,'2023-01-27 09:48:13',NULL),(138,'32075938-e3fc-48aa-b114-e5d13cf8601d','b4cc9955-aa3a-42bc-b31d-bb252946b658','FFVAsIkBrT36_fopX5AD','sent','32075938-e3fc-48aa-b114-e5d13cf8601d','personal',0,1,1,'2023-08-01 08:39:16','to'),(139,'32075938-e3fc-48aa-b114-e5d13cf8601d','b4cc9955-aa3a-42bc-b31d-bb252946b658','FFVAsIkBrT36_fopX5AD','inbox','b4cc9955-aa3a-42bc-b31d-bb252946b658','personal',0,0,1,'2023-08-01 08:39:16','to'),(140,'32075938-e3fc-48aa-b114-e5d13cf8601d','a984aff0-3742-4a7f-9865-4172bfb95b53','FFVAsIkBrT36_fopX5AD','sent','32075938-e3fc-48aa-b114-e5d13cf8601d','personal',0,1,1,'2023-08-01 08:39:16','to'),(141,'32075938-e3fc-48aa-b114-e5d13cf8601d','a984aff0-3742-4a7f-9865-4172bfb95b53','FFVAsIkBrT36_fopX5AD','inbox','a984aff0-3742-4a7f-9865-4172bfb95b53','personal',0,0,1,'2023-08-01 08:39:16','to'),(142,'32075938-e3fc-48aa-b114-e5d13cf8601d','104a972f-33b8-4bf2-830e-70ce81ab0d4d','FFVAsIkBrT36_fopX5AD','sent','32075938-e3fc-48aa-b114-e5d13cf8601d','personal',0,1,1,'2023-08-01 08:39:16','to'),(143,'32075938-e3fc-48aa-b114-e5d13cf8601d','104a972f-33b8-4bf2-830e-70ce81ab0d4d','FFVAsIkBrT36_fopX5AD','inbox','104a972f-33b8-4bf2-830e-70ce81ab0d4d','personal',0,0,1,'2023-08-01 08:39:16','to'),(144,'32075938-e3fc-48aa-b114-e5d13cf8601d','e7639b9f-0117-4665-980e-6bd074126f69','FFVAsIkBrT36_fopX5AD','sent','32075938-e3fc-48aa-b114-e5d13cf8601d','personal',0,1,1,'2023-08-01 08:39:16','cc'),(145,'32075938-e3fc-48aa-b114-e5d13cf8601d','e7639b9f-0117-4665-980e-6bd074126f69','FFVAsIkBrT36_fopX5AD','inbox','e7639b9f-0117-4665-980e-6bd074126f69','personal',0,0,1,'2023-08-01 08:39:16','cc'),(146,'32075938-e3fc-48aa-b114-e5d13cf8601d','bd51fd80-cfa5-4982-b4ce-b8daac672a85','FFVAsIkBrT36_fopX5AD','sent','32075938-e3fc-48aa-b114-e5d13cf8601d','personal',0,1,1,'2023-08-01 08:39:16','cc'),(147,'32075938-e3fc-48aa-b114-e5d13cf8601d','bd51fd80-cfa5-4982-b4ce-b8daac672a85','FFVAsIkBrT36_fopX5AD','inbox','bd51fd80-cfa5-4982-b4ce-b8daac672a85','personal',0,0,1,'2023-08-01 08:39:16','cc'),(148,'32075938-e3fc-48aa-b114-e5d13cf8601d','5f1a4bd8-747e-46b1-ab87-8a0b90540492','FFVAsIkBrT36_fopX5AD','sent','32075938-e3fc-48aa-b114-e5d13cf8601d','personal',0,1,1,'2023-08-01 08:39:16','cc'),(149,'32075938-e3fc-48aa-b114-e5d13cf8601d','5f1a4bd8-747e-46b1-ab87-8a0b90540492','FFVAsIkBrT36_fopX5AD','inbox','5f1a4bd8-747e-46b1-ab87-8a0b90540492','personal',0,0,1,'2023-08-01 08:39:16','cc');

--
-- Table structure for table `private_appointment`
--

CREATE TABLE `private_appointment` (
  `id` int unsigned NOT NULL AUTO_INCREMENT,
  `title` varchar(255) NOT NULL,
  `description` text,
  `appointment_id` int NOT NULL,
  `user_id` int NOT NULL,
  PRIMARY KEY (`id`)
) ENGINE=InnoDB DEFAULT CHARSET=utf8mb4 COLLATE=utf8mb4_0900_ai_ci;

--
-- Dumping data for table `private_appointment`
--


--
-- Table structure for table `role`
--

CREATE TABLE `role` (
  `id` int unsigned NOT NULL AUTO_INCREMENT,
  `role_name` varchar(255) NOT NULL,
  `created_at` timestamp NOT NULL DEFAULT CURRENT_TIMESTAMP,
  `updated_at` datetime DEFAULT CURRENT_TIMESTAMP,
  PRIMARY KEY (`id`)
) ENGINE=InnoDB DEFAULT CHARSET=utf8mb4 COLLATE=utf8mb4_0900_ai_ci;

--
-- Dumping data for table `role`
--


--
-- Table structure for table `room_booking`
--

CREATE TABLE `room_booking` (
  `id` int unsigned NOT NULL AUTO_INCREMENT,
  `room_id` int NOT NULL,
  `course_id` int DEFAULT NULL,
  `event_id` int DEFAULT NULL,
  `date_from` varchar(255) NOT NULL,
  `start_time` time NOT NULL,
  `end_time` time NOT NULL,
  PRIMARY KEY (`id`)
) ENGINE=InnoDB DEFAULT CHARSET=utf8mb4 COLLATE=utf8mb4_0900_ai_ci;

--
-- Dumping data for table `room_booking`
--

INSERT INTO `room_booking` VALUES (4,20,NULL,55,'2023-06-24','13:30:00','19:30:00'),(5,20,NULL,55,'2023-06-25','13:30:00','19:30:00'),(6,20,NULL,55,'2023-07-08','13:30:00','19:30:00'),(7,20,NULL,55,'2023-07-09','13:30:00','19:30:00'),(8,20,NULL,55,'2023-07-22','13:30:00','19:30:00'),(9,20,NULL,55,'2023-07-23','13:30:00','19:30:00'),(10,20,NULL,55,'2023-08-05','13:30:00','19:30:00'),(11,20,NULL,55,'2023-08-06','13:30:00','19:30:00'),(12,20,NULL,55,'2023-08-19','13:30:00','19:30:00'),(13,20,NULL,55,'2023-08-20','13:30:00','19:30:00'),(14,20,NULL,55,'2023-09-02','13:30:00','19:30:00'),(15,20,NULL,55,'2023-09-03','13:30:00','19:30:00'),(16,20,NULL,55,'2023-09-16','13:30:00','19:30:00'),(17,20,NULL,55,'2023-09-17','13:30:00','19:30:00'),(18,20,NULL,55,'2023-09-30','13:30:00','19:30:00'),(19,20,NULL,55,'2023-10-01','13:30:00','19:30:00'),(20,20,NULL,55,'2023-10-14','13:30:00','19:30:00'),(21,20,NULL,55,'2023-10-15','13:30:00','19:30:00'),(22,20,NULL,55,'2023-10-28','13:30:00','19:30:00'),(23,20,NULL,55,'2023-10-29','13:30:00','19:30:00'),(38,10,42,NULL,'2023-09-08','15:00:00','18:00:00'),(39,10,42,NULL,'2023-09-11','15:00:00','18:00:00'),(40,13,44,NULL,'2023-09-19','12:00:00','18:00:00'),(41,39,NULL,85,'2023-09-20','12:00:00','17:00:00'),(42,39,NULL,85,'2023-09-25','12:00:00','17:00:00'),(43,39,NULL,85,'2023-09-26','12:00:00','17:00:00'),(44,39,NULL,85,'2023-09-27','12:00:00','17:00:00'),(45,39,NULL,85,'2023-10-02','12:00:00','17:00:00'),(46,39,NULL,85,'2023-10-03','12:00:00','17:00:00'),(47,39,NULL,85,'2023-10-04','12:00:00','17:00:00'),(66,70,98,NULL,'2024-01-15','12:00:00','15:00:00'),(67,70,98,NULL,'2024-01-16','12:00:00','15:00:00'),(68,70,98,NULL,'2024-01-17','12:00:00','15:00:00'),(69,70,98,NULL,'2024-01-18','12:00:00','15:00:00'),(70,70,98,NULL,'2024-01-19','12:00:00','15:00:00'),(71,70,98,NULL,'2024-01-20','12:00:00','15:00:00'),(72,71,105,NULL,'2024-02-22','12:00:00','18:00:00'),(73,71,105,NULL,'2024-02-23','12:00:00','18:00:00'),(74,71,105,NULL,'2024-02-24','12:00:00','18:00:00'),(75,71,105,NULL,'2024-02-25','12:00:00','18:00:00'),(76,70,106,NULL,'2024-02-28','12:00:00','15:00:00'),(78,70,109,NULL,'2024-02-29','12:00:00','15:15:00'),(79,71,115,NULL,'2024-03-06','12:00:00','18:00:00'),(80,70,118,NULL,'2024-03-05','12:00:00','18:00:00'),(81,68,123,NULL,'2024-03-04','12:00:00','17:00:00'),(82,68,123,NULL,'2024-03-05','12:00:00','17:00:00'),(83,68,123,NULL,'2024-03-06','12:00:00','17:00:00'),(84,71,124,NULL,'2024-03-05','12:00:00','18:00:00'),(85,70,131,NULL,'2024-03-06','12:00:00','18:00:00'),(86,71,132,NULL,'2024-03-07','12:00:00','16:00:00'),(106,73,193,NULL,'2024-04-24','14:00:00','15:00:00'),(107,73,193,NULL,'2024-05-01','14:00:00','15:00:00'),(108,73,193,NULL,'2024-05-08','14:00:00','15:00:00'),(109,73,193,NULL,'2024-05-15','14:00:00','15:00:00'),(110,73,193,NULL,'2024-05-22','14:00:00','15:00:00'),(111,73,193,NULL,'2024-05-29','14:00:00','15:00:00'),(112,73,193,NULL,'2024-06-05','14:00:00','15:00:00'),(113,73,193,NULL,'2024-06-12','14:00:00','15:00:00'),(120,114,201,NULL,'2024-04-30','12:00:00','15:00:00'),(121,111,202,NULL,'2024-05-06','12:00:00','18:00:00'),(125,117,210,NULL,'2024-07-15','12:00:00','17:00:00'),(127,117,215,NULL,'2024-08-05','12:00:00','18:00:00'),(128,114,216,NULL,'2024-08-13','12:00:00','17:00:00'),(129,109,219,NULL,'2024-08-19','12:00:00','17:30:00'),(130,109,219,NULL,'2024-08-20','12:00:00','18:00:00'),(132,122,225,NULL,'2024-08-14','13:00:00','19:00:00'),(133,125,227,NULL,'2024-08-12','12:00:00','18:00:00'),(134,125,227,NULL,'2024-08-14','12:00:00','18:00:00'),(135,125,227,NULL,'2024-08-16','12:00:00','18:00:00'),(136,125,227,NULL,'2024-08-19','12:00:00','18:00:00'),(137,125,227,NULL,'2024-08-21','12:00:00','18:00:00'),(138,125,227,NULL,'2024-08-23','12:00:00','18:00:00'),(139,125,227,NULL,'2024-08-26','12:00:00','18:00:00'),(140,125,227,NULL,'2024-08-28','12:00:00','18:00:00'),(141,125,227,NULL,'2024-08-30','12:00:00','18:00:00'),(142,125,227,NULL,'2024-09-02','12:00:00','18:00:00'),(143,125,227,NULL,'2024-09-04','12:00:00','18:00:00'),(144,125,227,NULL,'2024-09-06','12:00:00','18:00:00'),(145,125,227,NULL,'2024-09-09','12:00:00','18:00:00'),(146,125,227,NULL,'2024-09-11','12:00:00','18:00:00'),(147,125,227,NULL,'2024-09-13','12:00:00','18:00:00'),(148,125,227,NULL,'2024-09-16','12:00:00','18:00:00'),(149,125,227,NULL,'2024-09-18','12:00:00','18:00:00'),(150,126,228,NULL,'2024-08-19','12:00:00','18:00:00'),(151,126,228,NULL,'2024-08-27','12:00:00','17:00:00'),(152,127,229,NULL,'2024-08-14','12:00:00','17:00:00'),(156,129,233,NULL,'2024-08-14','12:00:00','18:00:00'),(157,129,235,NULL,'2024-08-26','12:00:00','17:00:00'),(158,129,238,NULL,'2024-08-28','12:00:00','17:00:00'),(159,129,239,NULL,'2024-08-27','12:00:00','17:00:00'),(160,20,241,NULL,'2024-10-12','11:00:00','12:00:00'),(161,132,252,NULL,'2024-11-27','12:00:00','18:00:00'),(162,132,252,NULL,'2024-11-28','12:00:00','18:00:00'),(163,132,252,NULL,'2024-11-29','12:00:00','18:00:00'),(164,132,252,NULL,'2024-11-30','12:00:00','18:00:00'),(165,132,252,NULL,'2024-12-01','12:00:00','18:00:00'),(166,132,252,NULL,'2024-12-02','12:00:00','18:00:00'),(167,132,252,NULL,'2024-12-03','12:00:00','18:00:00'),(168,132,252,NULL,'2024-12-04','12:00:00','18:00:00'),(169,132,252,NULL,'2024-12-05','12:00:00','18:00:00'),(170,132,252,NULL,'2024-12-06','12:00:00','18:00:00'),(171,132,252,NULL,'2024-12-07','12:00:00','18:00:00'),(172,132,252,NULL,'2024-12-08','12:00:00','18:00:00'),(173,132,252,NULL,'2024-12-09','12:00:00','18:00:00'),(174,132,252,NULL,'2024-12-10','12:00:00','18:00:00'),(175,132,252,NULL,'2024-12-11','12:00:00','18:00:00'),(176,132,252,NULL,'2024-12-12','12:00:00','18:00:00'),(177,132,252,NULL,'2024-12-13','12:00:00','18:00:00'),(178,132,252,NULL,'2024-12-14','12:00:00','18:00:00'),(179,132,252,NULL,'2024-12-15','12:00:00','18:00:00'),(180,136,261,NULL,'2025-03-24','13:00:00','17:00:00'),(181,133,262,NULL,'2025-06-30','13:00:00','16:00:00'),(182,133,262,NULL,'2025-07-07','13:00:00','16:00:00'),(183,133,262,NULL,'2025-07-14','13:00:00','16:00:00'),(184,133,262,NULL,'2025-07-21','13:00:00','16:00:00'),(185,133,262,NULL,'2025-07-28','13:00:00','16:00:00'),(186,137,263,NULL,'2025-06-30','13:00:00','19:00:00'),(187,137,263,NULL,'2025-07-07','13:00:00','19:00:00'),(188,137,263,NULL,'2025-07-14','13:00:00','19:00:00'),(189,137,263,NULL,'2025-07-21','13:00:00','19:00:00'),(190,137,263,NULL,'2025-07-28','13:00:00','19:00:00'),(191,137,263,NULL,'2025-08-04','13:00:00','19:00:00'),(192,137,263,NULL,'2025-08-11','13:00:00','19:00:00'),(193,137,263,NULL,'2025-08-18','13:00:00','19:00:00'),(194,137,263,NULL,'2025-08-25','13:00:00','19:00:00'),(195,137,263,NULL,'2025-09-01','13:00:00','19:00:00'),(196,137,263,NULL,'2025-09-08','13:00:00','19:00:00'),(197,137,263,NULL,'2025-09-15','13:00:00','19:00:00'),(198,137,263,NULL,'2025-09-22','13:00:00','19:00:00'),(199,137,263,NULL,'2025-09-29','13:00:00','19:00:00'),(200,137,263,NULL,'2025-10-06','13:00:00','19:00:00'),(201,137,263,NULL,'2025-10-13','13:00:00','19:00:00'),(202,137,263,NULL,'2025-10-20','13:00:00','19:00:00'),(203,137,263,NULL,'2025-10-27','13:00:00','19:00:00'),(204,137,263,NULL,'2025-11-03','13:00:00','19:00:00'),(205,137,263,NULL,'2025-11-10','13:00:00','19:00:00'),(206,137,263,NULL,'2025-11-17','13:00:00','19:00:00'),(207,137,264,NULL,'2025-12-01','14:00:00','18:00:00'),(208,137,264,NULL,'2025-12-08','14:00:00','18:00:00'),(209,137,264,NULL,'2025-12-15','14:00:00','18:00:00'),(210,137,264,NULL,'2025-12-22','14:00:00','18:00:00');

--
-- Table structure for table `room_tags`
--

CREATE TABLE `room_tags` (
  `id` int unsigned NOT NULL AUTO_INCREMENT,
  `room_id` int unsigned DEFAULT NULL,
  `tag_id` int unsigned DEFAULT NULL,
  PRIMARY KEY (`id`),
  KEY `room_tags1_room_id_foreign` (`room_id`),
  KEY `room_tags1_tag_id_foreign` (`tag_id`),
  CONSTRAINT `room_tags1_room_id_foreign` FOREIGN KEY (`room_id`) REFERENCES `rooms` (`id`) ON DELETE CASCADE,
  CONSTRAINT `room_tags1_tag_id_foreign` FOREIGN KEY (`tag_id`) REFERENCES `tags` (`id`) ON DELETE CASCADE
) ENGINE=InnoDB DEFAULT CHARSET=utf8mb4 COLLATE=utf8mb4_0900_ai_ci;

--
-- Dumping data for table `room_tags`
--

INSERT INTO `room_tags` VALUES (32,61,28),(33,61,22),(43,41,34),(56,37,22),(67,33,75),(68,70,40),(70,71,67),(71,68,12),(72,68,22),(75,72,219),(76,73,220),(77,73,125),(79,75,233),(80,76,234),(81,77,235),(87,80,235),(88,79,235),(92,74,232),(98,89,234),(100,78,235),(103,93,260),(125,109,233),(126,109,235),(128,111,235),(133,120,321);

--
-- Table structure for table `rooms`
--

CREATE TABLE `rooms` (
  `id` int unsigned NOT NULL AUTO_INCREMENT,
  `name` varchar(255) NOT NULL,
  `no_of_persons` int DEFAULT NULL,
  `type` int NOT NULL DEFAULT '0',
  `price` varchar(255) DEFAULT NULL,
  `active_from` varchar(255) DEFAULT NULL,
  `active_to` varchar(255) DEFAULT NULL,
  `description` text,
  `image` varchar(500) DEFAULT NULL,
  `team_id` int DEFAULT NULL,
  `author` varchar(155) DEFAULT NULL,
  `phone_no` varchar(20) NOT NULL,
  `tags` longtext,
  `approved_status` tinyint DEFAULT NULL,
  `approved_by` int DEFAULT NULL,
  `is_read` tinyint NOT NULL DEFAULT '0',
  `updated_record` longtext,
  `update_image_url` varchar(500) DEFAULT NULL,
  `update_approved_status` tinyint DEFAULT NULL,
  `deny_reason` text,
  `deny_by_id` int DEFAULT NULL,
  `is_image_converted` int NOT NULL DEFAULT '0',
  `room_address` varchar(255) CHARACTER SET utf8mb4 COLLATE utf8mb4_0900_ai_ci NOT NULL,
  `room_email` varchar(255) NOT NULL,
  `created_at` timestamp NOT NULL DEFAULT CURRENT_TIMESTAMP,
  `updated_at` timestamp NOT NULL DEFAULT CURRENT_TIMESTAMP ON UPDATE CURRENT_TIMESTAMP,
  PRIMARY KEY (`id`)
) ENGINE=InnoDB DEFAULT CHARSET=utf8mb4 COLLATE=utf8mb4_0900_ai_ci;

--
-- Dumping data for table `rooms`
--

INSERT INTO `rooms` VALUES (1,'Vereinsraum 01',50,0,NULL,'2023-06-21','2024-06-21','Vereinsraum f&#252;r jegliche Vereinsveranstaltungen.<br>','https://minio.staging.verein.cloud/tineon/Leipzig/2022/September/Images/Meeting.jpg',141,NULL,'',NULL,NULL,NULL,0,NULL,NULL,NULL,NULL,NULL,1,'','','2022-09-27 08:46:26','2023-08-04 10:34:57'),(2,'hotel room mashal',10,0,NULL,'2023-06-21','2024-06-21','<font face=\"Arial\" size=\"2\">testing</font>','https://minio.staging.verein.cloud/tineon/Leipzig/2022/September/Images/clem-onojeghuo-4.jpg',141,NULL,'',NULL,NULL,NULL,0,NULL,NULL,NULL,NULL,NULL,1,'','','2022-09-29 09:38:54','2023-08-04 10:34:56'),(3,'badroom',2,0,NULL,'2023-06-21','2024-06-21','<font face=\"Arial\" size=\"2\">testing</font>','https://minio.staging.verein.cloud/tineon/Leipzig/2022/October/Images/jan-sendereks.jpg',141,NULL,'',NULL,NULL,NULL,0,NULL,NULL,NULL,NULL,NULL,1,'','','2022-10-04 09:37:40','2023-08-04 10:34:54'),(4,'Room 1',1,0,NULL,'2023-06-21','2024-06-21','<font face=\"Arial\" size=\"2\">AXS</font>','https://minio.staging.verein.cloud/tineon/Leipzig/2022/October/Images/download.jpg',1690,NULL,'',NULL,NULL,NULL,0,NULL,NULL,NULL,NULL,NULL,1,'','','2022-10-05 06:15:42','2023-08-04 10:34:54'),(5,'meyar ',15,0,NULL,'2023-06-21','2024-06-21','<font face=\"Arial\" size=\"2\">tesitng</font>','https://minio.staging.verein.cloud/tineon/Leipzig/2022/October/Images/ayo-ogunseinde-2.jpg',1690,NULL,'',NULL,NULL,NULL,0,NULL,NULL,NULL,NULL,NULL,1,'','','2022-10-06 09:11:37','2023-08-04 10:34:53'),(6,'Delux Room',2,0,NULL,'2023-06-21','2024-06-21','<font face=\"Arial\" size=\"2\">test</font>','https://minio.staging.verein.cloud/tineon/Leipzig/2022/October/Images/Social.jpg.webp',141,NULL,'',NULL,NULL,NULL,0,NULL,NULL,NULL,NULL,NULL,1,'','','2022-10-21 05:25:31','2023-08-04 10:34:52'),(10,'Mango IT Room',10,0,NULL,'2023-06-09','2024-07-09','<p>Lorem ipsum dolor sit amet. A omnis natus vel pariatur cumque et vero reprehenderit. Vel similique enim non harum fugit et fuga magnam. Eum quaerat eveniet aut eveniet tenetur ut blanditiis nulla hic voluptatem aliquid est incidunt ullam est neque voluptatum.</p><p>Cum pariatur quod et iure tempore qui minus deserunt sed sint tempora rem natus enim et omnis accusantium. Et voluptatibus magni ut dolorem molestiae ut placeat porro rem dolore impedit! Aut voluptatem omnis a ullam labore id dolores iure 33 omnis alias!</p>','https://minio.staging.verein.cloud/tineon/Leipzig/2023/February/Images/christopher-gower-m_HRfLhgABo-unsplash.jpg',141,'1','',NULL,1,NULL,0,NULL,NULL,1,NULL,NULL,1,'','','2023-02-16 12:49:38','2023-08-04 10:34:09'),(11,'Aviation Simulation',3,0,NULL,'2023-06-09','2024-06-09','frdeferdfgderggdr','https://minio.staging.verein.cloud/tineon/Leipzig/2023/March/Images/pexels-captsopon-3469825.jpg',141,'8','',NULL,1,1,0,NULL,NULL,1,NULL,NULL,1,'123 street','test22@mail.com','2023-03-17 05:04:19','2023-11-02 13:38:37'),(13,'Red flag',12,0,NULL,'2023-06-09','2024-06-05','Music Room','https://minio.staging.verein.cloud/tineon/Leipzig/2023/August/Documents/Bildschirm%C2%ADfoto%202023-03-18%20um%2009.38.55.png',141,'9','',NULL,1,1,0,NULL,NULL,1,NULL,NULL,1,'','','2023-03-17 06:28:38','2023-08-14 09:42:28'),(14,'Rasenplatz',50,0,NULL,'2023-06-21','2024-06-21','<font face=\"Arial\" size=\"2\">Hybridrasen</font>','https://minio.staging.verein.cloud/tineon/Leipzig/2023/March/Documents/Bildschirm%C2%ADfoto%202023-03-18%20um%2009.38.06.png',2830,'32','',NULL,1,NULL,0,NULL,NULL,1,NULL,NULL,1,'','','2023-03-20 08:08:53','2023-08-04 10:34:04'),(15,'Tennisplatz',10,0,NULL,'2023-06-21','2024-06-21','<font face=\"Arial\" size=\"2\">Tennisplatz</font>','https://minio.staging.verein.cloud/tineon/Leipzig/2023/March/Images/Tennis.jpeg',2830,'32','',NULL,1,NULL,0,NULL,NULL,1,NULL,NULL,1,'','','2023-03-20 08:18:29','2023-08-04 10:34:02'),(16,'MangoIt Meeting Room',20,0,NULL,'2023-06-21','2024-06-21','<span>Qui dicta illum qui mollitia molestiae aut quam incidunt ut dolore sunt qui veritatis aliquid? Et soluta explicabo aut dignissimos dolor qui obcaecati earum aut laboriosam cumque et voluptatem commodi.</span>','https://minio.staging.verein.cloud/tineon/Leipzig/2023/March/Images/news-sm-3.png',2810,'30','',NULL,1,NULL,0,NULL,NULL,NULL,NULL,NULL,1,'','','2023-03-23 04:19:26','2023-08-04 10:34:01'),(20,'Car show',1000,0,NULL,'2023-06-15','2024-12-31','<p>An&#160;<b>auto show</b>, also known as a&#160;<b>motor show</b>&#160;or&#160;<b>car show</b>, is a public exhibition of current&#160;<a href=\"https://en.wikipedia.org/wiki/Automobile\" class=\"mw-redirect\" title=\"Automobile\">automobile</a>&#160;models, debuts,&#160;<a href=\"https://en.wikipedia.org/wiki/Concept_car\" title=\"Concept car\">concept cars</a>, or out-of-production classics. It is attended by&#160;<a href=\"https://en.wikipedia.org/wiki/Automotive_industry\" title=\"Automotive industry\">automotive industry</a>&#160;representatives, dealers, auto journalists and car enthusiasts. Most auto shows occur once or twice a year. They are important to car manufacturers and local dealers as a public relations exercise, as they advertise new products and promote auto brands. The five most prestigious auto shows, sometimes called the &#34;<b>Big Five</b>&#34;, are generally considered to be held in&#160;<a href=\"https://en.wikipedia.org/wiki/International_Motor_Show_Germany\" title=\"International Motor Show Germany\">Frankfurt</a>,&#160;<a href=\"https://en.wikipedia.org/wiki/Geneva_Motor_Show\" class=\"mw-redirect\" title=\"Geneva Motor Show\">Geneva</a>,&#160;<a href=\"https://en.wikipedia.org/wiki/North_American_International_Auto_Show\" title=\"North American International Auto Show\">Detroit</a>,&#160;<a href=\"https://en.wikipedia.org/wiki/Paris_Motor_Show\" title=\"Paris Motor Show\">Paris</a>&#160;and&#160;<a href=\"https://en.wikipedia.org/wiki/Tokyo_Motor_Show\" title=\"Tokyo Motor Show\">Tokyo</a>.<sup class=\"reference\"><a href=\"https://en.wikipedia.org/wiki/Auto_show#cite_note-1\">[1]</a></sup>&#160;Car enthusiast communities along the historic&#160;<a href=\"https://en.wikipedia.org/wiki/U.S._Route_66\" title=\"U.S. Route 66\">U.S. Route 66</a>&#160;are credited with general popularization of car meets, including ethnic groups such as the&#160;<a href=\"https://en.wikipedia.org/wiki/Hispanos_of_New_Mexico\" title=\"Hispanos of New Mexico\">Hispanos of New Mexico</a>,<sup class=\"reference\"><a href=\"https://en.wikipedia.org/wiki/Auto_show#cite_note-Usner_2016_p.-2\">[2]</a></sup>&#160;<a href=\"https://en.wikipedia.org/wiki/Chicano\" title=\"Chicano\">Chicanos</a>,<sup class=\"reference\"><a href=\"https://en.wikipedia.org/wiki/Auto_show#cite_note-Tatum_2011_p.-3\">[3]</a></sup>&#160;and&#160;<a href=\"https://en.wikipedia.org/wiki/Mexican-Americans\" class=\"mw-redirect\" title=\"Mexican-Americans\">Mexican-Americans</a>&#160;of the&#160;<a href=\"https://en.wikipedia.org/wiki/Southwestern_United_States\" title=\"Southwestern United States\">Southwestern United States</a>;<sup class=\"reference\"><a href=\"https://en.wikipedia.org/wiki/Auto_show#cite_note-Carpio_2019_p._1-4\">[4]</a></sup>&#160;<a href=\"https://en.wikipedia.org/wiki/Lowrider\" title=\"Lowrider\">lowrider</a>,&#160;<a href=\"https://en.wikipedia.org/wiki/High_technology\" class=\"mw-redirect\" title=\"High technology\">high technology</a>,<sup class=\"reference\"><a href=\"https://en.wikipedia.org/wiki/Auto_show#cite_note-GeekWire_2020-5\">[5]</a></sup>&#160;<a href=\"https://en.wikipedia.org/wiki/Electric_vehicle\" title=\"Electric vehicle\">electric vehicle</a>,<sup class=\"reference\"><a href=\"https://en.wikipedia.org/wiki/Auto_show#cite_note-San_Francisco_Auto_Show_2019-6\">[6]</a></sup>&#160;and other enthusiast show, are popular in&#160;<a href=\"https://en.wikipedia.org/wiki/Los_Angeles\" title=\"Los Angeles\">Los Angeles</a>,&#160;<a href=\"https://en.wikipedia.org/wiki/Las_Vegas\" title=\"Las Vegas\">Las Vegas</a>,&#160;<a href=\"https://en.wikipedia.org/wiki/Albuquerque\" class=\"mw-redirect\" title=\"Albuquerque\">Albuquerque</a>,&#160;<a href=\"https://en.wikipedia.org/wiki/San_Francisco\" title=\"San Francisco\">San Francisco</a>, and&#160;<a href=\"https://en.wikipedia.org/wiki/Chicago\" title=\"Chicago\">Chicago</a>&#160;for this reason.<sup class=\"reference\"><a href=\"https://en.wikipedia.org/wiki/Auto_show#cite_note-Low_Rider_1999_p.-7\">[7]</a></sup><sup class=\"reference\"><a href=\"https://en.wikipedia.org/wiki/Auto_show#cite_note-Chappell_2012_p.-8\">[8]</a></sup></p><p>Some auto shows show besides cars all sorts of other vehicles. The types of vehicles can include&#160;<a href=\"https://en.wikipedia.org/wiki/Bus\" title=\"Bus\">buses</a>,&#160;<a href=\"https://en.wikipedia.org/wiki/Truck\" title=\"Truck\">trucks</a>&#160;and all other types of vehicles such as&#160;<a href=\"https://en.wikipedia.org/wiki/Auto_Expo\" title=\"Auto Expo\">Auto Expo</a>&#160;in Delhi brings a variety of vehicles ranging from private to commercial.</p>','https://minio.staging.verein.cloud/tineon/Leipzig/2023/June/Images/pexels-jose-mueses-1280560.jpg',141,'1','',NULL,1,NULL,0,NULL,NULL,NULL,NULL,NULL,1,'','','2023-06-12 05:00:52','2023-08-04 10:33:56'),(24,'Ray Sin',50,0,NULL,'2023-08-29','2023-09-10','<span>Lorem ipsum dolor sit amet. Aut voluptas amet est voluptas laudantium sit quaerat eaque sed galisum veritatis sed fugit modi aut ducimus distinctio sit eveniet molestiae. Ad vitae ipsam et fuga debitis et officiis fugiat est alias excepturi ut tempore cumque est quaerat sapiente.</span>','https://minio.staging.verein.cloud/tineon/Leipzig/2023/August/Documents/Bildschirm%C2%ADfoto%202023-03-18%20um%2009.37.50.png',141,'9','',NULL,1,1,0,NULL,NULL,NULL,NULL,NULL,0,'','','2023-08-29 13:34:48','2024-03-08 13:35:47'),(27,'Doulour room ',10,0,NULL,'2023-09-08','2023-09-30','<span>Lorem ipsum dolor sit amet. Ut libero nulla sit soluta enim est maiores recusandae! Aut commodi quos aut modi voluptatum et voluptas fugit non sint galisum. Et neque alias vel quisquam animi in assumenda libero sit sunt aliquid qui provident illum sed fuga temporibus ut voluptatum illo. In amet similique est molestias cupiditate et molestiae doloremque.</span>','https://minio.staging.verein.cloud/tineon/Leipzig/2023/September/Documents/Bildschirm%C2%ADfoto%202023-03-18%20um%2009.39.46.png',141,'1','',NULL,1,NULL,0,NULL,NULL,1,NULL,NULL,0,'abc street','abc@a.b','2023-09-08 12:20:36','2023-09-08 12:20:36'),(28,'Hybrid Ideas',10,0,NULL,'2023-09-14','2023-09-30','<span>Lorem ipsum dolor sit amet. Qui voluptas neque in maiores rerum aut quia nihil sit saepe perferendis eum pariatur quis et quibusdam eligendi! Nam voluptatem ducimus non pariatur doloremque aut aperiam nemo ut quia saepe est eius sapiente qui dolore porro.</span>','https://minio.staging.verein.cloud/tineon/Leipzig/2023/September/Images/pegasus_horse_wings_63059_1280x720.jpg',141,'9','',NULL,1,1,1,NULL,NULL,0,NULL,NULL,0,'15/4 Backyard street, London','hybrid@mail.com','2023-09-14 11:32:21','2023-10-25 07:48:21'),(30,'Making It Memento',12,0,NULL,'2023-09-14','2023-09-30','<span>Lorem ipsum dolor sit amet. Est ducimus libero rem iure consequatur vel libero debitis ab sunt itaque ad eius veritatis sit suscipit galisum et suscipit error. Ex modi rerum aut nulla vero vel animi aliquam eum pariatur nostrum et magni dolor. Aut libero ullam aut corporis nemo est quod ducimus.</span>','https://minio.staging.verein.cloud/tineon/Leipzig/2023/September/Images/key_daisies_inscription_119219_1280x720.jpg',141,'6','',NULL,0,NULL,0,NULL,NULL,NULL,NULL,NULL,0,'ryan over make street','moment@mail.com','2023-09-14 14:02:15','2023-09-14 14:02:15'),(31,'Charity Fundraiser',21,0,NULL,'2023-09-15','2023-09-30','<span>Lorem ipsum dolor sit amet. Et earum Quis aut iusto dolorem aut iusto aperiam et praesentium debitis est possimus debitis vel perspiciatis quas non perferendis consequuntur. Eos ratione quam ad nisi dolorum id quasi nihil. Aut modi dolorum qui necessitatibus eligendi et voluptatem odio hic voluptatibus pariatur.</span>','https://minio.staging.verein.cloud/tineon/Leipzig/2023/September/Images/road_asphalt_marking_130996_1024x768.jpg',141,'1','',NULL,1,NULL,0,NULL,NULL,NULL,NULL,NULL,0,'12/4 Taco Brllo street','charity@mailinator.com','2023-09-15 05:28:00','2023-09-15 05:28:00'),(32,'Qui ipsam culpa volu',10,0,NULL,'2014-01-23','1997-03-08','Eaque ullamco in ape.gterggyfrgy','https://minio.staging.verein.cloud/tineon/Leipzig/2023/September/Images/kitten_lying_striped_102741_1280x720.jpg',141,'1','',NULL,1,NULL,0,NULL,NULL,NULL,NULL,NULL,0,'Excepteur et incidid','Assumenda@mail.com','2023-09-15 05:32:33','2023-09-15 05:32:33'),(33,'Vitae modi ducimus ',10,0,NULL,'2023-11-21','2023-11-30','Consectetur est culp.<font face=\"Arial\" size=\"2\">werwer</font>','https://minio.staging.verein.cloud/tineon/Leipzig/2023/September/Images/S-Verein_01.jpeg',141,'1','2589631455',NULL,1,NULL,0,NULL,NULL,1,NULL,NULL,0,'Eu explicabo Ullamc','test123@mailinator.com','2023-09-15 05:34:34','2023-09-15 05:34:34'),(34,'Cillum non iste volu',5,0,NULL,'2023-06-26','2017-11-23','Reiciendis dolore es.hjklhjkl','https://minio.staging.verein.cloud/tineon/Leipzig/2023/September/Documents/Bildschirm%C2%ADfoto%202023-03-18%20um%2009.39.09.png',141,'1','',NULL,1,NULL,0,NULL,NULL,1,NULL,NULL,0,'Quidem dolore molest','work@masil.com','2023-09-15 14:20:54','2023-09-15 14:20:54'),(35,'Garage ',50,0,NULL,'2023-09-18','2024-10-31','<div><span class=\"ILfuVd\" lang=\"en\"><span class=\"hgKElc\">By about 1912, architects were hailing the invention of this \'new kind of outbuilding\' and calling it a garage; <b>a word derived from the French word garer, which means to shelter or protect</b>. In some towns, large, privately owned garages were constructed, and automobile owners rented space for their car.</span></span></div><div><span class=\"ILfuVd\" lang=\"en\"><span class=\"hgKElc\"><br></span></span></div><div>Residential garages typically have space for one or two <a href=\"https://en.wikipedia.org/wiki/Car\" title=\"Car\">cars</a>,&#10; although three-car garages are used. When a garage is attached to a &#10;house, the garage typically has an entry door into the house, called the&#10; <i>person door</i> or <i>man door</i>, in contrast with the wider and taller door for vehicles, called the <a href=\"https://en.wikipedia.org/wiki/Garage_door\" title=\"Garage door\">garage door</a>,&#10; which can be raised to permit the entry and exit of a vehicle and then &#10;closed to secure the vehicle. A garage protects a vehicle from &#10;precipitation, and, if it is equipped with a locking garage door, it &#10;also protects the vehicle(s) from theft and vandalism. Most garages also&#10; serve multifunction duty as <a href=\"https://en.wikipedia.org/wiki/Workshop\" title=\"Workshop\">workshops</a>&#10; for a variety of projects, including painting, woodworking, and &#10;assembly. Garages also may be used for other purposes as well, such as &#10;storage or entertainment. &#10;</div>','https://minio.staging.verein.cloud/tineon/Leipzig/2023/September/Images/pexels-cottonbro-studio-4480505.jpg',141,'1','',NULL,1,NULL,0,NULL,NULL,1,NULL,NULL,0,'128, ELM street, New York','garage@mailinator.com','2023-09-18 05:53:58','2023-09-18 05:53:58'),(36,'Venue Horizon',200,0,NULL,'2023-09-18','2023-09-30','<span>Lorem ipsum dolor sit amet. Ea error iste et officiis assumenda ea eligendi mollitia! Qui atque consectetur eum asperiores nesciunt et nesciunt quisquam aut alias incidunt non nihil recusandae non voluptas corporis sit doloribus error. Qui voluptatem debitis nam sunt inventore qui voluptatem molestiae et illo internos.</span>','https://minio.staging.verein.cloud/tineon/Leipzig/2023/September/Images/cherries_berries_basket_400566_1024x768.jpg',141,'1','',NULL,1,NULL,0,NULL,NULL,1,NULL,NULL,0,'12.45 Vocal Road, Melbourne','vvenue@mailinator.com','2023-09-18 06:30:57','2023-09-18 06:30:57'),(37,'Fantasy Studio',50,0,NULL,'2023-09-18','2023-09-30','<span>Lorem ipsum dolor sit amet. Ea voluptatum neque ad earum dolor a possimus voluptatum et galisum quod ut voluptas consequuntur. Ut vitae doloribus et dolores dolores sit sapiente accusamus ab natus dolor. Eum voluptatem quisquam quo earum aliquid vel quisquam atque vel officia quidem.</span>','https://minio.staging.verein.cloud/tineon/Leipzig/2023/September/Images/v-logo.png',141,'7','2589634752',NULL,1,NULL,0,NULL,NULL,1,NULL,NULL,0,'112 xyz street','Fantasy223@mailinator.com','2023-09-18 06:40:46','2023-09-18 06:40:46'),(38,'Room Riots',50,0,NULL,'2023-09-19','2023-10-08','<span>Lorem ipsum dolor sit amet. Cum dolorum accusantium rem eligendi sapiente rem expedita galisum? At fuga cumque eos dolor reprehenderit ab eligendi eveniet 33 quod molestiae.</span>','https://minio.staging.verein.cloud/tineon/Leipzig/2023/September/Images/toyota_supra_toyota_sportscar_139781_1024x768.jpg',141,'1','',NULL,1,NULL,0,NULL,NULL,1,NULL,NULL,0,'12/4 greek street','reportRiots@mailinator.com','2023-09-19 04:44:07','2023-09-19 04:44:07'),(39,'Ammunition Room',500,1,NULL,'2023-09-19','2024-09-19','<p>The purpose of ammunition is to project a force against a selected <a href=\"https://en.wikipedia.org/wiki/Targeting_(warfare)\" title=\"Targeting (warfare)\">target</a> to have an effect (usually, but not always, lethal). An example of ammunition is the firearm <a href=\"https://en.wikipedia.org/wiki/Cartridge_(firearms)\" title=\"Cartridge (firearms)\">cartridge</a>,&#10; which includes all components required to deliver the weapon effect in a&#10; single package. Until the 20th century, black powder was the most &#10;common propellant used but has now been replaced in nearly all cases by &#10;modern compounds.&#10;</p><p>Ammunition comes in a great range of sizes and types and is often&#10; designed to work only in specific weapons systems. However, there are &#10;internationally recognized standards for certain ammunition types (e.g.,&#10; <a href=\"https://en.wikipedia.org/wiki/5.56%C3%9745mm_NATO\" title=\"5.56&#215;45mm NATO\">5.56&#215;45mm NATO</a>)&#10; that enable their use across different weapons and by different users. &#10;There are also specific types of ammunition that are designed to have a &#10;specialized effect on a target, such as <a href=\"https://en.wikipedia.org/wiki/Armor-piercing_shell\" class=\"mw-redirect\" title=\"Armor-piercing shell\">armor-piercing shells</a> and <a href=\"https://en.wikipedia.org/wiki/Tracer_ammunition\" title=\"Tracer ammunition\">tracer ammunition</a>,&#10; used only in certain circumstances. Ammunition is commonly labeled or &#10;colored in a specific manner to assist in its identification and to &#10;prevent the wrong ammunition types from being used accidentally or &#10;inappropriately.&#10;</p>','https://minio.staging.verein.cloud/tineon/Leipzig/2023/September/Images/pexels-stephen-andrews-9747129.jpg',141,'8','',NULL,1,1,0,NULL,NULL,1,NULL,NULL,0,'3a, Behrendtstr, Eckhardt-Reichel-Platz 91a, Baden-Württemberg, Büren','ammunation@mailinator.com','2023-09-19 05:10:51','2023-11-08 11:04:34'),(41,'Flag Test ',10,1,NULL,'2023-11-08','2023-11-26','<font face=\"Arial\" size=\"2\">test descrioption</font>','https://minio.staging.verein.cloud/tineon/Leipzig/2023/November/Documents/Bildschirm%C2%ADfoto%202023-03-18%20um%2009.38.55.png',141,'1','7859837647','[\"bay\",\"xyz room\"]',1,NULL,0,NULL,NULL,1,NULL,NULL,0,'123 street','flag@mailinator.com','2023-11-06 14:48:51','2023-11-06 14:48:51'),(61,'The Insight Studio',55,1,NULL,'2023-11-19','2023-11-30','<span>Lorem ipsum dolor sit amet. Aut nisi voluptas et maiores ipsum aut natus ipsum vel corporis suscipit. Et magnam deleniti et nihil veniam non porro obcaecati est eaque consequuntur in distinctio obcaecati non adipisci aspernatur. Ad distinctio maxime sed delectus nisi et voluptatem consequuntur et nihil culpa in quia dolorum hic sunt assumenda sit veniam quod? Et reprehenderit aliquid hic dolores dolores a iure laborum in recusandae expedita ut aliquam dolores qui iure aspernatur.</span>','https://minio.staging.verein.cloud/tineon/Leipzig/2023/November/Images/hourglass_stones_blur_120797_1280x720.jpg',141,'1','7418529639',NULL,1,NULL,0,NULL,NULL,1,NULL,NULL,0,'123 Que street','insight@mailinator.com','2023-11-15 13:37:54','2023-11-15 13:37:54'),(68,'Profit Pioneers',6,0,NULL,'2023-11-18','2023-11-30','<strong>Lorem Ipsum</strong><span>&#160;is simply dummy text of the printing and typesetting industry. Lorem Ipsum has been the industry\'s standard dummy text ever since the 1500s, when an unknown printer took a galley of type and scrambled it to make a type specimen book. It has survived not only five centuries, but also the leap into electronic typesetting, remaining essentially unchanged. It was popularised in the 1960s with the release of Letraset sheets containing Lorem Ipsum passages, and more recently with desktop publishing software like Aldus PageMaker including versions of Lorem Ipsum</span>','https://minio.staging.verein.cloud/tineon/Leipzig/2023/November/Images/ball_smile_happy_123773_1280x720.jpg',141,'1','5632145263',NULL,1,NULL,0,NULL,NULL,1,NULL,NULL,0,'Indore','manish.mangoit@gmail.com','2023-11-18 12:39:43','2023-11-18 12:39:43'),(70,'Dolores eligendi atq',5,0,NULL,'2023-11-21','2024-02-29','','https://minio.staging.verein.cloud/tineon/Leipzig/2023/November/Images/Screenshot_14.png',141,'1','4589632147',NULL,1,NULL,0,NULL,NULL,NULL,NULL,NULL,0,'Dolore reprehenderit','bunuw@mailinator.com','2023-11-21 13:24:45','2023-11-21 13:24:45'),(71,'Molestiae pariatur ',3,0,NULL,'2023-11-22','2023-12-30','<span>Lorem ipsum dolor sit amet. Ea error iste et officiis assumenda ea eligendi mollitia! Qui atque consectetur eum asperiores nesciunt et nesciunt quisquam aut alias incidunt non nihil recusandae non voluptas corporis sit doloribus error. Qui voluptatem debitis nam sunt inventore qui voluptatem molestiae et illo internos.</span>','https://minio.staging.verein.cloud/tineon/Leipzig/2023/November/Images/Screenshot_13.png',141,'1','7412589632',NULL,1,NULL,0,NULL,NULL,1,NULL,NULL,0,'Perferendis rem perf','fadirysu@mailinator.com','2023-11-22 07:59:11','2023-11-22 07:59:11'),(72,'Foyer',10,0,NULL,NULL,NULL,'room','https://minio.staging.verein.cloud/tineon/Leipzig/2024/March/Images/kitten_lying_striped_102741_1280x720.jpg',141,'1','9587458625',NULL,1,NULL,0,NULL,NULL,1,NULL,NULL,0,'tets','foyer@yopmail.com','2024-03-07 06:51:34','2024-03-07 06:51:34'),(73,'33 dolorum ',10,0,NULL,NULL,NULL,'<span>Lorem ipsum dolor sit amet. At minima quam qui similique voluptatibus est doloribus quia a repellat cumque non cumque perspiciatis est saepe repellat! Est perferendis aperiam 33 dolorum sequi et repellendus temporibus et dicta nulla.</span>','https://minio.staging.verein.cloud/tineon/Leipzig/2024/March/Images/S-Verein_01.jpeg',141,'1','0220054622',NULL,1,NULL,0,NULL,NULL,NULL,NULL,NULL,0,'123 bkyc street','dolorum@mailinator.com','2024-03-07 08:01:02','2024-03-07 08:01:02'),(74,'Majestic Room',10,0,NULL,NULL,NULL,'<span>Lorem ipsum dolor sit amet. Est repudiandae earum et veritatis commodi eos maxime minus eum optio quos. Aut laborum pariatur eos itaque alias et vitae alias est molestiae error.</span><span>Lorem ipsum dolor sit amet. Est repudiandae earum et veritatis commodi eos maxime minus eum optio quos. Aut laborum pariatur eos itaque alias et vitae alias est molestiae error.</span>','https://minio.staging.verein.cloud/tineon/Leipzig/2024/March/Documents/Bildschirm%C2%ADfoto%202023-03-18%20um%2009.39.55.png',9533,'49','2520231221',NULL,1,NULL,0,NULL,NULL,1,NULL,NULL,0,'16/2 kyc street','maj101@mailinator.com','2024-03-13 10:23:42','2024-03-13 10:23:42'),(75,'Convo cremeony room',4,0,NULL,NULL,NULL,'<span>Lorem ipsum dolor sit amet. Est repudiandae earum et veritatis commodi eos maxime minus eum optio quos. Aut laborum pariatur eos itaque alias et vitae alias est molestiae error.</span><span>Lorem ipsum dolor sit amet. Est repudiandae earum et veritatis commodi eos maxime minus eum optio quos. Aut laborum pariatur eos itaque alias et vitae alias est molestiae error.</span>','https://minio.staging.verein.cloud/tineon/Leipzig/2024/March/Documents/Bildschirm%C2%ADfoto%202023-03-18%20um%2009.37.50.png',9533,'49','1236547896',NULL,1,NULL,0,NULL,NULL,NULL,NULL,NULL,0,'123 backryard street','convos5@mailinator.com','2024-03-13 10:25:43','2024-03-13 10:25:43'),(76,'Sequence',12,0,NULL,NULL,NULL,'<span>Lorem ipsum dolor sit amet. Aut maxime nulla est optio natus qui suscipit accusamus sed fugit animi aut optio dolores. Est labore optio rem&#160;</span>','https://minio.staging.verein.cloud/tineon/Leipzig/2024/March/Documents/Bildschirm%C2%ADfoto%202023-03-18%20um%2009.39.25.png',9533,'49','0202023654',NULL,1,NULL,0,NULL,NULL,NULL,NULL,NULL,0,'123 tsreet','sef@mail.com','2024-03-13 10:27:11','2024-03-13 10:27:11'),(77,'Quo laborum',8,0,NULL,NULL,NULL,'<span>Lorem ipsum dolor sit amet. Quo laborum voluptas est perspiciatis modi et commodi quibusdam quo quia excepturi. Ab facilis laborum quo quod culpa in voluptatem dignissimos ut possimus nihil. Qui explicabo vitae ut quaerat sunt&#160;</span>','https://minio.staging.verein.cloud/tineon/Leipzig/2024/March/Documents/Bildschirm%C2%ADfoto%202023-03-18%20um%2009.38.06.png',9533,'49','6352417899',NULL,1,NULL,0,NULL,NULL,NULL,NULL,NULL,0,'123 bkyx street','Laburum@mailinator.com','2024-03-18 04:40:28','2024-03-18 04:40:28'),(78,'Quis exercitationem  20th march',4000,0,NULL,NULL,NULL,'Repellendus. Du<font face=\"Arial\" size=\"2\">cimus. </font>Lorem ipsum dolor sit amet, consectetur adipiscing elit, sed do eiusmod &#10;tempor incididunt ut labore et dolore magna aliqua. Ut enim ad minim &#10;veniam, quis nostrud exercitation ullamco laboris nisi ut aliquip ex ea &#10;commodo consequat. Duis aute irure dolor in reprehenderit in voluptate &#10;velit esse cillum dolore eu fugiat nulla pariatur. Excepteur sint &#10;occaecat cupidatat non proident, sunt in culpa qui officia deserunt &#10;mollit anim id est laborum','https://minio.staging.verein.cloud/tineon/Leipzig/2024/March/Images/Bogenschie%C3%9Fen.jpeg',9533,'49','4444333221',NULL,1,NULL,0,NULL,NULL,1,NULL,NULL,0,'Sunt consequuntur vo Repellendus. Ducimus. Repellendus. Ducimus. Repellendus. Ducimus. Repellendus. Ducimus. Repellendus. Ducimus. Repellendus. Ducimus. ','lyna@mailinator.com','2024-03-20 09:00:28','2024-03-20 09:00:28'),(79,'room',3999,1,NULL,NULL,NULL,'Cursus mattis molestie a iaculis at erat pellentesque adipiscing &#10;commodo. Bibendum arcu vitae elementum curabitur. Ut venenatis tellus in&#10; metus vulputate eu scelerisque. Faucibus nisl tincidunt eget nullam. &#10;Morbi tempus iaculis urna id volutpat lacus laoreet non curabitur. Nulla&#10; malesuada pellentesque elit eget gravida cum. Eget lorem dolor sed &#10;viverra ipsum nunc. Non enim praesent elementum facilisis leo vel &#10;fringilla est. Sollicitudin tempor id eu nisl nunc mi. Faucibus &#10;scelerisque eleifend donec pretium. Enim eu turpis egestas pretium &#10;aenean. Nisl vel pretium lectus quam id leo in. Augue neque gravida in &#10;fermentum et sollicitudin ac orci. Faucibus nisl tincidunt eget nullam &#10;non nisi est sit amet. In eu mi bibendum neque egestas congue quisque. &#10;Posuere urna nec tincidunt praesent. Elementum nisi quis eleifend quam &#10;adipiscing. Et netus et malesuada','https://minio.staging.verein.cloud/tineon/Leipzig/2024/March/Images/Bogenschie%C3%9Fen.jpeg',9533,'49','4444333220',NULL,1,NULL,0,NULL,NULL,1,NULL,NULL,0,'Voluptatem et volupt','hinyfiwa@mailinator.com','2024-03-20 09:58:38','2024-03-20 09:58:38'),(80,'Culpa quis eveniet',7777,0,NULL,NULL,NULL,'Ut sequi corrupti, q.<font face=\"Arial\" size=\"2\">&#160;</font>','https://minio.staging.verein.cloud/tineon/Leipzig/2024/March/Images/Tennis.jpeg',9533,'49','9997775554',NULL,1,NULL,0,NULL,NULL,NULL,NULL,NULL,0,'Vel enim cupidatat h','gagumybyw@mailinator.com','2024-03-21 05:50:09','2024-03-21 05:50:09'),(81,'Assumenda in archite',8,0,NULL,NULL,NULL,'Officia doloremque e.<font face=\"Arial\" size=\"2\">&#160;</font>','https://minio.staging.verein.cloud/tineon/Leipzig/2024/March/Images/Tennis.jpeg',9533,'51','7412589632',NULL,1,49,1,NULL,NULL,1,NULL,NULL,0,'Expedita sapiente at','zozukotevy@mailinator.com','2024-03-26 04:51:14','2024-04-26 13:10:47'),(82,'Id sint officiis dol',2,0,NULL,NULL,NULL,'Reprehenderit, dolor .<font face=\"Arial\" size=\"2\">&#160;h</font>','https://minio.staging.verein.cloud/tineon/Leipzig/2024/March/Documents/Bildschirm%C2%ADfoto%202023-03-18%20um%2009.39.25.png',9533,'51','7474747415',NULL,1,49,0,NULL,NULL,1,NULL,NULL,0,'Necessitatibus quia ','cidic@mailinator.com','2024-03-27 05:50:44','2024-03-28 04:45:00'),(83,'Nostrud quam dolorem',50,0,NULL,NULL,NULL,'Dolore aliqua. Aut i. vb','https://minio.staging.verein.cloud/tineon/Leipzig/2024/March/Documents/Bildschirm%C2%ADfoto%202023-03-18%20um%2009.38.06.png',9533,'49','7418529636',NULL,1,NULL,0,NULL,NULL,NULL,NULL,NULL,0,'Laudantium reprehen','joqis@mailinator.com','2024-03-28 12:08:45','2024-03-28 12:08:45'),(84,'At laboriosam upd',50,0,NULL,NULL,NULL,'<span>Lorem ipsum dolor sit amet. Ut enim suscipit est iusto consequatur non minus voluptatibus. At laboriosam</span>','https://minio.staging.verein.cloud/tineon/Leipzig/2024/March/Documents/Bildschirm%C2%ADfoto%202023-03-18%20um%2009.38.48.png',9533,'50','7448522222',NULL,1,59,0,NULL,NULL,1,NULL,NULL,0,'123 hjsf street','aboriosa@mailinator.com','2024-03-28 13:00:19','2024-03-28 13:50:19'),(85,'Nihil officia dolore',4,0,NULL,NULL,NULL,'Ex vel earum archite.<font face=\"Arial\" size=\"2\">&#160;</font>','https://minio.staging.verein.cloud/tineon/Leipzig/2024/March/Images/Tennis.jpeg',9533,'51','7777777770',NULL,1,49,0,NULL,NULL,1,NULL,NULL,0,'Distinctio Animi e','galyn@mailinator.com','2024-03-29 11:06:33','2024-04-18 10:32:33'),(89,'room for days',12,0,NULL,NULL,NULL,'<font size=\"2\" face=\"Arial\">lorem</font>','https://minio.staging.verein.cloud/tineon/Leipzig/2024/April/Images/tennis-damen.jpeg',9533,'49','4441112255',NULL,1,NULL,0,NULL,NULL,1,NULL,NULL,0,'test','room111@gmail.com','2024-04-03 06:00:02','2024-04-03 06:00:02'),(93,'Quia voluptates atqu',7,0,NULL,NULL,NULL,'Labore facere vel la.<font face=\"Arial\" size=\"2\">&#160;</font>','https://minio.staging.verein.cloud/tineon/Leipzig/2024/April/Documents/Bildschirm%C2%ADfoto%202023-03-18%20um%2009.38.30.png',9533,'51','4444444411',NULL,0,NULL,0,NULL,NULL,NULL,'deny',49,0,'Sapiente sunt volupt','hawylu@mailinator.com','2024-04-05 10:25:59','2024-04-16 08:07:28'),(94,'Quaerat sed quia qui',4,1,NULL,NULL,NULL,'Quia magnam saepe ve.&#160;','https://minio.staging.verein.cloud/tineon/Leipzig/2024/April/Documents/Bildschirm%C2%ADfoto%202023-03-18%20um%2009.38.13.png',9533,'49','4545454555',NULL,1,NULL,0,NULL,NULL,1,NULL,NULL,0,'Eligendi reiciendis ','hytabobyxo@mailinator.com','2024-04-05 10:28:18','2024-04-05 10:28:18'),(95,'room1234',5555,1,NULL,NULL,NULL,'<font face=\"Arial\" size=\"2\">h</font>','https://minio.staging.verein.cloud/tineon/Leipzig/2024/April/Documents/Bildschirm%C2%ADfoto%202023-03-18%20um%2009.38.20.png',9533,'49','7778889965',NULL,1,NULL,0,NULL,NULL,1,NULL,NULL,0,'h','room@mail.co','2024-04-05 10:30:36','2024-04-05 10:30:36'),(98,'Room by Member2 upd',18,0,NULL,NULL,NULL,'<span>Lorem ipsum dolor sit amet. Ea ducimus illum non atque dolore et consequuntur voluptatem.&#160;</span>','https://minio.staging.verein.cloud/tineon/Leipzig/2024/April/Images/v-logo.png',9533,'51','7411236884',NULL,1,49,0,NULL,NULL,1,NULL,NULL,0,'12/5, barefreet street','abrar@mailinator.com','2024-04-08 04:42:53','2024-04-08 04:43:29'),(99,'test room123',20,0,NULL,NULL,NULL,'<font face=\"Arial\" size=\"2\">testroom123@mailinator.com</font>','https://minio.staging.verein.cloud/tineon/Leipzig/2024/April/Images/Hockeydamen.jpeg',9533,'50','5245815585',NULL,1,49,1,NULL,NULL,NULL,NULL,NULL,0,'test','testroom123@mailinator.com','2024-04-08 05:51:49','2024-04-08 05:52:05'),(100,'Sequi et ea eum quia',9,0,NULL,NULL,NULL,'Reprehenderit cillum.<font face=\"Arial\" size=\"2\">&#160;f</font>','https://minio.staging.verein.cloud/tineon/Leipzig/2024/April/Images/tennis-damen.jpeg',9533,'51','5658686655',NULL,1,49,0,'{\"name\":\"Sequi et ea eum quia\",\"room_email\":\"meke@mailinator.com\",\"room_address\":\"Est sit enim duis qu\",\"no_of_persons\":\"9\",\"file\":\"http://103.127.29.85:9001/api/proxy/image/eyJpbWFnZUlkIjoxMDAsImV4cGlyYXRpb25UaW1lIjoxNzEzMjU3Nzk0OTc4LCJ0eXBlIjoicm9vbSJ9\",\"description\":\"Reprehenderit cillum.<font face=\\\"Arial\\\" size=\\\"2\\\">&#160;f</font>\",\"approved_status\":\"1\",\"author\":\"51\",\"weekdays\":\"[{\\\"day\\\":\\\"1\\\",\\\"time_from\\\":\\\"12:00\\\",\\\"time_to\\\":\\\"18:00\\\"}]\",\"tags\":\"[]\",\"type\":\"0\",\"phone_no\":\"5658686655\",\"team_id\":\"9533\",\"newImage\":\"\"}',NULL,0,'no',49,0,'Est sit enim duis qu','meke@mailinator.com','2024-04-08 06:54:56','2024-04-16 08:54:44'),(101,'Qui sed suscipit qui',50,0,NULL,NULL,NULL,'Quam beatae culpa, e.<font face=\"Arial\" size=\"2\">dsfg</font>','https://minio.staging.verein.cloud/tineon/Leipzig/2024/April/Images/Bogenschie%C3%9Fen.jpeg',9533,'51','7418529631',NULL,1,49,1,NULL,NULL,NULL,NULL,NULL,0,'Non earum ab dolore ','sazopepi@mailinator.com','2024-04-08 08:57:14','2024-04-09 04:28:13'),(103,'room2@mailinator.com',23,1,NULL,NULL,NULL,'<font face=\"Arial\" size=\"2\"><b>room2@mailinator.com</b></font>','https://minio.staging.verein.cloud/tineon/Leipzig/2024/April/Images/Volleyball%20M%C3%A4dels.jpeg',9533,'51','3345678975',NULL,1,49,1,NULL,NULL,NULL,NULL,NULL,0,'vxdv','room2@mailinator.com','2024-04-08 12:58:18','2024-04-09 04:26:56'),(104,'Delux room up',8,0,NULL,NULL,NULL,'<font face=\"Arial\" size=\"2\">delux@mailinator.com</font>','https://minio.staging.verein.cloud/tineon/Leipzig/2024/April/Images/Turnierinnen.jpeg',9533,'49','8597845126',NULL,1,NULL,0,NULL,NULL,1,NULL,NULL,0,'test','delux@mailinator.com','2024-04-10 05:19:31','2024-04-10 05:19:31'),(105,'Eos numquam',78,0,NULL,NULL,NULL,'<span>Lorem ipsum dolor sit amet. Eos numquam nobis et facere laudantium aut</span>','https://minio.staging.verein.cloud/tineon/Leipzig/2024/April/Images/S-Verein_01.jpeg',9533,'60','7412369855',NULL,1,NULL,0,NULL,NULL,NULL,NULL,NULL,0,'123 street','aut110@mailinator.com','2024-04-10 05:25:07','2024-04-10 05:25:07'),(106,' Et possimus ',88,0,NULL,NULL,NULL,'<p>Lorem ipsum dolor sit amet. Et possimus eaque eos atque consequatur ab veritatis officiis. Sed illum ullam ea quos earum rem ipsum consequuntur.</p><p><br></p>','https://minio.staging.verein.cloud/tineon/Leipzig/2024/April/Documents/Bildschirm%C2%ADfoto%202023-03-18%20um%2009.39.25.png',9533,'50','8745854129',NULL,1,49,0,NULL,NULL,1,NULL,NULL,0,'123 strtre','possimu@mailinator.com','2024-04-11 13:04:25','2024-04-11 13:08:12'),(107,'Provident in amet ',7,0,NULL,NULL,NULL,'Molestias duis et is.Feugiat vivamus at augue eget arcu. Elit ullamcorper dignissim cras &#10;tincidunt lobortis feugiat. Placerat duis ultricies lacus sed turpis &#10;tincidunt id aliquet. Eu sem integer vitae justo eget magna fermentum. &#10;Varius vel pharetra vel turpis nunc eget lorem. Ut venenatis tellus in &#10;metus. Sit amet purus gravida quis. Pharetra et ultrices neque ornare &#10;aenean euismod elementum nisi. Dictumst vestibulum rhoncus est &#10;pellentesque elit ullamcorper dignissim cras. Risus feugiat in ante &#10;metus. Fringilla est ullamcorper eget nulla facilisi etiam dignissim &#10;diam. Cras semper auctor neque vitae tempus quam pellentesque nec. &#10;Ornare suspendisse sed nisi lacus sed viverra. Egestas maecenas pharetra&#10; convallis posuere morbi leo urna molestie.','https://minio.staging.verein.cloud/tineon/Leipzig/2024/April/Images/Tennis-Minis.jpeg',9533,'51','4569874563',NULL,0,NULL,0,NULL,NULL,NULL,'deny',49,0,'Ut id ab facilis ips','ravilu@mailinator.com','2024-04-15 13:26:00','2024-04-16 08:03:45'),(109,'Room 22 Apr ',50,0,NULL,NULL,NULL,'<div><p><strong>Lorem Ipsum</strong>&#160;is simply dummy text of the printing and typesetting industry. Lorem Ipsum has been the industry\'s standard dummy text ever since the 1500s, when an unknown printer took a galley of type and scrambled it to make a type specimen book. It has survived not only five centuries, but also the leap into electronic typesetting, remaining essentially unchanged. It was popularised in the 1960s with the release of Letraset sheets containing Lorem Ipsum passages, and more recently with desktop publishing software like Aldus PageMaker including versions of Lorem Ipsum.</p><p></p><div></div><p></p><div><p><strong>Lorem Ipsum</strong><span>&#160;</span>is simply dummy text of the printing and typesetting industry. Lorem Ipsum has been the industry\'s standard dummy text ever since the 1500s, when an unknown printer took a galley of type and scrambled it to make a type specimen book. It has survived not only five centuries, but also the leap into electronic typesetting, remaining essentially unchanged. It was popularised in the 1960s with the release of Letraset sheets containing Lorem Ipsum passages, and more recently with desktop publishing software like Aldus PageMaker including versions of Lorem Ipsum.</p></div></div><div></div>','https://minio.staging.verein.cloud/tineon/Leipzig/2024/April/Images/pexels-pixabay-259940.jpg',9533,'49','9845712630',NULL,1,NULL,0,NULL,NULL,1,NULL,NULL,0,'001,','room22apr@yopmail.com','2024-04-22 12:22:31','2024-04-22 12:22:31'),(111,'New room test',678,0,NULL,NULL,NULL,'<div><p><strong>Lorem Ipsum</strong>&#160;is simply dummy text of the printing and typesetting industry. Lorem Ipsum has been the industry\'s standard dummy text ever since the 1500s, when an unknown printer took a galley of type and scrambled it to make a type specimen book. It has survived not only five centuries, but also the leap into electronic typesetting, remaining essentially unchanged. It was popularised in the 1960s with the release of Letraset sheets containing Lorem Ipsum passages, and more recently with desktop publishing software like Aldus PageMaker including versions of Lorem Ipsum.</p><p></p><div></div><p></p><div><p><strong>Lorem Ipsum</strong><span>&#160;</span>is simply dummy text of the printing and typesetting industry. Lorem Ipsum has been the industry\'s standard dummy text ever since the 1500s, when an unknown printer took a galley of type and scrambled it to make a type specimen book. It has survived not only five centuries, but also the leap into electronic typesetting, remaining essentially unchanged. It was popularised in the 1960s with the release of Letraset sheets containing Lorem Ipsum passages, and more recently with desktop publishing software like Aldus PageMaker including versions of Lorem Ipsum.</p></div></div><div></div>','https://minio.staging.verein.cloud/tineon/Leipzig/2024/April/Images/Leichtathetik.jpeg',9533,'49','09865214730',NULL,1,NULL,0,NULL,NULL,1,NULL,NULL,0,'001,','mango.tech.test@mailinator.com','2024-04-26 05:01:13','2024-04-26 05:01:13'),(112,'Do dolore est pariat',5,0,NULL,NULL,NULL,'Dolorem ut quaerat q.<font face=\"Arial\" size=\"2\">i]</font>','https://minio.staging.verein.cloud/tineon/Leipzig/2024/April/Documents/Bildschirm%C2%ADfoto%202023-03-18%20um%2009.37.56.png',9533,'49','0220054622',NULL,1,NULL,0,NULL,NULL,NULL,NULL,NULL,0,'123 bkyc street','kelvin101@yopmail.com','2024-04-26 08:37:25','2024-04-26 08:37:25'),(113,'Incididunt ut volupt',45,0,NULL,NULL,NULL,'Ut et voluptas labor.<font face=\"Arial\" size=\"2\">i</font>','https://minio.staging.verein.cloud/tineon/Leipzig/2024/April/Documents/Bildschirm%C2%ADfoto%202023-03-18%20um%2009.38.13.png',9533,'49','0220054655',NULL,1,NULL,0,NULL,NULL,NULL,NULL,NULL,0,'123 bkyc street','kelvin101@yopmail.com','2024-04-26 08:38:22','2024-04-26 08:38:22'),(114,'Ea delectus ut cill',15,0,NULL,NULL,NULL,'Nihil qui voluptatem.ds<font face=\"Arial\" size=\"2\">d</font>','https://minio.staging.verein.cloud/tineon/Leipzig/2024/April/Documents/Bildschirm%C2%ADfoto%202023-03-18%20um%2009.38.40.png',9533,'49','0220054688',NULL,1,NULL,0,NULL,NULL,NULL,NULL,NULL,0,'123 bkyc street','kelvin101@yopmail.com','2024-04-26 10:47:35','2024-04-26 10:47:35'),(117,' Quo sint incidunt upd',12,0,NULL,NULL,NULL,'<span>Lorem ipsum dolor sit amet. Quo sint incidunt ab autem excepturi eum sint nesciunt. Ab dolor dolor rem culpa sunt sit repudiandae corporis.</span>','https://minio.staging.verein.cloud/tineon/Leipzig/2024/June/Images/Herren_Meister.jpeg',9533,'50','9868222223',NULL,1,59,0,NULL,NULL,1,NULL,NULL,0,'123 backyard street','queque@mailinator.com','2024-06-20 12:39:13','2024-06-20 12:47:08'),(119,'scelerisque',5,0,NULL,NULL,NULL,'<span>Suspendisse ultrices cursus neque, sed hendrerit nisi lobortis a. Orci varius natoque penatibus et magnis dis parturient montes, nascetur ridiculus mus.</span><br>','https://minio.staging.verein.cloud/tineon/Leipzig/2024/July/Images/Tennis-Minis.jpeg',9533,'50','9865452154',NULL,1,59,1,NULL,NULL,NULL,NULL,NULL,0,'Indore','scelerisque12@mailinator.com','2024-07-19 04:53:27','2024-08-26 05:27:37'),(120,'room by memebrUser',10,0,NULL,NULL,NULL,'<font face=\"Arial\" size=\"2\">room by memebrUser</font>','https://minio.staging.verein.cloud/tineon/Leipzig/2024/July/Images/Hockeydamen.jpeg',9533,'50','8578457845',NULL,1,59,1,NULL,NULL,NULL,NULL,NULL,0,'test','memebr_user@yopmail.com','2024-07-19 12:56:40','2024-08-26 05:27:54'),(122,'room by deleted-user',52,0,NULL,NULL,NULL,'<font face=\"Arial\" size=\"2\">room by deleted-user</font>','https://minio.staging.verein.cloud/tineon/Leipzig/2024/August/Images/Tennis-Minis.jpeg',9533,'57','5245147854',NULL,1,56,1,NULL,NULL,NULL,NULL,NULL,0,'test','room@yopmail.com','2024-08-12 07:46:54','2024-08-12 07:53:08'),(124,'yc_room',20,0,NULL,NULL,NULL,'<font face=\"Arial\" size=\"2\">yc_room@yopmail.com</font>','https://minio.staging.verein.cloud/tineon/Leipzig/2024/August/Images/Tennis-Minis.jpeg',9533,'52','9878457845',NULL,1,56,1,NULL,NULL,NULL,NULL,NULL,0,'test','yc_room@yopmail.com','2024-08-12 09:23:53','2024-08-12 09:23:59'),(125,'AD Rooms',1500,0,NULL,NULL,NULL,'<p>There are many variations of passages of Lorem Ipsum available, but the majority have suffered alteration in some form, by injected humour, or randomised words which don\'t look even slightly believable. If you are going to use a passage of Lorem Ipsum, you need to be sure there isn\'t anything embarrassing hidden in the middle of text. All the Lorem Ipsum generators on the Internet tend to repeat predefined chunks as necessary, making this the first true generator on the Internet. It uses a dictionary of over 200 Latin words, combined with a handful of model sentence structures, to generate Lorem Ipsum which looks reasonable. The generated Lorem Ipsum is therefore always free from repetition, injected humour, or non-characteristic words etc.</p><p><br></p><p><br></p>','https://minio.staging.verein.cloud/tineon/Leipzig/2024/August/Images/Tennis.jpeg',9533,'56','9512647830',NULL,1,NULL,0,NULL,NULL,NULL,NULL,NULL,0,'001','adrooms@mailinator.com','2024-08-12 12:54:26','2024-08-12 12:54:26'),(126,'SU-Room',1600,0,NULL,NULL,NULL,'<p>It is a long established fact that a reader will be distracted by the&#10; readable content of a page when looking at its layout. The point of &#10;using Lorem Ipsum is that it has a more-or-less normal distribution of &#10;letters, as opposed to using \'Content here, content here\', making it &#10;look like readable English. Many desktop publishing packages and web &#10;page editors now use Lorem Ipsum as their default model text, and a &#10;search for \'lorem ipsum\' will uncover many web sites still in their &#10;infancy. Various versions have evolved over the years, sometimes by &#10;accident, sometimes on purpose (injected humour and the like).</p>','https://minio.staging.verein.cloud/tineon/Leipzig/2024/August/Images/Volleyball%20M%C3%A4dels.jpeg',9533,'55','6789452101',NULL,1,56,1,NULL,NULL,NULL,NULL,NULL,0,'003','suroom@mailinator.com','2024-08-13 04:30:54','2024-08-13 04:52:33'),(127,'secretaryRoom',10,0,NULL,NULL,NULL,'<font face=\"Arial\" size=\"2\">secretaryRoom@yopmail.com</font>','https://minio.staging.verein.cloud/tineon/Leipzig/2024/August/Images/Leichtathetik.jpeg',9533,'55','5247841526',NULL,1,56,1,NULL,NULL,NULL,NULL,NULL,0,'test','secretaryRoom@yopmail.com','2024-08-13 10:09:57','2024-08-13 10:10:14'),(128,'UnapprovedSecretary Room',10,0,NULL,NULL,NULL,'<font face=\"Arial\" size=\"2\">UnapprovedSecretary@yopmail.com</font>','https://minio.staging.verein.cloud/tineon/Leipzig/2024/August/Images/Tennis.jpeg',9533,'55','8578496584',NULL,1,59,1,NULL,NULL,NULL,NULL,NULL,0,'tess','UnapprovedSecretary@yopmail.com','2024-08-13 10:11:38','2024-08-26 05:29:32'),(129,'MM-Room',2000,0,NULL,NULL,NULL,'<p>It is a long established fact that a reader will be distracted by the&#10; readable content of a page when looking at its layout. The point of &#10;using Lorem Ipsum is that it has a more-or-less normal distribution of &#10;letters, as opposed to using \'Content here, content here\', making it &#10;look like readable English. Many desktop publishing packages and web &#10;page editors now use Lorem Ipsum as their default model text, and a &#10;search for \'lorem ipsum\' will uncover many web sites still in their &#10;infancy. Various versions have evolved over the years, sometimes by &#10;accident, sometimes on purpose (injected humour and the like).</p>','https://minio.staging.verein.cloud/tineon/Leipzig/2024/August/Images/Tennis.jpeg',9533,'54','9547612380',NULL,1,56,1,NULL,NULL,NULL,NULL,NULL,0,'001','mmroom@mailinator.com','2024-08-14 04:45:05','2024-08-14 04:47:58'),(130,'Soluta nisi et nesci',5,0,NULL,NULL,NULL,'<strong>Lorem Ipsum</strong><span>&#160;is simply dummy text of the printing and typesetting industry. Lorem Ipsum has been the industry\'s standard dummy text ever since the 1500s, when an unknown printer took a galley of type and scrambled it to make a type s</span>',NULL,141,'1','4125874125',NULL,1,NULL,0,NULL,NULL,NULL,NULL,NULL,0,'Ad qui ea aliquid ni','dacowec@mailinator.com','2024-11-25 09:48:12','2024-11-25 09:48:12'),(132,'Veroproidentutpa room',10,0,NULL,NULL,NULL,'<strong>Lorem Ipsum</strong><span>&#160;is simply dummy text of the printing and typesetting industry. Lorem Ipsum has been the industry\'s standard dummy text ever since the 1500s, when an unknown printer took a galley of type and scrambled it to make a type specimen book. It has survived not only five centuries, but also the leap into electronic typesetting, remaining essentially unchanged. It was popularised in the 1960s with the release of Letraset sheets containing Lorem Ipsum passages, and more recently&#160;</span>',NULL,141,'1','6532541254',NULL,1,NULL,0,NULL,NULL,NULL,NULL,NULL,0,'Expedita duis non en','niciko@mailinator.com','2024-11-27 07:41:01','2024-11-27 07:41:01'),(133,'test room',15,0,NULL,NULL,NULL,'testroom@yopmail.com','https://minio.staging.verein.cloud/tineon/Leipzig/2025/March/Images/Bogenschie%C3%9Fen.jpeg',141,'1','8563241563',NULL,1,NULL,0,NULL,NULL,NULL,NULL,NULL,0,'test','testroom@yopmail.com','2025-03-05 03:48:23','2025-03-05 03:48:23'),(134,'Test Room For Editor',20,0,NULL,NULL,NULL,'<font face=\"Arial\" size=\"2\">Test Room For Editor</font>','https://minio.staging.verein.cloud/tineon/Leipzig/2025/March/Images/Tennis.jpeg',141,'9','7845145263',NULL,1,1,1,NULL,NULL,NULL,NULL,NULL,0,'test','testroom.editor@yopmail.com','2025-03-05 05:34:23','2025-03-05 05:36:52'),(135,'editorRoom updAte',10,0,NULL,NULL,NULL,'<font face=\"Arial\" size=\"2\">editorroom@yopmail.com</font>','https://minio.staging.verein.cloud/tineon/Leipzig/2025/March/Images/Volleyball%20M%C3%A4dels.jpeg',141,'9','7856942563',NULL,1,1,0,NULL,NULL,0,NULL,NULL,0,'test','editorroom@yopmail.com','2025-03-05 09:45:28','2025-03-05 09:49:18'),(136,'test room 24 mAR 25',10,0,NULL,NULL,NULL,'<span>The standard chunk of Lorem Ipsum used since the 1500s is reproduced below for those interested. Sections 1.10.32 and 1.10.33 from &#34;de Finibus Bonorum et Malorum&#34; by Cicero are also reproduced in their exact original form, accompanied by English versions from the 1914 translation by H. Rackham.</span>',NULL,141,'1','9856321452',NULL,1,NULL,0,NULL,NULL,NULL,NULL,NULL,0,'Indore','testroom2425@yopmail.com','2025-03-24 07:45:56','2025-03-24 07:47:16'),(137,'crm june30',20,0,NULL,NULL,NULL,'<font face=\"Arial\" size=\"2\">test.june30@yopmail.com</font>','https://minio.staging.verein.cloud/tineon/Leipzig/2025/June/Images/Volleyball%20M%C3%A4dels.jpeg',141,'9','5263564512',NULL,1,4,1,NULL,NULL,NULL,NULL,NULL,0,'test','crm.june36@yopmail.com','2025-06-30 10:13:03','2025-06-30 10:18:17');

--
-- Table structure for table `rooms_availablity`
--

CREATE TABLE `rooms_availablity` (
  `id` int unsigned NOT NULL AUTO_INCREMENT,
  `room_id` int NOT NULL,
  `weekday` varchar(255) NOT NULL,
  `time_from` time DEFAULT NULL,
  `time_to` time DEFAULT NULL,
  `created_at` timestamp NOT NULL DEFAULT CURRENT_TIMESTAMP,
  `updated_at` timestamp NOT NULL DEFAULT CURRENT_TIMESTAMP,
  PRIMARY KEY (`id`)
) ENGINE=InnoDB DEFAULT CHARSET=utf8mb4 COLLATE=utf8mb4_0900_ai_ci;

--
-- Dumping data for table `rooms_availablity`
--

INSERT INTO `rooms_availablity` VALUES (1,3,'T','16:06:00','19:07:00','2022-10-04 09:37:40','2022-10-04 09:37:40'),(2,4,'M','12:00:00','12:59:00','2022-10-05 06:15:42','2022-10-05 06:15:42'),(3,5,'Thursday','15:41:00','17:41:00','2022-10-06 09:11:37','2022-10-06 09:11:37'),(7,6,'Tuesday','00:57:00','15:00:00','2022-10-21 05:31:50','2022-10-21 05:31:50'),(8,6,'Wednesday','15:00:00','22:18:00','2022-10-21 05:31:50','2022-10-21 05:31:50'),(35,16,'Monday','13:00:00','15:00:00','2023-03-23 04:19:26','2023-03-23 04:19:26'),(47,10,'Monday','15:00:00','18:00:00','2023-06-09 04:45:30','2023-06-09 04:45:30'),(48,10,'Wednesday','15:00:00','19:00:00','2023-06-09 04:45:30','2023-06-09 04:45:30'),(49,10,'Friday','15:00:00','19:00:00','2023-06-09 04:45:30','2023-06-09 04:45:30'),(64,20,'Saturday','11:00:00','21:45:00','2023-06-12 05:00:52','2023-06-12 05:00:52'),(65,20,'Sunday','12:00:00','22:00:00','2023-06-12 05:00:52','2023-06-12 05:00:52'),(66,14,'Donnerstag','18:00:00','21:00:00','2023-06-21 09:52:39','2023-06-21 09:52:39'),(67,15,'Dienstag','17:00:00','19:00:00','2023-06-21 09:53:46','2023-06-21 09:53:46'),(71,13,'1','11:57:00','13:59:00','2023-08-14 09:47:36','2023-08-14 09:47:36'),(72,13,'2','12:00:00','18:30:00','2023-08-14 09:47:36','2023-08-14 09:47:36'),(75,24,'5','12:00:00','15:00:00','2023-08-29 13:34:48','2023-08-29 13:34:48'),(85,28,'2','12:00:00','18:00:00','2023-09-14 12:00:24','2023-09-14 12:00:24'),(94,30,'1','12:00:00','18:00:00','2023-09-14 14:02:15','2023-09-14 14:02:15'),(95,31,'2','12:00:00','18:00:00','2023-09-15 05:28:00','2023-09-15 05:28:00'),(96,31,'1','12:00:00','18:00:00','2023-09-15 05:28:00','2023-09-15 05:28:00'),(97,32,'2','12:00:00','18:00:00','2023-09-15 05:32:33','2023-09-15 05:32:33'),(106,34,'1','12:00:00','18:00:00','2023-09-15 14:22:17','2023-09-15 14:22:17'),(107,34,'2','12:00:00','18:00:00','2023-09-15 14:22:17','2023-09-15 14:22:17'),(120,35,'2','12:00:00','20:00:00','2023-09-18 06:26:50','2023-09-18 06:26:50'),(121,35,'3','12:00:00','20:00:00','2023-09-18 06:26:50','2023-09-18 06:26:50'),(122,35,'1','21:00:00','23:00:00','2023-09-18 06:26:50','2023-09-18 06:26:50'),(123,35,'2','21:00:00','23:00:00','2023-09-18 06:26:50','2023-09-18 06:26:50'),(124,35,'1','12:00:00','20:00:00','2023-09-18 06:26:50','2023-09-18 06:26:50'),(125,35,'3','21:00:00','23:00:00','2023-09-18 06:26:50','2023-09-18 06:26:50'),(141,39,'1','12:00:00','17:00:00','2023-09-19 05:38:41','2023-09-19 05:38:41'),(142,39,'2','12:00:00','17:00:00','2023-09-19 05:38:41','2023-09-19 05:38:41'),(143,39,'3','12:00:00','17:00:00','2023-09-19 05:38:41','2023-09-19 05:38:41'),(144,39,'4','18:00:00','22:00:00','2023-09-19 05:38:41','2023-09-19 05:38:41'),(145,39,'5','18:00:00','22:00:00','2023-09-19 05:38:41','2023-09-19 05:38:41'),(146,39,'6','18:00:00','22:00:00','2023-09-19 05:38:41','2023-09-19 05:38:41'),(148,36,'1','12:00:00','18:00:00','2023-11-01 13:16:19','2023-11-01 13:16:19'),(149,36,'3','12:00:00','18:00:00','2023-11-01 13:16:19','2023-11-01 13:16:19'),(152,38,'1','12:00:00','18:00:00','2023-11-02 05:39:56','2023-11-02 05:39:56'),(154,11,'Monday','21:00:00','23:30:00','2023-11-02 13:50:07','2023-11-02 13:50:07'),(166,27,'1','12:00:00','18:00:00','2023-11-09 12:21:09','2023-11-09 12:21:09'),(167,27,'2','12:00:00','18:00:00','2023-11-09 12:21:09','2023-11-09 12:21:09'),(168,27,'5','12:00:00','18:00:00','2023-11-09 12:21:09','2023-11-09 12:21:09'),(169,27,'3','12:00:00','18:00:00','2023-11-09 12:21:09','2023-11-09 12:21:09'),(170,27,'6','12:00:00','18:00:00','2023-11-09 12:21:09','2023-11-09 12:21:09'),(171,27,'4','12:00:00','18:00:00','2023-11-09 12:21:09','2023-11-09 12:21:09'),(172,27,'0','12:00:00','18:00:00','2023-11-09 12:21:09','2023-11-09 12:21:09'),(257,61,'3','12:00:00','18:00:00','2023-11-16 12:23:37','2023-11-16 12:23:37'),(263,41,'1','12:00:00','18:00:00','2023-11-18 06:11:38','2023-11-18 06:11:38'),(268,37,'1','12:00:00','18:00:00','2023-11-18 06:34:34','2023-11-18 06:34:34'),(287,33,'1','12:00:00','18:00:00','2023-11-21 07:37:07','2023-11-21 07:37:07'),(288,33,'2','12:00:00','18:00:00','2023-11-21 07:37:07','2023-11-21 07:37:07'),(289,33,'3','12:00:00','18:00:00','2023-11-21 07:37:07','2023-11-21 07:37:07'),(290,33,'4','12:00:00','18:00:00','2023-11-21 07:37:07','2023-11-21 07:37:07'),(291,70,'1','12:00:00','18:00:00','2023-11-21 13:24:45','2023-11-21 13:24:45'),(292,70,'2','12:00:00','18:00:00','2023-11-21 13:24:45','2023-11-21 13:24:45'),(293,70,'4','12:00:00','18:00:00','2023-11-21 13:24:45','2023-11-21 13:24:45'),(294,70,'6','12:00:00','18:00:00','2023-11-21 13:24:45','2023-11-21 13:24:45'),(295,70,'5','12:00:00','18:00:00','2023-11-21 13:24:45','2023-11-21 13:24:45'),(296,70,'3','12:00:00','18:00:00','2023-11-21 13:24:45','2023-11-21 13:24:45'),(297,70,'0','12:00:00','18:00:00','2023-11-21 13:24:45','2023-11-21 13:24:45'),(305,71,'1','12:00:00','18:00:00','2023-11-22 08:10:00','2023-11-22 08:10:00'),(306,71,'2','12:00:00','18:00:00','2023-11-22 08:10:00','2023-11-22 08:10:00'),(307,71,'4','12:00:00','18:00:00','2023-11-22 08:10:00','2023-11-22 08:10:00'),(308,71,'5','12:00:00','18:00:00','2023-11-22 08:10:00','2023-11-22 08:10:00'),(309,71,'3','12:00:00','18:00:00','2023-11-22 08:10:00','2023-11-22 08:10:00'),(310,71,'6','12:00:00','18:00:00','2023-11-22 08:10:00','2023-11-22 08:10:00'),(311,71,'0','12:00:00','18:00:00','2023-11-22 08:10:00','2023-11-22 08:10:00'),(312,68,'1','12:00:00','18:00:00','2024-03-04 10:50:02','2024-03-04 10:50:02'),(313,68,'2','12:00:00','18:00:00','2024-03-04 10:50:02','2024-03-04 10:50:02'),(314,68,'4','12:00:00','18:00:00','2024-03-04 10:50:02','2024-03-04 10:50:02'),(315,68,'3','12:00:00','18:00:00','2024-03-04 10:50:02','2024-03-04 10:50:02'),(316,68,'5','12:00:00','18:00:00','2024-03-04 10:50:02','2024-03-04 10:50:02'),(317,68,'6','12:00:00','18:00:00','2024-03-04 10:50:02','2024-03-04 10:50:02'),(318,68,'0','12:00:00','18:00:00','2024-03-04 10:50:02','2024-03-04 10:50:02'),(321,72,'2','12:00:00','16:00:00','2024-03-07 07:44:01','2024-03-07 07:44:01'),(322,73,'1','12:00:00','18:00:00','2024-03-07 08:01:02','2024-03-07 08:01:02'),(323,73,'3','12:00:00','18:00:00','2024-03-07 08:01:02','2024-03-07 08:01:02'),(324,73,'0','12:00:00','18:00:00','2024-03-07 08:01:02','2024-03-07 08:01:02'),(325,73,'5','12:00:00','18:00:00','2024-03-07 08:01:02','2024-03-07 08:01:02'),(329,75,'4','12:00:00','18:00:00','2024-03-13 10:25:43','2024-03-13 10:25:43'),(330,75,'5','12:00:00','18:00:00','2024-03-13 10:25:43','2024-03-13 10:25:43'),(331,75,'6','12:00:00','18:00:00','2024-03-13 10:25:43','2024-03-13 10:25:43'),(332,76,'1','12:00:00','18:00:00','2024-03-13 10:27:11','2024-03-13 10:27:11'),(333,76,'2','12:00:00','18:00:00','2024-03-13 10:27:11','2024-03-13 10:27:11'),(334,77,'2','12:00:00','18:00:00','2024-03-18 04:40:28','2024-03-18 04:40:28'),(335,77,'1','12:00:00','18:00:00','2024-03-18 04:40:28','2024-03-18 04:40:28'),(338,80,'1','12:00:00','18:00:00','2024-03-21 05:50:09','2024-03-21 05:50:09'),(339,80,'3','12:00:00','18:00:00','2024-03-21 05:50:09','2024-03-21 05:50:09'),(340,80,'4','12:00:00','18:00:00','2024-03-21 05:50:09','2024-03-21 05:50:09'),(341,80,'5','12:00:00','18:00:00','2024-03-21 05:50:09','2024-03-21 05:50:09'),(342,80,'6','12:00:00','18:00:00','2024-03-21 05:50:09','2024-03-21 05:50:09'),(343,80,'2','12:00:00','18:00:00','2024-03-21 05:50:09','2024-03-21 05:50:09'),(344,80,'0','12:00:00','18:29:00','2024-03-21 05:50:09','2024-03-21 05:50:09'),(349,74,'1','12:00:00','18:00:00','2024-03-27 05:46:14','2024-03-27 05:46:14'),(350,74,'2','12:00:00','18:00:00','2024-03-27 05:46:14','2024-03-27 05:46:14'),(351,74,'3','12:00:00','18:00:00','2024-03-27 05:46:14','2024-03-27 05:46:14'),(357,83,'1','12:00:00','18:00:00','2024-03-28 12:08:45','2024-03-28 12:08:45'),(358,83,'3','12:00:00','18:00:00','2024-03-28 12:08:45','2024-03-28 12:08:45'),(364,82,'1','12:00:00','18:00:00','2024-03-28 13:51:03','2024-03-28 13:51:03'),(365,81,'2','12:00:00','18:00:00','2024-03-29 08:26:34','2024-03-29 08:26:34'),(377,89,'1','12:00:00','18:00:00','2024-04-03 06:04:46','2024-04-03 06:04:46'),(378,89,'2','12:00:00','18:00:00','2024-04-03 06:04:46','2024-04-03 06:04:46'),(379,89,'3','12:00:00','18:00:00','2024-04-03 06:04:46','2024-04-03 06:04:46'),(380,78,'1','12:00:00','18:00:00','2024-04-04 05:45:51','2024-04-04 05:45:51'),(388,93,'1','12:00:00','18:00:00','2024-04-05 10:25:59','2024-04-05 10:25:59'),(390,94,'1','12:00:00','18:00:00','2024-04-05 10:29:18','2024-04-05 10:29:18'),(409,95,'1','12:00:00','18:00:00','2024-04-08 05:50:02','2024-04-08 05:50:02'),(410,99,'2','12:00:00','18:00:00','2024-04-08 05:51:49','2024-04-08 05:51:49'),(412,101,'1','12:00:00','18:00:00','2024-04-08 08:57:14','2024-04-08 08:57:14'),(413,101,'2','12:00:00','18:00:00','2024-04-08 08:57:14','2024-04-08 08:57:14'),(415,103,'1','12:00:00','17:00:00','2024-04-08 12:58:18','2024-04-08 12:58:18'),(416,100,'1','12:00:00','18:00:00','2024-04-09 04:31:49','2024-04-09 04:31:49'),(417,98,'1','12:00:00','18:00:00','2024-04-09 05:06:11','2024-04-09 05:06:11'),(418,98,'2','12:00:00','18:00:00','2024-04-09 05:06:11','2024-04-09 05:06:11'),(419,98,'3','12:00:00','18:00:00','2024-04-09 05:06:11','2024-04-09 05:06:11'),(420,98,'4','12:00:00','18:00:00','2024-04-09 05:06:11','2024-04-09 05:06:11'),(422,104,'1','12:00:00','15:00:00','2024-04-10 05:22:15','2024-04-10 05:22:15'),(423,105,'2','12:00:00','18:00:00','2024-04-10 05:25:07','2024-04-10 05:25:07'),(425,106,'4','12:00:00','18:00:00','2024-04-11 13:08:38','2024-04-11 13:08:38'),(426,107,'1','12:00:00','18:00:00','2024-04-15 13:26:00','2024-04-15 13:26:00'),(429,85,'1','12:00:00','18:00:00','2024-04-18 10:36:17','2024-04-18 10:36:17'),(430,85,'2','12:00:00','18:00:00','2024-04-18 10:36:17','2024-04-18 10:36:17'),(431,85,'3','12:00:00','18:00:00','2024-04-18 10:36:17','2024-04-18 10:36:17'),(435,109,'1','12:00:00','18:00:00','2024-04-22 12:23:48','2024-04-22 12:23:48'),(436,109,'2','12:00:00','18:00:00','2024-04-22 12:23:48','2024-04-22 12:23:48'),(437,109,'3','12:00:00','18:00:00','2024-04-22 12:23:48','2024-04-22 12:23:48'),(438,109,'4','12:00:00','18:00:00','2024-04-22 12:23:48','2024-04-22 12:23:48'),(439,109,'5','12:00:00','18:00:00','2024-04-22 12:23:48','2024-04-22 12:23:48'),(445,111,'1','12:00:00','18:00:00','2024-04-26 05:03:38','2024-04-26 05:03:38'),(446,111,'2','12:00:00','17:00:00','2024-04-26 05:03:38','2024-04-26 05:03:38'),(447,111,'3','12:00:00','16:00:00','2024-04-26 05:03:38','2024-04-26 05:03:38'),(448,111,'4','12:00:00','17:00:00','2024-04-26 05:03:38','2024-04-26 05:03:38'),(449,111,'5','12:00:00','18:00:00','2024-04-26 05:03:38','2024-04-26 05:03:38'),(450,112,'1','12:00:00','18:00:00','2024-04-26 08:37:25','2024-04-26 08:37:25'),(451,114,'2','12:00:00','18:00:00','2024-04-26 10:47:35','2024-04-26 10:47:35'),(452,114,'4','12:00:00','18:00:00','2024-04-26 10:47:35','2024-04-26 10:47:35'),(463,119,'1','12:00:00','15:00:00','2024-07-19 04:53:27','2024-07-19 04:53:27'),(464,120,'2','12:00:00','18:00:00','2024-07-19 12:56:40','2024-07-19 12:56:40'),(467,122,'1','12:00:00','18:00:00','2024-08-12 07:46:54','2024-08-12 07:46:54'),(468,122,'2','11:00:00','20:00:00','2024-08-12 07:46:54','2024-08-12 07:46:54'),(469,122,'3','12:00:00','20:00:00','2024-08-12 07:46:54','2024-08-12 07:46:54'),(470,122,'4','12:00:00','20:00:00','2024-08-12 07:46:54','2024-08-12 07:46:54'),(472,124,'1','12:00:00','20:00:00','2024-08-12 09:23:53','2024-08-12 09:23:53'),(473,125,'1','12:00:00','18:00:00','2024-08-12 12:54:26','2024-08-12 12:54:26'),(474,125,'3','12:00:00','18:00:00','2024-08-12 12:54:26','2024-08-12 12:54:26'),(475,125,'5','12:00:00','18:00:00','2024-08-12 12:54:26','2024-08-12 12:54:26'),(476,126,'1','12:00:00','18:00:00','2024-08-13 04:30:54','2024-08-13 04:30:54'),(477,126,'2','12:00:00','18:00:00','2024-08-13 04:30:54','2024-08-13 04:30:54'),(478,127,'1','12:00:00','20:00:00','2024-08-13 10:09:57','2024-08-13 10:09:57'),(479,127,'2','12:00:00','21:00:00','2024-08-13 10:09:57','2024-08-13 10:09:57'),(480,127,'3','12:00:00','21:00:00','2024-08-13 10:09:57','2024-08-13 10:09:57'),(481,127,'4','12:00:00','21:00:00','2024-08-13 10:09:57','2024-08-13 10:09:57'),(482,128,'1','12:00:00','16:00:00','2024-08-13 10:11:38','2024-08-13 10:11:38'),(483,129,'1','12:00:00','18:00:00','2024-08-14 04:45:05','2024-08-14 04:45:05'),(484,129,'2','12:00:00','18:00:00','2024-08-14 04:45:06','2024-08-14 04:45:06'),(485,129,'3','12:00:00','18:00:00','2024-08-14 04:45:06','2024-08-14 04:45:06'),(486,117,'1','12:00:00','18:00:00','2024-08-26 05:27:26','2024-08-26 05:27:26'),(487,117,'4','12:00:00','18:00:00','2024-08-26 05:27:26','2024-08-26 05:27:26'),(488,117,'5','12:00:00','18:00:00','2024-08-26 05:27:26','2024-08-26 05:27:26'),(489,84,'1','12:00:00','18:00:00','2024-08-26 05:27:58','2024-08-26 05:27:58'),(490,84,'2','12:00:00','18:00:00','2024-08-26 05:27:58','2024-08-26 05:27:58'),(491,130,'1','12:00:00','18:00:00','2024-11-25 09:48:12','2024-11-25 09:48:12'),(499,132,'1','12:00:00','18:00:00','2024-11-27 07:41:01','2024-11-27 07:41:01'),(500,132,'2','12:00:00','18:00:00','2024-11-27 07:41:01','2024-11-27 07:41:01'),(501,132,'3','12:00:00','18:00:00','2024-11-27 07:41:01','2024-11-27 07:41:01'),(502,132,'4','12:00:00','18:00:00','2024-11-27 07:41:01','2024-11-27 07:41:01'),(503,132,'5','12:00:00','18:00:00','2024-11-27 07:41:01','2024-11-27 07:41:01'),(504,132,'6','12:00:00','18:00:00','2024-11-27 07:41:01','2024-11-27 07:41:01'),(505,132,'0','12:00:00','18:00:00','2024-11-27 07:41:01','2024-11-27 07:41:01'),(506,133,'1','12:00:00','19:00:00','2025-03-05 03:48:23','2025-03-05 03:48:23'),(507,134,'1','12:00:00','18:00:00','2025-03-05 05:34:23','2025-03-05 05:34:23'),(508,134,'2','12:00:00','20:00:00','2025-03-05 05:34:23','2025-03-05 05:34:23'),(509,134,'3','12:00:00','20:00:00','2025-03-05 05:34:23','2025-03-05 05:34:23'),(510,134,'4','11:00:00','20:00:00','2025-03-05 05:34:23','2025-03-05 05:34:23'),(511,134,'5','11:00:00','20:00:00','2025-03-05 05:34:23','2025-03-05 05:34:23'),(512,134,'6','11:00:00','20:00:00','2025-03-05 05:34:23','2025-03-05 05:34:23'),(513,134,'0','10:00:00','21:00:00','2025-03-05 05:34:23','2025-03-05 05:34:23'),(515,135,'1','12:00:00','18:00:00','2025-03-05 09:48:44','2025-03-05 09:48:44'),(516,136,'1','12:00:00','18:00:00','2025-03-24 07:45:56','2025-03-24 07:45:56'),(517,137,'1','11:00:00','21:00:00','2025-06-30 10:13:03','2025-06-30 10:13:03'),(518,137,'2','11:00:00','21:00:00','2025-06-30 10:13:03','2025-06-30 10:13:03'),(519,137,'3','11:00:00','21:00:00','2025-06-30 10:13:03','2025-06-30 10:13:03'),(520,137,'4','11:00:00','21:00:00','2025-06-30 10:13:03','2025-06-30 10:13:03');

--
-- Table structure for table `subtask_group`
--

CREATE TABLE `subtask_group` (
  `id` int unsigned NOT NULL AUTO_INCREMENT,
  `task_id` int DEFAULT NULL,
  `title` varchar(255) DEFAULT NULL,
  `description` text,
  `assigned_to` longtext,
  `status` int DEFAULT NULL,
  `date` date DEFAULT NULL,
  PRIMARY KEY (`id`)
) ENGINE=InnoDB DEFAULT CHARSET=utf8mb4 COLLATE=utf8mb4_0900_ai_ci;

--
-- Dumping data for table `subtask_group`
--

INSERT INTO `subtask_group` VALUES (9,24,'sub task 01','<font face=\"Arial\" size=\"2\">Just testing</font>','[{\"user_id\":9,\"approved_status\":1},{\"user_id\":8,\"approved_status\":1},{\"user_id\":7,\"approved_status\":1}]',1,'2023-04-05'),(10,14,'Testaufgabe','<font face=\"Arial\" size=\"2\">Neue Unteraufgabe hinzuf&#252;gen</font>','[{\"user_id\":9,\"approved_status\":1}]',0,'2023-03-27'),(47,56,'sub 1.1','<span>Lorem ipsum dolor sit amet. Et recusandae numquam et aperiam aliquam in aliquam quod eos consequatur ipsa est incidunt itaque rem odio repellendus. Ab voluptas molestias hic fugiat deserunt et quos quia.&#160;</span>','[{\"user_id\":8,\"approved_status\":1},{\"user_id\":6,\"approved_status\":1}]',1,'2023-09-12'),(48,56,'sub 2.2','<span>Lorem ipsum dolor sit amet. Et recusandae numquam et aperiam aliquam in aliquam quod eos consequatur ipsa est incidunt itaque rem odio repellendus. Ab voluptas molestias hic fugiat deserunt et quos quia.&#160;</span>','[{\"user_id\":7,\"approved_status\":1},{\"user_id\":6,\"approved_status\":1}]',0,'2023-09-15'),(72,64,'subtask 1.1','<span>Lorem ipsum dolor sit amet. Hic unde architecto ex perferendis cumque in alias provident eos officia molestias. ut aliquam similique id odio facere et quia blanditiis hic voluptate magni aut perferendis consequatur.</span>','[{\"user_id\":7,\"approved_status\":1}]',1,'2023-09-22'),(73,64,'subtask 1.2','<span>Lorem ipsum dolor sit amet. Hic unde architecto ex perferendis cumque in alias provident eos officia molestias. Ut tenetur temporibus non voluptates fugit sit dicta cupiditate.&#160;</span>','[{\"user_id\":9,\"approved_status\":1}]',0,'2023-09-23'),(74,64,'subtask1.3','<span>Lorem ipsum dolor sit amet. Hic unde architecto ex perferendis cumque in alias provident eos officia molestias. Ut tenetur temporibus non voluptates fugit sit dicta cupiditate. Aut aliquam similique .</span>','[{\"user_id\":6,\"approved_status\":1}]',0,'2023-09-15'),(81,49,'Bowl-A-Thon Sub1','<span>Lorem ipsum dolor sit amet. A deserunt provident aut pariatur quia sed voluptatem obcaecati qui omnis iste id suscipit autem ut consequatur internos cum rerum maiores. Qui reprehenderit architecto et culpa distinctio est adipisci omnis eos voluptatem labore ut distinctio corrupti et rerum maiores. Eos nihil facere et veritatis vitae et expedita aliquid.</span>','[{\"user_id\":8,\"approved_status\":1},{\"user_id\":1,\"approved_status\":1}]',1,'2023-09-07'),(82,49,'Bowl-A-Thon Sub2','<span>Lorem ipsum dolor sit amet. A deserunt provident aut pariatur quia sed voluptatem obcaecati qui omnis iste id suscipit autem ut consequatur internos cum rerum maiores. Qui reprehenderit architecto et culpa distinctio est adipisci omnis eos voluptatem labore ut distinctio corrupti et rerum maiores. Eos nihil facere et veritatis vitae et expedita aliquid.</span>','[{\"user_id\":7,\"approved_status\":1},{\"user_id\":1,\"approved_status\":1}]',1,'2023-09-28'),(83,70,'Nvc Inc. 1.1','<span>Lorem ipsum dolor sit amet. Ut dolor voluptas eum ducimus adipisci qui ipsa cupiditate in tenetur fugit ut expedita aliquam. Ut illo eveniet qui repellat officia aut sunt repellat ut odio laboriosam id incidunt doloremque et quia ducimus. At dolore blanditiis aut galisum obcaecati et numquam dolore quo enim laborum est ducimus dolor</span>','[{\"user_id\":8,\"approved_status\":1},{\"user_id\":1,\"approved_status\":1}]',1,'2023-09-15'),(88,75,'Lorem ipsum ','<span>Lorem ipsum dolor sit amet. Sed ratione atque hic voluptatem maxime qui voluptates minus. Ex omnis quia eos similique ducimus in sunt dolorem. Quo dolores omnis a explicabo quae est velit galisum et explicabo incidunt aut sunt voluptate cum repudiandae voluptates. Ut incidunt officia non molestiae dolorem in architecto vitae id eaque omnis qui ipsa nisi aut dolores voluptate eos laborum quia!</span>','[{\"user_id\":1,\"approved_status\":1},{\"user_id\":6,\"approved_status\":1}]',1,'2023-09-22'),(89,75,'Lorem ipsum dolor','<span>Lorem ipsum dolor sit amet. Sed ratione atque hic voluptatem maxime qui voluptates minus. Ex omnis quia eos similique ducimus in sunt dolorem. Quo dolores omnis a explicabo quae est velit galisum et explicabo incidunt aut sunt voluptate cum repudiandae voluptates. Ut incidunt officia non molestiae dolorem in architecto vitae id eaque omnis qui ipsa nisi aut dolores voluptate eos laborum quia!</span>','[{\"user_id\":9,\"approved_status\":1}]',1,'2023-09-29'),(93,77,'Engine block','Lorem Ipsum comes from sections 1.10.32 and 1.10.33 of &#34;de Finibus &#10;Bonorum et Malorum&#34; (The Extremes of Good and Evil) by Cicero, written &#10;in 45 BC. This book is a treatise on the theory of ethics, very popular &#10;during the Renaissance. The first line of Lorem Ipsum, &#34;Lorem ipsum &#10;dolor sit amet..&#34;, comes from a line in section 1.10.32.','[{\"user_id\":8,\"approved_status\":1},{\"user_id\":9,\"approved_status\":1}]',0,'2023-09-20'),(94,77,'Fly wheel with clutch plate','There are many variations of passages of Lorem Ipsum available, but the &#10;majority have suffered alteration in some form, by injected humour, or &#10;randomised words which don\'t look even slightly believable. If you are &#10;going to use a passage of Lorem Ipsum, you need to be sure there isn\'t &#10;anything embarrassing hidden in the middle of text.','[{\"user_id\":7,\"approved_status\":1},{\"user_id\":1,\"approved_status\":1}]',0,'2023-09-18'),(104,76,'Lorem ipsum dolor ','<span>Lorem ipsum dolor sit amet. Et ipsam galisum et dolorem soluta id sint reprehenderit et autem pariatur et galisum nemo ea dolor omnis. Quo beatae aspernatur eos numquam maiores sed commodi doloremque</span>','[{\"user_id\":9,\"approved_status\":1}]',1,'2023-09-19'),(105,76,'Lorem ipsum dolor sit','<span>Lorem ipsum dolor sit amet. Et ipsam galisum et dolorem soluta id sint reprehenderit et autem pariatur et galisum nemo ea dolor omnis. Quo beatae aspernatur eos numquam maiores sed commodi doloremque</span>','[{\"user_id\":9,\"approved_status\":1},{\"user_id\":8,\"approved_status\":1}]',0,'2023-09-25'),(106,76,'Lorem ipsum','<span>Lorem ipsum dolor sit amet. Et ipsam galisum et dolorem soluta id sint reprehenderit et autem pariatur et galisum nemo ea dolor omnis. Quo beatae aspernatur eos numquam maiores sed commodi doloremque</span>','[{\"user_id\":6,\"approved_status\":1},{\"user_id\":4,\"approved_status\":1}]',0,'2023-09-18'),(117,83,'Lorem 1.1','<span>Lorem ipsum dolor sit amet. Est quisquam ipsam At galisum adipisci non repudiandae quae. Et earum atque eum placeat sint cum saepe asperiores ut nihil commodi in explicabo repellendus qui perferendis enim et beatae reprehenderit</span>','[{\"user_id\":7,\"approved_status\":1}]',1,'2023-09-22'),(118,83,'Lorem 1.2','<span>Lorem ipsum dolor sit amet. Est quisquam ipsam At galisum adipisci non repudiandae quae. Et earum atque eum placeat sint cum saepe asperiores ut nihil commodi in explicabo repellendus qui perferendis enim et beatae reprehenderit</span>','[{\"user_id\":6,\"approved_status\":1},{\"user_id\":5,\"approved_status\":1}]',1,'2023-09-29'),(119,83,'Lorem 1.3','<span>Lorem ipsum dolor sit amet. Est quisquam ipsam At galisum adipisci non repudiandae quae. Et earum atque eum placeat sint cum saepe asperiores ut nihil commodi in explicabo repellendus qui perferendis enim et beatae reprehenderit</span>','[{\"user_id\":4,\"approved_status\":1},{\"user_id\":5,\"approved_status\":1}]',1,'2023-09-21'),(120,83,'Lorem 1.4','<span>Lorem ipsum dolor sit amet. Est quisquam ipsam At galisum adipisci non repudiandae quae. Et earum atque eum placeat sint cum saepe asperiores ut nihil commodi in explicabo repellendus qui perferendis enim et beatae reprehenderit</span>','[{\"user_id\":4,\"approved_status\":1},{\"user_id\":5,\"approved_status\":1}]',0,'2023-09-30'),(121,83,'Lorem 1.5','<span>Lorem ipsum dolor sit amet. Est quisquam ipsam At galisum adipisci non repudiandae quae. Et earum atque eum placeat sint cum saepe asperiores ut nihil commodi in explicabo repellendus qui perferendis enim et beatae reprehenderit</span><span>Lorem ipsum dolor sit amet. Est quisquam ipsam At galisum adipisci non repudiandae quae. Et earum atque eum placeat sint cum saepe asperiores ut nihil commodi in explicabo repellendus qui perferendis enim et beatae reprehenderit</span>','[{\"user_id\":5,\"approved_status\":1},{\"user_id\":9,\"approved_status\":1}]',0,'2023-09-28'),(122,78,'Lorem ipsum up','<span>Lorem ipsum dolor sit amet. Ab deserunt accusamus ab consequatur vitae sed omnis magni sed aliquam similique sed quia incidunt. Est molestiae labore quo sunt repellendus aut nostrum excepturi et debitis perferendis et dolorem error sit velit voluptatibus qui maxime repellendus. Eum aperiam odio hic dicta ullam nam incidunt voluptates ut quod corrupti sit magni tempora aut cumque possimus.</span>','[{\"user_id\":9,\"approved_status\":1},{\"user_id\":8,\"approved_status\":1}]',1,'2023-09-19'),(123,106,'Lorem ipsum ','<span>Lorem ipsum dolor sit amet. Id odio accusamus sed fugiat itaque sit odio sunt ex possimus praesentium cum iste necessitatibus. Ut inventore perspiciatis sit alias alias qui consectetur voluptatum vel doloribus iure eum laborum nesciunt.</span>','[{\"user_id\":9,\"approved_status\":1},{\"user_id\":7,\"approved_status\":1},{\"user_id\":6,\"approved_status\":1}]',0,'2023-11-19'),(141,120,'Blue Hive Sub1','<span>Lorem ipsum dolor sit amet. Sed autem omnis a unde delectus aut excepturi voluptatum. Sit repellat repellendus ut tenetur omnis et nemo omnis ut soluta similique sit tempora adipisci id harum officia et iste sint.</span>','[{\"user_id\":8,\"approved_status\":1},{\"user_id\":6,\"approved_status\":1}]',1,'2023-12-03'),(142,120,'Blue Hive Sub2','<span>Lorem ipsum dolor sit amet. Sed autem omnis a unde delectus aut excepturi voluptatum. Sit repellat repellendus ut tenetur omnis et nemo omnis ut soluta similique sit tempora adipisci id harum officia et iste sint.</span>','[{\"user_id\":9,\"approved_status\":1},{\"user_id\":7,\"approved_status\":1}]',1,'2023-12-02'),(143,121,'Basking Bingo sub1','<span>Lorem ipsum dolor sit amet. Eos optio asperiores et sunt dolor est magni quisquam eum consequatur quidem et obcaecati similique eos corrupti sint. Et atque aliquid ea sapiente maiores eos nulla quas hic quis doloremque et quia quos et possimus internos aut adipisci obcaecati.&#160;</span>','[{\"user_id\":9,\"approved_status\":1}]',1,'2023-12-03'),(144,121,'Basking Bingo sub2','<span>Lorem ipsum dolor sit amet. Eos optio asperiores et sunt dolor est magni quisquam eum consequatur quidem et obcaecati similique eos corrupti sint.</span>','[{\"user_id\":6,\"approved_status\":1}]',1,'2023-12-08'),(145,121,'Basking Bingo sub3','<span>Lorem ipsum dolor sit amet. Eos optio asperiores et sunt dolor est magni quisquam eum consequatur quidem et obcaecati similique eos corrupti sint.</span>','[{\"user_id\":1,\"approved_status\":1}]',1,'2023-12-09'),(151,79,'Book Bound','<span>Lorem ipsum dolor sit amet. Ut repudiandae dignissimos ea rerum amet est distinctio officia qui obcaecati officia qui quos eligendi. Et repellat officiis eos culpa maxime ut suscipit cumque.</span>','[{\"user_id\":9,\"approved_status\":1}]',0,'2023-09-20'),(152,79,'Lorem ipsum dolor ','<span>Lorem ipsum dolor sit amet. Ut repudiandae dignissimos ea rerum amet est distinctio officia qui obcaecati officia qui quos eligendi. Et repellat officiis eos culpa maxime ut suscipit cumque.</span>','[{\"user_id\":8,\"approved_status\":1}]',0,'2023-09-20'),(160,176,'task to do today','task to do today','[{\"user_id\":9,\"approved_status\":1},{\"user_id\":8,\"approved_status\":1}]',1,'2023-12-11'),(169,192,'wedw','fbf','[{\"user_id\":1,\"approved_status\":1}]',1,'2023-12-28'),(184,211,'yhfyth','yft<font face=\"Arial\" size=\"2\">h rthr ryjutyj7</font>','[{\"user_id\":8,\"approved_status\":1},{\"user_id\":7,\"approved_status\":1}]',0,'2024-01-08'),(185,211,'regretg','ergtr<font face=\"Arial\" size=\"2\">liu;p</font>','[{\"user_id\":6,\"approved_status\":1},{\"user_id\":2,\"approved_status\":1}]',0,'2024-01-08'),(193,217,'lorem test','<font face=\"Arial\" size=\"2\">lorem test description</font>','[{\"approved_status\":1},{\"approved_status\":1}]',1,'2024-01-08'),(196,219,' consectetur adipiscing elit,','&#160;consectetur adipiscing elit,&#160;consectetur adipiscing elit,&#160;consectetur adipiscing elit,&#160;consectetur adipiscing elit,&#160;consectetur adipiscing elit,&#160;consectetur adipiscing elit,&#160;consectetur adipiscing elit,&#160;consectetur adipiscing elit,&#160;consectetur adipiscing elit,&#160;consectetur adipiscing elit,&#160;consectetur adipiscing elit,&#160;consectetur adipiscing elit,&#160;consectetur adipiscing elit,&#160;consectetur adipiscing elit,&#160;consectetur adipiscing elit,&#160;consectetur adipiscing elit,&#160;consectetur adipiscing elit,&#160;consectetur adipiscing elit,&#160;consectetur adipiscing elit,&#160;consectetur adipiscing elit,&#160;consectetur adipiscing elit,&#160;consectetur adipiscing elit,&#160;consectetur adipiscing elit,&#160;consectetur adipiscing elit,&#160;consectetur adipiscing elit,&#160;consectetur adipiscing elit,&#160;consectetur adipiscing elit,&#160;consectetur adipiscing elit,&#160;consectetur adipiscing elit,&#160;consectetur adipiscing elit,&#160;consectetur adipiscing elit,&#160;consectetur adipiscing elit,&#160;consectetur adipiscing elit,&#160;consectetur adipiscing elit,&#160;consectetur adipiscing elit,&#160;consectetur adipiscing elit,','[{\"user_id\":9,\"approved_status\":1}]',1,'2024-01-09'),(208,57,'Elevated Events sub 1','<span>Lorem ipsum dolor sit amet. Ut laudantium quia in repellendus placeat eos eveniet doloribus qui adipisci harum sed aperiam fugit. Ut iusto ducimus ut veniam dolor qui similique soluta est sint eligendi.</span>','[{\"user_id\":8,\"approved_status\":1},{\"user_id\":1,\"approved_status\":1}]',0,'2023-09-23'),(209,57,'Elevated Events sub 2','<span>Lorem ipsum dolor sit amet. Ut laudantium quia in repellendus placeat eos eveniet doloribus qui adipisci harum sed aperiam fugit. Ut iusto ducimus ut veniam dolor qui similique soluta est sint eligendi.</span>','[{\"user_id\":8,\"approved_status\":1},{\"user_id\":1,\"approved_status\":1}]',0,'2023-09-22'),(212,218,'tfikyukyoilk','<font face=\"Arial\" size=\"2\">yujkyukjiy</font>','[{\"user_id\":8,\"approved_status\":1},{\"user_id\":1,\"approved_status\":1}]',0,'2024-01-08'),(213,218,'drfgdertg','rtghrh<font face=\"Arial\" size=\"2\">&#160;rtjhyt</font>','[{\"user_id\":9,\"approved_status\":1},{\"user_id\":6,\"approved_status\":1}]',0,'2024-01-09'),(214,234,'dicta001','<span>Lorem ipsum dolor sit amet. Et aliquam harum qui pariatur itaque sit quas dolor sit</span>','[{\"user_id\":8,\"approved_status\":1},{\"user_id\":7,\"approved_status\":1}]',1,'2024-01-22'),(215,234,'dicta002','<span>Lorem ipsum dolor sit amet. Et aliquam harum qui pariatur itaque sit quas dolor sit</span>','[{\"user_id\":6,\"approved_status\":1},{\"user_id\":4,\"approved_status\":1}]',1,'2024-01-19'),(216,234,'dicta003','<span>Lorem ipsum dolor sit amet. Et aliquam harum qui pariatur itaque sit quas dolor sit</span>','[{\"user_id\":2,\"approved_status\":1}]',1,'2024-01-20'),(217,235,'ipsum001','<span>Lorem ipsum dolor sit a</span><span>&#160;ipsum dolor sit a</span>','[{\"user_id\":6,\"approved_status\":1}]',1,'2024-01-20'),(218,235,'ipsum002','<span>Lorem ipsum dolor sit a</span><span>Lorem ipsum dolor sit a</span>','[{\"user_id\":8,\"approved_status\":1},{\"user_id\":7,\"approved_status\":1}]',1,'2024-01-20'),(219,236,'Cu 001','Cum sociis n Cum sociis n','[{\"user_id\":6,\"approved_status\":1}]',1,'2024-01-22'),(220,236,'Cu02',' Cum sociis natoque penatibus Cum sociis natoque penatibus Cum sociis natoque penatibus','[{\"user_id\":9,\"approved_status\":1}]',1,'2024-01-22'),(225,252,'Qui ','<span>Qui debitis autem ut eligendi&#160;</span>','[{\"user_id\":9,\"approved_status\":1},{\"user_id\":8,\"approved_status\":1}]',0,'2024-02-03'),(226,252,'debitis','<span>Qui debitis autem ut eligendi&#160;</span>','[{\"user_id\":4,\"approved_status\":1},{\"user_id\":2,\"approved_status\":1}]',0,'2024-02-03'),(227,255,'Mähen','<span>Regelm&#228;&#223;iges M&#228;hen des Rasens h&#228;lt das Gras auf einer optimalen H&#246;he und f&#246;rdert ein gleichm&#228;&#223;iges Wachstum.</span>','[{\"user_id\":9,\"approved_status\":1},{\"user_id\":8,\"approved_status\":1},{\"user_id\":7,\"approved_status\":1}]',1,'2024-02-16'),(228,255,'Bewässerung','<span>Gew&#228;hrleistung einer ausreichenden Bew&#228;sserung, um die Bodenfeuchtigkeit auf einem idealen Niveau zu halten und eine gleichm&#228;&#223;ige Grasentwicklung zu unterst&#252;tzen.</span>','[{\"user_id\":9,\"approved_status\":1},{\"user_id\":8,\"approved_status\":1},{\"user_id\":7,\"approved_status\":1}]',1,'2024-02-16'),(229,255,'Platzvorbereitung','<span>Vorbereitung des Spielfelds vor Veranstaltungen durch Markierung von Spielfeldgrenzen und anderen notwendigen Linien.</span>','[{\"user_id\":9,\"approved_status\":1},{\"user_id\":8,\"approved_status\":1},{\"user_id\":7,\"approved_status\":1}]',1,'2024-02-16'),(230,255,'Pflege der Spielfeldumgebung','<span>Pflege der angrenzenden Bereiche, wie Trib&#252;nen und Zuschauerbereiche, um eine saubere und sichere Umgebung zu gew&#228;hrleisten.</span>','[{\"user_id\":8,\"approved_status\":1},{\"user_id\":9,\"approved_status\":1},{\"user_id\":7,\"approved_status\":1}]',1,'2024-02-16'),(231,258,'ST1','<font face=\"Arial\" size=\"2\">lorem</font>','[{\"user_id\":9,\"approved_status\":1}]',0,'2024-02-07'),(251,260,'ST1','<font face=\"Arial\" size=\"2\">lorem</font>','[{\"user_id\":9,\"approved_status\":1}]',0,'2024-02-10'),(253,262,' sit amet','<span>Lorem ipsum dolor sit amet. Est vero galisum sed repudiandae assumenda et maiores</span>','[{\"user_id\":8,\"approved_status\":1},{\"user_id\":7,\"approved_status\":1}]',0,'2024-02-09'),(254,259,'ST1','<font face=\"Arial\" size=\"2\">lorem</font>','[{\"user_id\":9,\"approved_status\":1}]',1,'2024-02-10'),(261,263,'usto ut','<span>Lorem ipsum dolor sit amet.&#160;</span><span><font face=\"Arial\" size=\"2\">Est adipisci</font></span><span>&#160;iusto ut aliquam placeat ut quam ullam sit eius&#160;</span>','[{\"user_id\":9,\"approved_status\":1}]',0,'2024-02-09'),(262,243,' laboris nisi ut ali','Lorem ipsum dolor sit amet, consectetur adipiscing elit, sed do eiusmod &#10;tempor incididunt ut labore et dolore magna aliqua. Ut enim ad minim &#10;veniam, quis nostrud exercitation ullamco laboris nisi ut aliquip ex ea &#10;commodo consequat. Duis aute irure dolor in reprehenderit in voluptate &#10;velit esse cillum dolore eu fugiat nulla pariatur. Excepteur sint &#10;occaecat cupidatat non proident, sunt in culpa qui officia deserunt &#10;mollit anim id est laborum','[{\"user_id\":6,\"approved_status\":1}]',0,'2024-02-10'),(263,243,' lor in reprehenderit in voluptat','Lorem ipsum dolor sit amet, consectetur adipiscing elit, sed do eiusmod &#10;tempor incididunt ut labore et dolore magna aliqua. Ut enim ad minveniam, quis e &#10;velit esse cillum dolore eu fugiat nulla pariatur. Excepteur sint &#10;occaecat cupidatat non proident, sunt in culpa qui officia deserunt &#10;mollit anim id est laborum','[{\"user_id\":1,\"approved_status\":1}]',0,'2024-02-10'),(264,243,'erit in voluptate v','Lorem ipsum dolor sit amet, consectetur adipiscing elit, sed do eiusmod &#10;tempor incididunt ut labore et dolore magna aliqua. Ut enim ad minim &#10;veniam, quis nostrud exercitation ullamco laboris nisi ut aliquip ex ea &#10;commodo consequat. Duis aute irure dolor in reprehenderit in voluptate &#10;velit esse cillum dolore eu fugiat nulla pariatur. Excepteur sint &#10;occaecat cupidatat non proident, sunt in culpa qui officia deserunt &#10;mollit anim id est laborum','[{\"user_id\":9,\"approved_status\":1}]',0,'2024-02-10'),(265,243,'culpa qui offic','Lorem ipsum dolor sit amet, consectetur adipiscing elit, sed do eiusmod &#10;tempor incididunt ut labore et dolore magna aliqua. Ut enim ad minim &#10;veniam, quis nostrud exercitation ullamco laboris nisi ut aliquip ex ea &#10;commodo consequat. Duis aute irure dolor in reprehenderit in voluptate &#10;velit esse cillum dolore eu fugiat nulla pariatur. Excepteur sint &#10;occaecat cupidatat non proident, sunt in ia deserunt &#10;mollit anim id est laborum','[{\"user_id\":8,\"approved_status\":1}]',0,'2024-02-10'),(266,288,'Lorem','<font face=\"Arial\" size=\"2\">Lorem</font>','[{\"user_id\":9,\"approved_status\":1}]',1,'2024-02-13'),(271,293,'Sed aliquid debitis sit autem molestias','<span>Lorem ipsum dolor sit amet. Ut enim quis aut perferendis eveniet est voluptatem quia vel numquam nihil ut omnis expedita hic voluptatem repudiandae. Aut internos odio et similique assumenda et iure dolorem qui nobis dolore qui adipisci haru</span><span><font face=\"Arial\">m sed aliquid debitis sit autem molestias. Ut minima velit ut quia provident est voluptas ipsa id inventore quia qui aperiam laborum rem commodi similique.</font></span>','[{\"user_id\":8,\"approved_status\":1}]',0,'2024-02-14'),(272,293,'Ut minima velit ut quia provident es','Lorem ipsum dolor sit amet. Ut enim quis aut perferendis eveniet est voluptatem quia vel numquam nihil ut omnis expedita hic voluptatem repudiandae. Aut internos odio et similique assumenda et iure dolorem qui nobis dolore qui adipisci haru<font face=\"Arial\">m sed aliquid debitis sit autem molestias. <font size=\"2\">Ut minima velit ut quia provident </font>est voluptas ipsa id inventore quia qui aperiam laborum rem commodi similique.</font>','[{\"user_id\":9,\"approved_status\":1},{\"user_id\":7,\"approved_status\":1}]',0,'2024-02-14'),(274,301,'blanditiis11','<span>Lorem ipsum dolor sit amet. Id veritatis nulla et blanditiis quia ea quia voluptates quo inventore nobis.</span>','[{\"user_id\":8,\"approved_status\":1},{\"user_id\":6,\"approved_status\":1}]',0,'2024-02-21'),(275,301,'blanditiis22','<span>Lorem ipsum dolor sit amet. Id veritatis nulla et blanditiis quia ea quia voluptates quo inventore nobis.</span>','[{\"user_id\":8,\"approved_status\":1}]',0,'2024-02-21'),(277,306,'SubTask 21st feb for deny','Lorem ipsum dolor sit amet, consectetur adipiscing elit, sed do eiusmod &#10;tempor incididunt ut labore et dolore magna aliqua. Ut enim ad minim &#10;veniam, quis nostrud exercitation ullamco laboris nisi ut aliquip ex ea &#10;commodo consequat. Duis aute irure dolor in reprehenderit in voluptate &#10;velit esse cillum dolore eu fugiat nulla pariatur. Excepteur sint &#10;occaecat cupidatat non proident, sunt in culpa qui officia deserunt &#10;mollit anim id est laborum.','[{\"user_id\":9,\"approved_status\":1}]',0,'2024-02-21'),(278,307,'subTask 21 st for notification by admin','Lorem ipsum dolor sit amet, consectetur adipiscing elit, sed do eiusmod &#10;tempor incididunt ut labore et dolore magna aliqua. Ut enim ad minim &#10;veniam, quis nostrud exercitation ullamco laboris nisi ut aliquip ex ea &#10;commodo consequat. Duis aute irure dolor in reprehenderit in voluptate &#10;velit esse cillum dolore eu fugiat nulla pariatur. Excepteur sint &#10;occaecat cupidatat non proident, sunt in culpa qui officia deserunt &#10;mollit anim id est laborum.','[{\"user_id\":8,\"approved_status\":1},{\"user_id\":7,\"approved_status\":1}]',0,'2024-02-21'),(279,307,'STask 21 st for notification by admin','<font size=\"2\" face=\"Arial\">lorem</font>','[{\"user_id\":6,\"approved_status\":1}]',0,'2024-02-21'),(281,308,'Quo enim 11','<span>Lorem ipsum dolor sit amet. Quo enim deserunt et ducimus quidem et omnis sapiente et delectus r</span>','[{\"user_id\":6,\"approved_status\":1}]',0,'2024-02-22'),(282,305,'subTask 21st feb for accept notification','Lorem ipsum dolor sit amet, consectetur adipiscing elit, sed do eiusmod &#10;tempor incididunt ut labore et dolore magna aliqua. Ut enim ad minim &#10;veniam, quis nostrud exercitation ullamco laboris nisi ut aliquip ex ea &#10;commodo consequat. Duis aute irure dolor in reprehenderit in voluptate &#10;velit esse cillum dolore eu fugiat nulla pariatur. Excepteur sint &#10;occaecat cupidatat non proident, sunt in culpa qui officia deserunt &#10;mollit anim id est laborum.','[{\"user_id\":9,\"approved_status\":1},{\"user_id\":7,\"approved_status\":1}]',0,'2024-02-21'),(283,336,'subTask 13th march accept','Lorem ipsum dolor sit amet, consectetur adipiscing elit, sed do eiusmod &#10;tempor incididunt ut labore et dolore magna aliqua. Ut enim ad minim &#10;veniam, quis nostrud exercitation ullamco laboris nisi ut aliquip ex ea &#10;commodo consequat. Duis aute irure dolor in reprehenderit in voluptate &#10;velit esse cillum dolore eu fugiat nulla pariatur. Excepteur sint &#10;occaecat cupidatat non proident, sunt in culpa qui officia deserunt &#10;mollit anim id est laborum.','[{\"approved_status\":1},{\"user_id\":9,\"approved_status\":1},{\"user_id\":6,\"approved_status\":1}]',0,'2024-03-12'),(284,337,'subTask 13th march accept','Lorem ipsum dolor sit amet, consectetur adipiscing elit, sed do eiusmod &#10;tempor incididunt ut labore et dolore magna aliqua. Ut enim ad minim &#10;veniam, quis nostrud exercitation ullamco laboris nisi ut aliquip ex ea &#10;commodo consequat. Duis aute irure dolor in reprehenderit in voluptate &#10;velit esse cillum dolore eu fugiat nulla pariatur. Excepteur sint &#10;occaecat cupidatat non proident, sunt in culpa qui officia deserunt &#10;mollit anim id est laborum.','[{\"user_id\":9,\"approved_status\":1},{\"user_id\":6,\"approved_status\":1}]',1,'2024-03-12'),(285,338,'sub taks 13','sub task<br>','[{\"user_id\":9,\"approved_status\":1},{\"user_id\":6,\"approved_status\":1}]',0,'2024-03-12'),(311,347,'sadfasdf','sdfasdf','[{\"user_id\":9,\"approved_status\":1},{\"user_id\":8,\"approved_status\":1}]',0,'2024-03-22'),(313,342,'Aut facere11','<span>&#160;Aut facere architecto ut doloremque quibusdam qui Quis eaque ut consequatur dolorem sit dolor obcaecati ut nulla internos</span><br>','[{\"user_id\":9,\"approved_status\":1},{\"user_id\":6,\"approved_status\":1}]',0,'2024-03-19'),(314,348,'test subtask 124','<strong>Lorem Ipsum</strong><span>&#160;is simply dummy text of the printing and typesetting industry. Lorem Ipsum has been the industry\'s standard dummy text ever since the 1500s, when an unknown printer took a galley of type and scrambled it to make a type specimen book. It has survived not only five centuries, but also the leap into electronic typesetting, remaining essentially unchanged. It was popularised in the 1960s with the release of Letraset sheets containing Lorem Ipsum passages, and more recently with desktop publishing software like Aldus PageMaker including versions of Lorem Ipsu</span>','[{\"user_id\":9,\"approved_status\":1},{\"user_id\":8,\"approved_status\":1}]',0,'2024-03-25'),(315,348,'test subtask224','<strong>Lorem Ipsum</strong><span>&#160;is simply dummy text of the printing and typesetting industry. Lorem Ipsum has been the industry\'s standard dummy text ever since the 1500s, when an unknown printer took a galley of type and scrambled it to make a type specimen book. It has survived not only five centuries, but also the leap into electronic typesetting, remaining essentially unchanged. It was popularised in the 1960s with the release of Letraset sheets containing Lorem Ipsum passages, and more recently with desktop publishing software like Aldus PageMaker including versions of Lorem Ipsu</span>','[{\"user_id\":1,\"approved_status\":1},{\"user_id\":2,\"approved_status\":1},{\"user_id\":4,\"approved_status\":1},{\"user_id\":6,\"approved_status\":1}]',0,'2024-03-27'),(318,350,'sub-task created by Helge 21March','<font face=\"Arial\" size=\"2\">task created by Helge 21March</font>','[{\"user_id\":9,\"approved_status\":1},{\"user_id\":6,\"approved_status\":1}]',0,'2024-03-23'),(319,350,'sub-task created by Helge 21March2','<font face=\"Arial\" size=\"2\">sub-task created by Helge 21March</font>','[{\"user_id\":4,\"approved_status\":1},{\"user_id\":6,\"approved_status\":1}]',0,'2024-03-23'),(330,352,'sub task for notifications','<font size=\"2\" face=\"Arial\">lorem</font>','[{\"user_id\":51,\"approved_status\":1}]',1,'2024-03-22'),(331,352,'sub task for notifications2','<font face=\"Arial\" size=\"2\">sub task for notifications2</font>','[{\"user_id\":50,\"approved_status\":1}]',1,'2024-03-22'),(332,351,'test21_01','<font face=\"Arial\" size=\"2\">test</font>','[{\"user_id\":6,\"approved_status\":1}]',0,'2024-03-23'),(333,351,'test21_02','<font face=\"Arial\" size=\"2\">test21_01</font>','[{\"user_id\":9,\"approved_status\":1}]',0,'2024-03-23'),(334,353,'subtask_22March_editior','subtask_22March_editior','[{\"user_id\":9,\"approved_status\":1}]',0,'2024-03-23'),(335,354,'sit amet001','<span>Lorem ipsum dolor sit amet. Sed laudantium vero sed tenetur libero sit repellat cupiditate quo quod saepe qui molestiae rerum qui cupiditate dolor.&#160;</span>','[{\"user_id\":6,\"approved_status\":1}]',0,'2024-03-22'),(338,357,'Vel amet Sub','Rerum molestiae aliq.3r Rerum molestiae aliq.3r<br>','[{\"user_id\":6,\"approved_status\":1}]',1,'2024-03-28'),(358,368,'Hazel sub1','<span>Lorem ipsum dolor sit amet. Vel accusantium fuga ut galisum eius ut reprehenderit soluta quo ratione tenetur et laborum consectetur non nihil cor</span>','[{\"user_id\":9,\"approved_status\":1}]',0,'2024-03-30'),(359,368,'Hazel sub2','<span>Lorem ipsum dolor sit amet.</span>','[{\"user_id\":1,\"approved_status\":1}]',1,'2024-03-31'),(360,355,'Sub task 26th march','<font face=\"Arial\" size=\"2\">lorem</font>','[{\"user_id\":50,\"approved_status\":1}]',1,'2024-03-29'),(361,372,'sub task mobile','<font face=\"Arial\" size=\"2\">lorem</font><br>','[{\"user_id\":49,\"approved_status\":1}]',1,'2024-03-29'),(365,370,'zxcxcx','cxzcxzczc','[{\"user_id\":9,\"approved_status\":1}]',0,'2024-03-30'),(367,376,'Sonaseis SUB','<span>Lorem ipsum dolor sit amet.&#160;</span>','[{\"user_id\":9,\"approved_status\":1},{\"user_id\":1,\"approved_status\":1}]',0,'2024-04-01'),(368,377,'In vero repudiandae ','Numquam minus pariat.<font face=\"Arial\" size=\"2\">&#160;</font>','[{\"approved_status\":1},{\"approved_status\":1},{\"approved_status\":1},{\"approved_status\":1}]',0,'2024-04-02'),(369,386,'sub task for 5th April Task','<font face=\"Arial\" size=\"2\">5th April Task with subtask</font>','[{\"user_id\":9,\"approved_status\":1},{\"user_id\":8,\"approved_status\":1},{\"user_id\":7,\"approved_status\":1}]',0,'2024-04-06'),(370,387,'sit amet','<span>Lorem ipsum dolor sit amet. Ut exercitationem</span>','[{\"user_id\":9,\"approved_status\":1}]',0,'2024-04-09'),(371,387,'dolor ','<span>Lorem ipsum dolor sit amet</span>','[{\"user_id\":6,\"approved_status\":1},{\"user_id\":4,\"approved_status\":1}]',0,'2024-04-09'),(372,406,'Sub task 1','<span>With the&#160;</span><span>online text generator</span><span>&#160;you can process your personal&#160;</span><span>Lorem Ipsum</span><span>&#160;enriching it with html elements that define its structure, with the possibility to insert external links, but not only.</span>','[{\"user_id\":9,\"approved_status\":1}]',0,'2024-04-15'),(373,406,'Sub Task 2','<span>With the&#160;</span><span>online text generator</span><span>&#160;you can process your personal&#160;</span><span>Lorem Ipsum</span><span>&#160;enriching it with html elements that define its structure, with the possibility to insert external links, but not only.</span>','[{\"user_id\":8,\"approved_status\":1}]',0,'2024-04-15'),(375,415,'subnew-15','<span>Lorem ipsum dolor sit amet. Et dicta eaque aut galisum omnis et quas voluptas et illo excepturi&#160;</span>','[{\"user_id\":7,\"approved_status\":1},{\"user_id\":6,\"approved_status\":1},{\"user_id\":4,\"approved_status\":1}]',0,'2024-04-16'),(376,360,' Rem sint  SUB','<span>Lorem ipsum dolor sit amet.</span>','[{\"user_id\":7,\"approved_status\":1}]',0,'2024-03-31'),(378,421,'Vel risus commodo viverra m','u non diam phasellus &#10;vestibulum. Neque convallis a cras semper auctor. Elementum curabitur &#10;vitae nunc sed velit dignissim sodales. Lobortis feugiat vivamus at &#10;augue eget arcu dictum. Arcu cursus euismod quis viverra nibh cras &#10;pulvinar. Fringilla est ullamcorper eget nulla facilisi. Augue mauris &#10;augue neque gravida in fermentum et sollicitudin. Arcu odio ut sem nulla&#10; pharetra diam sit. Et sollicitudin ac orci phasellus egestas tellus. &#10;Orci ac auctor augue mauris augue neque. Lectus vestibulum mattis &#10;ullamcorper velit. Enim facilisis gravida neque convallis a. Sodales ut &#10;etiam sit amet nisl purus in. Arcu bibendum at varius vel pharetra vel &#10;turpis nunc. Imperdiet dui accumsan sit amet nulla facilisi morbi tempus&#10; iaculis. Tortor consequat id porta nibh venenatis cras sed felis eget. &#10;Aliquam faucibus purus in massa.','[{\"user_id\":9,\"approved_status\":1},{\"user_id\":8,\"approved_status\":1},{\"user_id\":6,\"approved_status\":1}]',0,'2024-04-24'),(379,420,'task sub','<font face=\"Arial\" size=\"2\">lorem</font>','[{\"user_id\":9,\"approved_status\":1},{\"user_id\":8,\"approved_status\":1},{\"user_id\":7,\"approved_status\":1},{\"user_id\":4,\"approved_status\":1},{\"user_id\":6,\"approved_status\":1}]',0,'2024-04-17'),(383,422,'Sapiente molestias v','Voluptate aliqua<font face=\"Arial\" size=\"2\">vn</font>. Cu.&#160;','[{\"user_id\":9,\"approved_status\":1},{\"user_id\":8,\"approved_status\":1}]',0,'2024-04-26'),(384,424,'Test Sub 1','<p>Contrary to popular belief, Lorem Ipsum is not simply random text. It has roots in a piece of classical Latin literature from 45 BC, making it over 2000 years old. Richard McClintock, a Latin professor at Hampden-Sydney College in Virginia, looked up one of the more obscure Latin words, consectetur, from a Lorem Ipsum passage, and going through the cites of the word in classical literature, discovered the undoubtable source. Lorem Ipsum comes from sections 1.10.32 and 1.10.33 of &#34;de Finibus Bonorum et Malorum&#34; (The Extremes of Good and Evil) by Cicero, written in 45 BC. This book is a treatise on the theory of ethics, very popular during the Renaissance. The first line of Lorem Ipsum, &#34;Lorem ipsum dolor sit amet..&#34;, comes from a line in section 1.10.32.</p><p><br></p>','[{\"approved_status\":1}]',0,'2024-04-24'),(391,441,'dasdsa','dasdsadasdsa','[{\"user_id\":9,\"approved_status\":1}]',0,'2024-05-10'),(392,445,'ja ja repan','snanananananan','[{\"user_id\":7,\"approved_status\":1},{\"user_id\":6,\"approved_status\":1}]',0,'2024-05-17'),(395,446,'subtask use case 1','ja ja re pwana ','[{\"user_id\":7,\"approved_status\":1},{\"user_id\":4,\"approved_status\":1}]',0,'2024-05-16'),(396,446,'use case 1 ','akash ha koi ','[{\"user_id\":7,\"approved_status\":1},{\"user_id\":8,\"approved_status\":1}]',0,'2024-05-14'),(399,451,'Subtask by secretry','hello done','[{\"user_id\":9,\"approved_status\":1}]',0,'2024-05-31'),(400,453,'Editor created subtaks','<strong>Lorem Ipsum</strong><span>&#160;is simply dummy text of the printing and typesetting industry. Lorem Ipsum has been the industry\'s standard dummy text ever since the 1500s, when an unknown printer took a galley of type and scrambled it to make a type specimen book. It has survived not only five centuries, but also the leap into electronic typesetting, remaining essentially unchanged. It was popularised in the 1960s with the release of Letraset sheets containing Lorem Ipsum passages, and more recently with desktop publishing software like Aldus PageMaker including versions of Lorem Ipsum.</span>','[{\"user_id\":8,\"approved_status\":1},{\"user_id\":7,\"approved_status\":1}]',0,'2024-05-28'),(401,455,'subtask','<strong>Lorem Ipsum</strong><span>&#160;is simply dummy text of the printing and typesetting industry. Lorem Ipsum has been the industry\'s standard dummy text ever since the 1500s, when an unknown printer took a galley of type and scrambled it to make a type specimen book. It has survived not only five centuries, but also the leap into electronic typesetting, remaining essentially unchanged. It was popularised in the 1960s with the release of Letraset sheets containing Lorem Ipsum passages, and more recently with desktop publishing software like Aldus PageMaker including versions of Lorem Ipsum.</span>','[{\"user_id\":9,\"approved_status\":1},{\"user_id\":8,\"approved_status\":1}]',0,'2024-05-28'),(403,463,'test','<span>0%-60% of the testers time.&#160;</span>','[{\"user_id\":4,\"approved_status\":1},{\"user_id\":6,\"approved_status\":1},{\"user_id\":8,\"approved_status\":1},{\"user_id\":9,\"approved_status\":1}]',0,'2024-07-12'),(404,473,'undoubtable subtask1','<span>Lorem Ipsum</span><span>&#160;is simply dummy text of the printing and typesetting industry. Lorem Ipsum has been the industry\'s standard dummy text ever since the 1500s,&#160;</span><br>','[{\"user_id\":4,\"approved_status\":1},{\"user_id\":9,\"approved_status\":1},{\"user_id\":8,\"approved_status\":1}]',0,'2024-07-30'),(405,473,'undoubtable sutask2','<span>Lorem Ipsum</span><span>&#160;is simply dummy text of the printing and typesetting industry. Lorem Ipsum has been the industry\'s standard dummy text ever since the 1500s,&#160;</span><br>','[{\"user_id\":4,\"approved_status\":1},{\"user_id\":7,\"approved_status\":1},{\"user_id\":6,\"approved_status\":1}]',0,'2024-07-30'),(406,478,'Malorum subtask1','<span>Lorem Ipsum</span><span>&#160;is simply dummy text of the printing and typesetting industry. Lorem Ipsum has been the industry\'s standard dummy text ever since the 1500s, when an unknown printer took a galley of type and scrambled&#160;</span><br>','[{\"user_id\":9,\"approved_status\":1}]',0,'2024-08-15'),(407,478,'Malorum subtask2','<span>Lorem Ipsum</span><span>&#160;is simply dummy text of the printing and typesetting industry. Lorem Ipsum has been the industry\'s standard dummy text ever since the 1500s, when an unknown printer took a galley of type and scrambled&#160;</span>','[{\"user_id\":8,\"approved_status\":1}]',0,'2024-08-15'),(408,481,'Sit repu subtask1 w/o grp','<span>At vero eos et accusamus et iusto odio dignissimos ducimus qui blanditiis praesentium voluptatum deleniti atque corrupti quos dolores et quas molestias excepturi sint occaecati cupiditate non provident, similique sunt in culpa qui officia deserunt mollitia animi, id est laborum et dolorum fuga</span>','[{\"user_id\":8,\"approved_status\":1},{\"user_id\":7,\"approved_status\":1}]',0,'2024-08-30'),(409,481,'Sit repu subtask2 w/o grp','<span>At vero eos et accusamus et iusto odio dignissimos ducimus qui blanditiis praesentium voluptatum deleniti atque corrupti quos dolores et quas molestias excepturi sint occaecati cupiditate non provident, similique sunt in culpa qui officia deserunt mollitia animi, id est laborum et dolorum fuga</span><br>','[{\"user_id\":2,\"approved_status\":1}]',0,'2024-08-30'),(410,482,'Voluptatum subtadsk w grp 1','<span>At vero eos et accusamus et iusto odio dignissimos ducimus qui blanditiis praesentium voluptatum deleniti atque corrupti quos dolores et quas molestias excepturi sint occaecati cupiditate non provident, similique sunt in culpa qui officia deserunt mollitia animi, id est laborum et dolorum fuga</span>','[{\"user_id\":7,\"approved_status\":1}]',1,'2024-08-30'),(411,483,'Short term sub-task 1','<div><p><strong>Lorem Ipsum</strong>&#160;is simply dummy text of the printing and typesetting industry. Lorem Ipsum has been the industry\'s standard dummy text ever since the 1500s, when an unknown printer took a galley of type and scrambled it to make a type specimen book. It has survived not only five centuries, but also the leap into electronic typesetting, remaining essentially unchanged. It was popularised in the 1960s with the release of Letraset sheets containing Lorem Ipsum passages, and more recently with desktop publishing software like Aldus PageMaker including versions of Lorem Ipsum.</p><p><br></p></div><div></div>','[{\"user_id\":9,\"approved_status\":1}]',1,'2024-08-14'),(412,483,'Short term sub-task 2','<p>Contrary to popular belief, Lorem Ipsum is not simply random text. It has roots in a piece of classical Latin literature from 45 BC, making it over 2000 years old. Richard McClintock, a Latin professor at Hampden-Sydney College in Virginia, looked up one of the more obscure Latin words, consectetur, from a Lorem Ipsum passage, and going through the cites of the word in classical literature, discovered the undoubtable source. Lorem Ipsum comes from sections 1.10.32 and 1.10.33 of &#34;de Finibus Bonorum et Malorum&#34; (The Extremes of Good and Evil) by Cicero, written in 45 BC. This book is a treatise on the theory of ethics, very popular during the Renaissance. The first line of Lorem Ipsum, &#34;Lorem ipsum dolor sit amet..&#34;, comes from a line in section 1.10.32.</p><p><br></p>','[{\"user_id\":7,\"approved_status\":1}]',1,'2024-08-13'),(413,484,'PTL sub-task 1','<p>Contrary to popular belief, Lorem Ipsum is not simply random text. It has roots in a piece of classical Latin literature from 45 BC, making it over 2000 years old. Richard McClintock, a Latin professor at Hampden-Sydney College in Virginia, looked up one of the more obscure Latin words, consectetur, from a Lorem Ipsum passage, and going through the cites of the word in classical literature, discovered the undoubtable source. Lorem Ipsum comes from sections 1.10.32 and 1.10.33 of &#34;de Finibus Bonorum et Malorum&#34; (The Extremes of Good and Evil) by Cicero, written in 45 BC. This book is a treatise on the theory of ethics, very popular during the Renaissance. The first line of Lorem Ipsum, &#34;Lorem ipsum dolor sit amet..&#34;, comes from a line in section 1.10.32.</p><p><br></p>','[{\"user_id\":9,\"approved_status\":1}]',1,'2024-08-18'),(416,485,'TS sub-task 1','<p>It is a long established fact that a reader will be distracted by the readable content of a page when looking at its layout. The point of using Lorem Ipsum is that it has a more-or-less normal distribution of letters, as opposed to using \'Content here, content here\', making it look like readable English. <br></p><br class=\"Apple-interchange-newline\"><br>','[{\"user_id\":8,\"approved_status\":1}]',1,'2024-08-16'),(417,485,'TS sub-task 2','Many desktop publishing packages and web page editors now use Lorem &#10;Ipsum as their default model text, and a search for \'lorem ipsum\' will &#10;uncover many web sites still in their infancy. Various versions have &#10;evolved over the years, sometimes by accident, sometimes on purpose &#10;(injected humour and the like).','[{\"user_id\":9,\"approved_status\":1}]',1,'2024-08-13'),(420,487,'subtask of deleted-user groupTask','<font face=\"Arial\" size=\"2\">subtask of deleted-user groupTask</font>','[{\"user_id\":53,\"approved_status\":1},{\"user_id\":55,\"approved_status\":1}]',0,'2024-08-16'),(421,489,'subtask of yc_task','<font face=\"Arial\" size=\"2\">subtask of yc_task</font>','[{\"user_id\":57,\"approved_status\":1},{\"user_id\":55,\"approved_status\":1}]',0,'2024-08-14'),(422,490,'subtask for yc_groupTask','<font face=\"Arial\" size=\"2\">subtask for yc_groupTask</font>','[{\"user_id\":57,\"approved_status\":1},{\"user_id\":53,\"approved_status\":1}]',0,'2024-08-14'),(423,491,'subtak of task for testing','<font face=\"Arial\" size=\"2\">task for testing</font>','[{\"user_id\":8,\"approved_status\":1},{\"user_id\":7,\"approved_status\":1},{\"user_id\":2,\"approved_status\":1}]',0,'2024-08-14'),(424,491,'subtask2 of task for testing','<font face=\"Arial\" size=\"2\">task for testing</font>','[{\"user_id\":9,\"approved_status\":1},{\"user_id\":2,\"approved_status\":1}]',0,'2024-08-14'),(425,491,'subtask 3 task for testing','<font face=\"Arial\" size=\"2\">task for testing</font>','[{\"user_id\":2,\"approved_status\":1},{\"user_id\":7,\"approved_status\":1}]',0,'2024-08-14'),(426,492,'Bonorum subtask 1','<span>Lorem Ipsum has been the industry\'s standard dummy text ever since the 1500s, when an unknown printer took a galley of type and scrambled it to make a type specimen book. It has survived not only five centuries, but also the leap into electronic typesetting, remaining essentially uncha</span>','[{\"user_id\":9,\"approved_status\":1}]',1,'2024-08-30'),(427,492,'Bonorum subtask2','<span>Lorem Ipsum has been the industry\'s standard dummy text ever since the 1500s, when an unknown printer took a galley of type and scrambled it to make a type specimen book. It has survived not only five centuries, but also the leap into electronic typesetting, remaining essentially uncha</span>','[{\"user_id\":8,\"approved_status\":1}]',1,'2024-08-30'),(431,499,'Nihil qui  sub YC','In et ullamco molest.','[{\"user_id\":9,\"approved_status\":1},{\"user_id\":8,\"approved_status\":1}]',0,'2024-08-15'),(433,506,'scrambled subtask 1 ','<strong>Lorem Ipsum</strong><span>&#160;is simply dummy text of the printing and typesetting industry. Lorem Ipsum has been the industry\'s standard dummy text ever since the 1500s, when an unknown printer took a galley of type and scrambled it to make a t</span>','[{\"user_id\":9,\"approved_status\":1}]',1,'2024-08-30'),(435,480,'sbt1','<font size=\"2\" face=\"Arial\">gxfdg</font>','[{\"user_id\":9,\"approved_status\":1}]',1,'2024-08-16'),(436,480,'sbt 2','<font size=\"2\" face=\"Arial\">gfcdgh</font>','[{\"user_id\":9,\"approved_status\":1},{\"user_id\":8,\"approved_status\":1}]',1,'2024-08-17'),(437,507,'GST 1 - M Aug 14 - E','<p>Contrary to popular belief, Lorem Ipsum is not simply random text. It&#10; has roots in a piece of classical Latin literature from 45 BC, making &#10;it over 2000 years old. Richard McClintock, a Latin professor at &#10;Hampden-Sydney College in Virginia, looked up one of the more obscure &#10;Latin words, consectetur, from a Lorem Ipsum passage, and going through &#10;the cites of the word in classical literature, discovered the &#10;undoubtable source. Lorem Ipsum comes from sections 1.10.32 and 1.10.33 &#10;of &#34;de Finibus Bonorum et Malorum&#34; (The Extremes of Good and Evil) by &#10;Cicero, written in 45 BC. This book is a treatise on the theory of &#10;ethics, very popular during the Renaissance. The first line of Lorem &#10;Ipsum, &#34;Lorem ipsum dolor sit amet..&#34;, comes from a line in section &#10;1.10.32.</p>','[{\"user_id\":55,\"approved_status\":1},{\"user_id\":54,\"approved_status\":1},{\"user_id\":52,\"approved_status\":1}]',0,'2024-08-19'),(438,507,'GST 2 - M Aug 14 - E','<p>There are many variations of passages of Lorem Ipsum available, but &#10;the majority have suffered alteration in some form, by injected humour, &#10;or randomised words which don\'t look even slightly believable. If you &#10;are going to use a passage of Lorem Ipsum, you need to be sure there &#10;isn\'t anything embarrassing hidden in the middle of text. All the Lorem &#10;Ipsum generators on the Internet tend to repeat predefined chunks as &#10;necessary, making this the first true generator on the Internet. It uses&#10; a dictionary of over 200 Latin words, combined with a handful of model &#10;sentence structures, to generate Lorem Ipsum which looks reasonable. The&#10; generated Lorem Ipsum is therefore always free from repetition, &#10;injected humour, or non-characteristic words etc.</p>','[{\"user_id\":55,\"approved_status\":1},{\"user_id\":54,\"approved_status\":1}]',0,'2024-08-18'),(439,508,'Forward Insight subtask','<span>Lorem Ipsum</span><span>&#160;is simply dummy text of the printing and typesetting industry. Lorem Ipsum has been the industry\'s standard dummy text ever since the 1500s,&#160;</span>','[{\"user_id\":9,\"approved_status\":1},{\"user_id\":8,\"approved_status\":1},{\"user_id\":7,\"approved_status\":1},{\"user_id\":2,\"approved_status\":1},{\"user_id\":1,\"approved_status\":1}]',0,'2024-08-31'),(450,493,'omnis voluptas subtask1','<span>The standard chunk of Lorem Ipsum used since the 1500s is reproduced below for those interested. Sections 1.10.32 and 1.10.33 from &#34;de Finibus Bonorum e</span>','[{\"user_id\":9,\"approved_status\":1}]',0,'2024-08-29'),(451,493,'omnis voluptas subtask2','<span>The standard chunk of Lorem Ipsum used since the 1500s is reproduced below for those interested. Sections 1.10.32 and 1.10.33 from &#34;de Finibus Bonorum e</span>','[{\"user_id\":8,\"approved_status\":1},{\"user_id\":7,\"approved_status\":1}]',0,'2024-08-29'),(452,510,'Task 20-Aug E GS ST 1  U','<p>It is a long established fact that a reader will be distracted by the readable content of a page when looking at its layout. The point of using Lorem Ipsum is that it has a more-or-less normal distribution of letters, as opposed to using \'Content here, content here\', making it look like readable English. <br></p><br class=\"Apple-interchange-newline\"><br>','[{\"user_id\":9,\"approved_status\":1},{\"user_id\":8,\"approved_status\":1}]',0,'2024-08-25'),(453,510,'Task 20-Aug E GS ST 2 U','Many desktop publishing packages and web page editors now use Lorem &#10;Ipsum as their default model text, and a search for \'lorem ipsum\' will &#10;uncover many web sites still in their infancy. Various versions have &#10;evolved over the years, sometimes by accident, sometimes on purpose &#10;(injected humour and the like).','[{\"user_id\":7,\"approved_status\":1},{\"user_id\":1,\"approved_status\":1}]',0,'2024-08-24'),(454,511,'Letraset subtask1','<span>Letraset</span>','[{\"user_id\":4,\"approved_status\":1},{\"user_id\":7,\"approved_status\":1},{\"user_id\":2,\"approved_status\":1}]',0,'2024-09-10'),(455,511,'Letraset subtask2','<span>orem Ipsum</span><span>&#160;is simply dummy text of the printing and typesetting industry. Lorem Ipsum has been the industry\'s standard dummy text ever since the 1500s, when an unknown printer took a galley of type and scrambled i</span>','[{\"user_id\":4,\"approved_status\":1},{\"user_id\":7,\"approved_status\":1},{\"user_id\":8,\"approved_status\":1},{\"user_id\":9,\"approved_status\":1}]',0,'2024-09-10'),(460,512,'consectetur subtaks1','<span>Contrary to popular belief, Lorem Ipsum is not simply random text. It has roots in a piece of classical Latin literature from 45 BC, making it over 2000 year</span>','[{\"user_id\":9,\"approved_status\":1},{\"user_id\":8,\"approved_status\":1},{\"user_id\":7,\"approved_status\":1},{\"user_id\":4,\"approved_status\":1}]',0,'2024-09-28'),(461,512,'consectetur subtask2','<span>Contrary to popular belief, Lorem Ipsum is not simply random text. It has roots in a piece of classical Latin literature from 45 BC, making it over 2000 year</span>','[{\"user_id\":7,\"approved_status\":1},{\"user_id\":2,\"approved_status\":1},{\"user_id\":1,\"approved_status\":1},{\"user_id\":4,\"approved_status\":1}]',0,'2024-09-28'),(464,519,'repudiated subtask1','<span>At vero eos et accusamus et iusto odio dignissimos ducimus qui blanditiis praesentium voluptatum deleniti atque corrupti quos dolores et quas molestias excepturi sint occaecati cupiditate non provident, similique sunt in culpa qui officia deserunt mollitia animi, id est laborum et dolorum fuga. Et harum quidem rerum facil</span>','[{\"user_id\":4,\"approved_status\":1},{\"user_id\":2,\"approved_status\":1}]',0,'2024-08-30'),(465,519,'repudiated subtask2','<span>At vero eos et accusamus et iusto odio dignissimos ducimus qui blanditiis praesentium voluptatum deleniti atque corrupti quos dolores et quas molestias excepturi sint occaecati cupiditate non provident, similique sunt in culpa qui officia deserunt mollitia animi, id est laborum et dolorum fuga. Et harum quidem rerum facil</span>','[{\"user_id\":4,\"approved_status\":1},{\"user_id\":7,\"approved_status\":1},{\"user_id\":8,\"approved_status\":1},{\"user_id\":9,\"approved_status\":1}]',0,'2024-08-30'),(466,520,'mollitia subtask','<span>At vero eos et accusamus et iusto odio dignissimos ducimus qui blanditiis praesentium voluptatum deleniti atque corrupti quos dolores et quas molestias excepturi sint occaecati cupiditate non provident, similique sunt in culpa qui officia deserunt mollitia animi, id est laborum et dolorum fuga. Et harum quidem rerum facil</span>','[{\"user_id\":4,\"approved_status\":1},{\"user_id\":7,\"approved_status\":1},{\"user_id\":8,\"approved_status\":1},{\"user_id\":9,\"approved_status\":1},{\"user_id\":1,\"approved_status\":1},{\"user_id\":2,\"approved_status\":1}]',0,'2024-08-30'),(473,518,'shrinking subtask1','<span>At vero eos et accusamus et iusto odio dignissimos ducimus qui blanditiis praesentium voluptatum deleniti atque corrupti quos dolores et quas molestias excepturi sint occaecati cupiditate non provident, similique sunt in culpa qui officia deserunt mollitia animi, id est laborum et dolorum fug</span>','[{\"user_id\":7,\"approved_status\":1},{\"user_id\":4,\"approved_status\":1}]',0,'2024-08-26'),(474,518,'shrinking subtask2','<span>At vero eos et accusamus et iusto odio dignissimos ducimus qui blanditiis praesentium voluptatum deleniti atque corrupti quos dolores et quas molestias excepturi sint occaecati cupiditate non provident, similique sunt in culpa qui officia deserunt mollitia animi, id est laborum et dolorum fug</span>','[{\"user_id\":2,\"approved_status\":1},{\"user_id\":1,\"approved_status\":1},{\"user_id\":4,\"approved_status\":1}]',0,'2024-08-26'),(475,461,'Non quos rr','<span>Lorem ipsum dolor sit amet.</span>','[{\"user_id\":51,\"approved_status\":1},{\"user_id\":50,\"approved_status\":1}]',0,'2024-06-20'),(496,534,'testdele11','<strong>Lorem Ipsum</strong><span>&#160;is simply dummy text of the printing and typesetting industry. Lorem Ipsum has been the industry\'s standard dummy text ever since the 1500s, when an unknown printer took a galley of type and scrambled it to make a type specimen book. It has survived not only five centuries, but also the leap into electronic typesetting, remaining essentially unchanged.</span><br>','[{\"user_id\":9,\"approved_status\":1},{\"user_id\":8,\"approved_status\":1},{\"user_id\":7,\"approved_status\":1},{\"user_id\":1,\"approved_status\":1}]',0,'2024-09-05'),(497,534,'testdele22','<strong>Lorem Ipsum</strong><span>&#160;is simply dummy text of the printing and typesetting industry. Lorem Ipsum has been the industry\'s standard dummy text ever since the 1500s, when an unknown printer took a galley of type and scrambled it to make a type specimen book. It has survived not only five centuries, but also the leap into electronic typesetting, remaining essentially unchanged.</span>','[{\"user_id\":8,\"approved_status\":1},{\"user_id\":7,\"approved_status\":1},{\"user_id\":1,\"approved_status\":1},{\"user_id\":9,\"approved_status\":1}]',0,'2024-09-05'),(498,535,'donate subtask','<span>ustry. Lorem Ipsum has been the industry\'s standard dummy text ever since the 1500s, when an unknown printer took a galley of type and scrambled it to make a type specimen book. It has survived not only five centuries, but also the leap into electronic typesetting, remaining essentially unchanged. It was popularised in the 1960s with the relea</span>','[{\"user_id\":60,\"approved_status\":1},{\"user_id\":59,\"approved_status\":1},{\"user_id\":56,\"approved_status\":1},{\"user_id\":55,\"approved_status\":1}]',0,'2024-09-30'),(499,541,'Delectusutui sit subtAks','<strong>Lorem Ipsum</strong><span>&#160;is simply dummy text of the printing and typesetting industry. Lorem Ipsum has been the industry\'s standard dummy text ever since the 1500s, when an unknown printer took a galley of type and scrambled it to make a type specimen book. It has survived not only five centuries,</span>','[{\"user_id\":9,\"approved_status\":1},{\"user_id\":8,\"approved_status\":1},{\"user_id\":2,\"approved_status\":1},{\"user_id\":7,\"approved_status\":1}]',0,'2024-11-30'),(500,543,'Ducimuscumque subtask ','<span>Lorem Ipsum</span><span>&#160;is simply dummy text of the printing and typesetting industry. Lorem Ipsum has been the industry\'s standard dummy text ever since the 1500s, when an unknown printer took a galley of type and scrambled it to make a type specimen book. It has survived not only five centuries,</span>','[{\"user_id\":9,\"approved_status\":1},{\"user_id\":8,\"approved_status\":1},{\"user_id\":7,\"approved_status\":1}]',0,'2024-11-30');

--
-- Table structure for table `subtask_group_user`
--

CREATE TABLE `subtask_group_user` (
  `id` int unsigned NOT NULL AUTO_INCREMENT,
  `subtask_id` int NOT NULL,
  `user_id` int NOT NULL,
  `approved_status` int DEFAULT NULL,
  `read_status` int NOT NULL DEFAULT '0',
  PRIMARY KEY (`id`)
) ENGINE=InnoDB DEFAULT CHARSET=utf8mb4 COLLATE=utf8mb4_0900_ai_ci;

--
-- Dumping data for table `subtask_group_user`
--

INSERT INTO `subtask_group_user` VALUES (5,9,9,1,0),(6,9,8,1,0),(7,9,7,1,0),(8,10,9,1,0),(17,15,9,1,0),(18,15,1,1,0),(71,47,8,1,0),(72,47,6,1,0),(73,48,7,1,0),(74,48,6,1,0),(117,72,7,1,0),(118,73,9,1,0),(119,74,6,1,0),(129,81,8,1,0),(130,81,1,1,1),(131,82,7,1,0),(132,82,1,1,1),(133,83,8,1,0),(134,83,1,1,0),(142,88,1,1,0),(143,88,6,1,0),(144,89,9,1,0),(150,93,8,1,0),(151,93,9,1,0),(152,94,7,1,0),(153,94,1,1,0),(169,104,9,1,0),(170,105,9,1,0),(171,105,8,1,0),(172,106,6,1,0),(173,106,4,1,0),(188,117,7,1,0),(189,118,6,1,0),(190,118,5,1,0),(191,119,4,1,0),(192,119,5,1,0),(193,120,4,1,0),(194,120,5,1,0),(195,121,5,1,0),(196,121,9,1,0),(197,122,9,1,0),(198,122,8,1,0),(199,123,9,1,0),(200,123,7,1,0),(201,123,6,1,0),(229,141,8,1,0),(230,141,6,1,0),(231,142,9,1,0),(232,142,7,1,0),(233,143,9,1,0),(234,144,6,1,0),(235,145,1,1,0),(244,151,9,1,0),(245,152,8,1,0),(261,160,9,1,0),(262,160,8,1,0),(276,169,1,1,0),(295,184,8,1,0),(296,184,7,1,0),(297,185,6,1,0),(298,185,2,1,0),(316,196,9,1,0),(358,208,8,1,0),(359,208,1,1,0),(360,209,8,1,0),(361,209,1,1,0),(376,212,8,1,0),(377,212,1,1,0),(378,213,9,1,0),(379,213,6,1,0),(380,214,8,1,0),(381,214,7,1,0),(382,215,6,1,0),(383,215,4,1,0),(384,216,2,1,0),(385,217,6,1,0),(386,218,8,1,0),(387,218,7,1,0),(388,219,6,1,0),(389,220,9,1,0),(394,225,9,1,0),(395,225,8,1,0),(396,226,4,1,0),(397,226,2,1,0),(398,227,9,1,0),(399,227,8,1,0),(400,227,7,1,0),(401,228,9,1,0),(402,228,8,1,0),(403,228,7,1,0),(404,229,9,1,0),(405,229,8,1,0),(406,229,7,1,0),(407,230,8,1,0),(408,230,9,1,0),(409,230,7,1,0),(427,251,9,1,0),(430,253,8,1,0),(431,253,7,1,0),(432,254,9,1,1),(442,261,9,1,0),(443,262,6,1,0),(444,263,1,1,1),(445,264,9,1,0),(446,265,8,1,0),(447,266,9,1,0),(453,271,8,1,0),(454,272,9,1,1),(455,272,7,1,0),(457,274,8,1,0),(458,274,6,1,0),(459,275,8,1,0),(461,277,9,1,1),(462,278,8,1,0),(463,278,7,1,0),(464,279,6,1,0),(466,281,6,1,0),(467,282,9,1,1),(468,282,7,1,0),(469,284,9,1,1),(470,284,6,1,1),(471,285,9,1,1),(472,285,6,1,1),(495,311,9,1,0),(496,311,8,1,0),(499,313,9,1,0),(500,313,6,1,0),(501,314,9,1,1),(502,314,8,1,0),(503,315,1,1,0),(504,315,2,1,0),(505,315,4,1,0),(506,315,6,1,0),(511,318,9,1,1),(512,318,6,1,1),(513,319,4,1,1),(514,319,6,1,0),(526,330,51,1,0),(527,331,50,1,0),(528,332,6,1,0),(529,333,9,1,0),(530,334,9,1,0),(531,335,6,1,0),(534,338,6,1,0),(554,358,9,1,0),(555,359,1,1,0),(556,360,50,1,0),(557,361,49,1,1),(561,365,9,1,0),(563,367,9,1,0),(564,367,1,1,1),(565,369,9,1,0),(566,369,8,1,0),(567,369,7,1,0),(568,370,9,1,0),(569,371,6,1,0),(570,371,4,1,0),(571,372,9,1,0),(572,373,8,1,0),(576,375,7,1,0),(577,375,6,1,0),(578,375,4,1,0),(579,376,7,1,0),(581,378,9,1,0),(582,378,8,1,1),(583,378,6,1,0),(584,379,9,1,0),(585,379,8,1,0),(586,379,7,1,0),(587,379,4,1,0),(588,379,6,1,0),(607,383,9,1,0),(608,383,8,1,0),(615,391,9,1,0),(616,392,7,1,0),(617,392,6,1,0),(622,395,7,1,0),(623,395,4,1,0),(624,396,7,1,0),(625,396,8,1,0),(629,399,9,1,0),(630,400,8,1,0),(631,400,7,1,0),(632,401,9,1,0),(633,401,8,1,0),(636,403,4,1,0),(637,403,6,1,0),(638,403,8,1,0),(639,403,9,1,0),(640,404,4,1,0),(641,404,9,1,0),(642,404,8,1,1),(643,405,4,1,0),(644,405,7,1,0),(645,405,6,1,0),(646,406,9,1,0),(647,407,8,1,0),(648,408,8,1,0),(649,408,7,1,0),(650,409,2,1,0),(651,410,7,1,0),(652,411,9,1,0),(653,412,7,1,0),(654,413,9,1,0),(657,416,8,1,0),(658,417,9,1,0),(663,420,53,1,0),(664,420,55,1,0),(665,421,57,1,0),(666,421,55,1,0),(667,422,57,1,0),(668,422,53,1,0),(669,423,8,1,0),(670,423,7,1,0),(671,423,2,1,0),(672,424,9,1,0),(673,424,2,1,0),(674,425,2,1,0),(675,425,7,1,0),(676,426,9,1,0),(677,427,8,1,0),(683,431,9,1,0),(684,431,8,1,0),(687,433,9,1,0),(689,435,9,1,0),(690,436,9,1,0),(691,436,8,1,1),(692,437,55,1,0),(693,437,54,1,0),(694,437,52,1,0),(695,438,55,1,0),(696,438,54,1,0),(697,439,9,1,0),(698,439,8,1,0),(699,439,7,1,0),(700,439,2,1,0),(701,439,1,1,0),(722,450,9,1,0),(723,451,8,1,0),(724,451,7,1,0),(725,452,9,1,0),(726,452,8,1,0),(727,453,7,1,0),(728,453,1,1,0),(729,454,4,1,0),(730,454,7,1,0),(731,454,2,1,0),(732,455,4,1,0),(733,455,7,1,0),(734,455,8,1,0),(735,455,9,1,0),(750,460,9,1,0),(751,460,8,1,0),(752,460,7,1,0),(753,460,4,1,0),(754,461,7,1,0),(755,461,2,1,0),(756,461,1,1,0),(757,461,4,1,0),(763,464,4,1,0),(764,464,2,1,0),(765,465,4,1,0),(766,465,7,1,0),(767,465,8,1,0),(768,465,9,1,0),(769,466,4,1,0),(770,466,7,1,0),(771,466,8,1,0),(772,466,9,1,0),(773,466,1,1,0),(774,466,2,1,0),(786,473,7,1,0),(787,473,4,1,0),(788,474,2,1,0),(789,474,1,1,0),(790,474,4,1,0),(791,475,51,1,0),(792,475,50,1,0),(793,476,62,1,0),(794,476,61,1,1),(795,476,60,1,0),(796,476,49,1,0),(797,477,51,1,0),(798,477,53,1,0),(799,477,52,1,0),(800,477,54,1,0),(801,478,55,1,0),(802,478,56,1,0),(803,478,59,1,0),(804,479,62,1,0),(805,479,61,1,0),(806,479,60,1,0),(807,479,49,1,0),(838,491,60,1,0),(839,491,61,1,0),(840,492,55,1,0),(841,492,56,1,0),(842,492,59,1,0),(843,493,59,1,0),(844,493,55,1,0),(845,493,56,1,0),(846,494,59,1,0),(847,494,56,1,0),(848,494,55,1,0),(849,494,54,1,0),(850,494,53,1,0),(851,494,51,1,0),(852,494,52,1,0),(855,496,9,1,0),(856,496,8,1,0),(857,496,7,1,0),(858,496,1,1,0),(859,497,8,1,0),(860,497,7,1,0),(861,497,1,1,0),(862,497,9,1,0),(863,498,60,1,0),(864,498,59,1,0),(865,498,56,1,0),(866,498,55,1,0),(867,499,9,1,0),(868,499,8,1,0),(869,499,2,1,0),(870,499,7,1,0),(871,500,9,1,0),(872,500,8,1,0),(873,500,7,1,0);

--
-- Table structure for table `survey`
--

CREATE TABLE `survey` (
  `id` int unsigned NOT NULL AUTO_INCREMENT,
  `title` varchar(255) NOT NULL,
  `description` text,
  `surveyOption` enum('0','1') DEFAULT NULL,
  `surveyType` varchar(20) DEFAULT NULL,
  `surveyStartDate` datetime DEFAULT NULL,
  `surveyEndDate` datetime DEFAULT NULL,
  `surveyViewOption` enum('0','1','2','') DEFAULT NULL,
  `additional_anonymous_voting` varchar(10) DEFAULT NULL,
  `additional_cast_vote` varchar(10) DEFAULT NULL,
  `surveyNotificationOption` varchar(45) DEFAULT NULL,
  `user_id` int DEFAULT NULL,
  `team_id` int DEFAULT NULL,
  `survey_status` int DEFAULT '0',
  `approved_status` tinyint DEFAULT NULL,
  `approved_by` int DEFAULT NULL,
  `is_read` tinyint NOT NULL DEFAULT '0',
  `updated_record` longtext,
  `update_image_url` varchar(500) DEFAULT NULL,
  `update_approved_status` tinyint DEFAULT NULL,
  `deny_reason` text,
  `deny_by_id` int DEFAULT NULL,
  `image` varchar(500) DEFAULT NULL,
  `is_image_converted` int NOT NULL DEFAULT '0',
  `created_at` timestamp NOT NULL DEFAULT CURRENT_TIMESTAMP,
  `updated_at` timestamp NOT NULL DEFAULT CURRENT_TIMESTAMP ON UPDATE CURRENT_TIMESTAMP,
  PRIMARY KEY (`id`)
) ENGINE=InnoDB DEFAULT CHARSET=utf8mb4 COLLATE=utf8mb4_0900_ai_ci;

--
-- Dumping data for table `survey`
--

INSERT INTO `survey` VALUES (1,'Austragungsort des Vereinsfest','<p><font size=\"2\"><font face=\"Arial\">Wo soll unser diesj&#228;hriges Vereinsfest statt finden?</font></font></p><p><font size=\"2\"><font face=\"Arial\"><br></font></font></p>','0','all_club','2022-09-27 00:00:00','2022-09-30 00:00:00','0','false','false','[\"2\",\"1\"]',1,141,NULL,NULL,NULL,0,NULL,NULL,NULL,NULL,NULL,NULL,0,'2022-09-27 09:03:24','2022-09-27 09:03:24'),(2,'football survey 22','<font face=\"Arial\" size=\"2\">testing</font>','1','all_club','2022-10-13 00:00:00','2022-11-30 00:00:00','0','false','true','[\"2\"]',1,141,NULL,NULL,NULL,0,NULL,NULL,NULL,NULL,NULL,NULL,0,'2022-09-29 10:03:28','2022-09-29 10:03:28'),(5,'test feedback survey','<font face=\"Arial\" size=\"2\">testing</font>','1','all_club','2022-10-15 00:00:00','2022-10-30 00:00:00','0','false','true','[\"2\",\"1\"]',3,1690,0,NULL,NULL,0,NULL,NULL,NULL,NULL,NULL,NULL,0,'2022-10-06 10:22:15','2022-10-06 10:22:15'),(8,'Test Survey123','<font face=\"Arial\" size=\"2\">Test Survey123</font>','0','all_club','2022-11-16 00:00:00','2022-11-30 00:00:00','0','false','true','[\"1\"]',1,141,0,NULL,NULL,0,NULL,NULL,NULL,NULL,NULL,NULL,0,'2022-11-16 13:38:44','2022-11-16 13:38:44'),(9,'Customer satisfaction survey','<span>Lorem ipsum dolor sit amet, consectetur adipiscing elit. Sed efficitur sem id efficitur aliquam. Morbi suscipit sapien eu diam feugiat ullamcorper. Sed molestie diam quis dui venenatis, eget scelerisque est rhoncus. Maecenas placerat diam ligula, at luctus mauris dapibus eget. Nulla facilisi. Curabitur fermentum vel odio ac condimentum. Praesent ullamcorper feugiat nisl, at tincidunt risus aliquam ut. Maecenas vel velit placerat justo placerat pellentesque. Donec a sodales urna, ac interdum sapien. Orci varius natoque penatibus et magnis dis parturient montes, nascetur ridiculus mus. Duis in fermentum nunc, non ullamcorper diam. Praesent posuere dui facilisis purus tempus lacinia.</span>','0','all_club','2022-11-21 00:00:00','2022-12-31 00:00:00','0','true','true','[\"1\"]',1,141,0,1,NULL,0,NULL,NULL,NULL,NULL,NULL,NULL,0,'2022-11-21 11:28:02','2024-03-21 08:23:59'),(10,'test1234','<hr><div><div><div><div></div></div></div><div><div><div></div></div></div><div class=\"boxed\"><div><p>Lorem ipsum dolor sit amet, consectetur adipiscing elit. Donec nec quam vel arcu pellentesque faucibus vitae vel orci. Ut dictum elementum bibendum. Vivamus sed mollis metus, eget ornare ex. Phasellus vel quam eget orci pellentesque interdum. Vestibulum ante ipsum primis in faucibus orci luctus et ultrices posuere cubilia curae; Phasellus viverra sem nisl. Donec ultricies neque non ex suscipit cursus. Suspendisse pharetra vitae ligula eu consectetur. Curabitur metus tellus, molestie eget bibendum nec, tincidunt sit amet magna. Etiam vel est in libero dignissim porta. Nullam quis tellus malesuada, blandit magna sed, facilisis arcu. Nullam molestie interdum lacinia. Praesent eleifend eros vel risus commodo, vel dignissim elit fermentum. Curabitur eget rhoncus sem, eleifend posuere mauris.</p></div></div></div>','0','all_club','2022-11-21 00:00:00','2023-03-17 00:00:00','0','true','true','[\"1\"]',4,141,0,1,NULL,0,NULL,NULL,NULL,NULL,NULL,NULL,0,'2022-11-21 13:17:37','2022-11-21 13:17:37'),(12,'Best Olympic swimmer','<span>This article is within the scope of&#160;</span><b><a href=\"https://en.wikipedia.org/wiki/Wikipedia:WikiProject_Swimming\" title=\"Wikipedia:WikiProject Swimming\">WikiProject Swimming</a></b><span>, a collaborative effort to improve the coverage of&#160;</span><a href=\"https://en.wikipedia.org/wiki/Swimming_(sport)\" title=\"Swimming (sport)\">Swimming</a><span>&#160;on Wikipedia. If you would like to participate, please visit the project page, where you can join&#160;</span><a href=\"https://en.wikipedia.org/wiki/Wikipedia_talk:WikiProject_Swimming\" title=\"Wikipedia talk:WikiProject Swimming\">the discussion</a><span>&#160;and see a list of open tasks.</span>','0','all_club','2023-02-10 00:00:00','2023-02-12 00:00:00','0','false','false','[]',1,141,0,1,NULL,0,NULL,NULL,NULL,NULL,NULL,'https://minio.staging.verein.cloud/tineon/Leipzig/2023/February/Images/pexels-pixabay-236937.jpg',1,'2023-02-10 07:19:49','2023-08-04 10:42:36'),(15,'What is your age range?','<b>a range indicating the upper and lower ages considered suitable for a specified thing</b>.','0','all_club','2023-03-17 00:00:00','2023-03-20 00:00:00','0','false','false','[\"1\",\"2\"]',8,141,0,1,1,1,NULL,NULL,0,NULL,NULL,'https://minio.staging.verein.cloud/tineon/Leipzig/2023/March/Images/pexels-pixabay-219570.jpg',1,'2023-03-17 06:12:12','2023-08-04 10:42:31'),(16,'Participants ready for Marathon','<span>The marathon is a long-distance foot race with a distance of 42.195 km, usually run as a road race, but the distance can be covered on trail routes. The marathon can be completed by running or with a run/walk strategy.</span>','0','all_club','2023-03-21 00:00:00','2023-03-25 00:00:00','1','false','false','[\"1\",\"2\"]',8,141,0,1,1,0,NULL,NULL,1,NULL,NULL,'https://minio.staging.verein.cloud/tineon/Leipzig/2023/March/Images/pexels-run-ffwpu-2654902.jpg',1,'2023-03-20 05:01:21','2023-08-04 10:42:29'),(17,'Neue Trikotfarbe  ','<font face=\"Arial\" size=\"2\">Welche Farbe soll das Trickot in der Saison 2023/24 erhalten?</font>','0','group','2023-03-01 00:00:00','2023-06-01 00:00:00','0','false','false','[\"1\"]',32,2830,0,1,NULL,0,NULL,NULL,NULL,NULL,NULL,'',0,'2023-03-20 12:34:23','2023-03-20 12:34:23'),(18,'Which course do you prefer?','<span>In higher education a course is a unit of teaching that typically lasts one academic term, is led by one or more instructors, and has a fixed roster of students. A course usually covers an individual subject. Courses generally have a fixed program of sessions every week during the term, called lessons or classes.</span>','0','all_club','2023-06-14 00:00:00','2023-06-30 00:00:00','0','false','false','[]',1,141,0,1,NULL,0,NULL,NULL,NULL,NULL,NULL,'https://minio.staging.verein.cloud/tineon/Leipzig/2023/June/Images/pexels-karolina-grabowska-4218864.jpg',1,'2023-06-12 06:29:31','2023-08-04 10:42:26'),(19,'Which is your birthday range?','<span>A&#160;</span><span>birthday</span><span>&#160;is the anniversary of the birth of a person, or figuratively of an institution.&#160;</span><span>Birthdays</span><span>&#160;of people are celebrated in numerous cultures,&#160;...</span>','0','all_club','2023-06-12 00:00:00','2023-06-17 00:00:00','1','false','true','[]',1,141,0,1,NULL,0,NULL,NULL,NULL,NULL,NULL,'https://minio.staging.verein.cloud/tineon/Leipzig/2023/June/Images/pexels-karolina-grabowska-4389637.jpg',1,'2023-06-12 06:42:37','2023-08-04 10:45:10'),(20,'test-survey','<span>Lorem ipsum dolor sit amet.&#160;</span>','0','all_club','2023-08-15 00:00:00','2023-08-30 00:00:00','1','true','true','\"[\\\"1\\\"]\"',9,141,0,1,1,0,NULL,NULL,0,NULL,NULL,'https://minio.staging.verein.cloud/tineon/Leipzig/2023/August/Images/logo2.png',0,'2023-08-11 09:45:23','2024-03-11 05:43:50'),(22,'New Test survey','<font face=\"Arial\" size=\"2\">New Test survey</font>','0','all_club','2023-08-11 00:00:00','2023-08-15 00:00:00','0','false','false','[\"1\",\"2\"]',1,141,0,1,NULL,0,NULL,NULL,NULL,NULL,NULL,'https://minio.staging.verein.cloud/tineon/Leipzig/2023/August/Documents/Bildschirm%C2%ADfoto%202023-03-18%20um%2009.40.01.png',0,'2023-08-11 10:17:20','2023-08-14 13:01:59'),(25,'Test survey 5 sep to 10 sep 2023','<font face=\"Arial\" size=\"2\">This is for tsting</font>','0','all_club','2023-09-05 00:00:00','2023-09-10 00:00:00','0','false','false','[\"1\"]',1,141,0,1,NULL,0,NULL,NULL,NULL,NULL,NULL,'https://minio.staging.verein.cloud/tineon/Leipzig/2023/September/Documents/Bildschirm%C2%ADfoto%202023-03-18%20um%2009.39.55.png',0,'2023-09-01 10:38:15','2023-09-01 10:38:15'),(26,'Who win Crickect 50 -50 world cup','<font face=\"Arial\" size=\"2\">Crickect 50 -50 world cup</font>','0','all_club','2023-09-15 00:00:00','2023-09-29 00:00:00','0','false','false','[\"1\",\"2\"]',1,141,0,1,NULL,0,NULL,NULL,NULL,NULL,NULL,'https://minio.staging.verein.cloud/tineon/Leipzig/2023/September/Documents/Bildschirm%C2%ADfoto%202023-03-18%20um%2009.39.25.png',0,'2023-09-01 10:42:07','2023-09-18 09:48:06'),(27,'MettleMade Surveying','<strong>Lorem Ipsum</strong><span>&#160;is simply dummy text of the printing and typesetting industry. Lorem Ipsum has been the industry\'s standard dummy text ever since the 1500s, when an unknown printer took a galley of type and scrambled it to make a type specimen book. It has survived not only five centuries, but also the leap into electronic typesetting, remaining essentially unchanged. It was popularised in the 1960s with the release of Letraset sheets containing Lorem Ipsum passages, and more recently with desktop publishing software like Aldus PageMaker including versions of Lorem Ipsum.</span>','0','all_club','2023-09-12 00:00:00','2023-09-30 00:00:00','0','false','true','[\"1\",\"2\"]',1,141,1,1,NULL,0,NULL,NULL,NULL,NULL,NULL,'https://minio.staging.verein.cloud/tineon/Leipzig/2023/September/Images/city_street_buildings_160238_1280x800.jpg',0,'2023-09-12 05:05:36','2023-10-25 11:02:10'),(29,'Where does it come from ','<span>Contrary to popular belief, Lorem Ipsum is not simply random text. It has roots in a piece of classical Latin literature from 45 BC, making it over 2000 years old. Richard McClintock, a Latin professor at Hampden-Sydney College in Virginia, looked up one of the more obscure Latin words, consectetur, from a Lorem Ipsum passage, and going through the cites of the word in classical literature, discovered the undoubtable source.</span>','0','all_club','2023-10-26 00:00:00','2023-11-08 00:00:00','0','false','true','[]',8,141,0,1,1,0,NULL,NULL,0,NULL,NULL,'https://minio.staging.verein.cloud/tineon/Leipzig/2023/October/Documents/Bildschirm%C2%ADfoto%202023-03-18%20um%2009.38.13.png',0,'2023-10-25 12:13:12','2023-10-30 06:10:55'),(31,'Please rate us for the below attributes','<span>&#160;</span><span>Lorem ipsum dolor sit amet, consectetur adipisci elit, sed eiusmod tempor incidunt ut labore et dolore magna aliqua.</span>','0','all_club','2023-10-28 00:00:00','2023-10-30 00:00:00','2','true','false','[]',1,141,0,1,NULL,0,NULL,NULL,0,NULL,NULL,'https://minio.staging.verein.cloud/tineon/Leipzig/2023/October/Images/note_motivation_text_119310_1280x800.jpg',0,'2023-10-26 07:13:49','2023-10-26 07:14:00'),(36,'Lorem ipsum ','<span>Lorem ipsum dolor sit amet. Est fugit voluptatem qui accusamus enim aut rerum quia ea quis ipsa eos officia explicabo ut amet maxime. Qui error dolores et enim ipsam eos nesciunt quae. Et iusto dolor 33 perferendis quod ut libero ducimus eos quibusdam officiis sed vero dolorem est molestiae consequatur sed corporis nulla.</span>','0','all_club','2023-11-03 00:00:00','2023-11-11 00:00:00','1','true','false','[]',9,141,0,1,1,1,NULL,NULL,0,NULL,NULL,'https://minio.staging.verein.cloud/tineon/Leipzig/2023/November/Images/logo2.png',0,'2023-11-02 06:13:13','2023-11-02 06:26:54'),(37,'sit amet','<span>Lorem ipsum dolor sit amet. Et possimus consequatur et quia labore ut dicta nostrum aut aspernatur libero. Aut sunt sint qui voluptas nihil non dolore molestiae ut dolor ullam qui Quis rerum. Ea quod inventore eum consequuntur tenetur qui quia iure a fugit necessitatibus? Ut quia quibusdam qui voluptatum assumenda quo voluptatem unde et dolores tenetur aut dolorem eaque.</span>','0','all_club','2023-11-09 00:00:00','2023-11-29 00:00:00','1','true','true','[]',1,141,1,1,NULL,0,NULL,NULL,0,NULL,NULL,'https://minio.staging.verein.cloud/tineon/Leipzig/2023/November/Documents/Bildschirm%C2%ADfoto%202023-03-18%20um%2009.39.01.png',0,'2023-11-02 14:00:20','2023-11-08 10:57:54'),(39,'Testing for new design','<div><p><strong>Lorem Ipsum</strong>&#160;is simply dummy text of the printing and typesetting industry. Lorem Ipsum has been the industry\'s standard dummy text ever since the 1500s, when an unknown printer took a galley of type and scrambled it to make a type specimen book. It has survived not only five centuries, but also the leap into electronic typesetting, remaining essentially unchanged. It was popularised in the 1960s with the release of Letraset sheets containing Lorem Ipsum passages, and more recently with desktop publishing software like Aldus PageMaker including versions of Lorem Ipsum.</p><p><br></p></div><div></div>','0','all_club','2023-11-18 00:00:00','2023-12-09 00:00:00','0','false','false','[\"1\",\"2\"]',1,141,0,1,NULL,0,NULL,NULL,NULL,NULL,NULL,'https://minio.staging.verein.cloud/tineon/Leipzig/2023/November/Images/images.jpeg',0,'2023-11-18 04:35:28','2023-11-18 04:35:28'),(41,'after Voting - test','<span>Lorem ipsum dolor sit amet. In praesentium iure aut velit illo qui voluptatem esse. Non magnam voluptas nam explicabo tempora non reiciendis dolorem! Et sapiente eveniet et illum internos et placeat omnis et recusandae autem aut labore ratione. Aut exercitationem dolores qui fugit nisi qui nemo similique!</span>','0','group','2023-11-25 00:00:00','2023-12-01 00:00:00','1','false','false','[\"1\"]',1,141,0,1,NULL,0,NULL,NULL,NULL,NULL,NULL,'https://minio.staging.verein.cloud/tineon/Leipzig/2023/November/Images/road_asphalt_marking_130996_1024x768.jpg',0,'2023-11-22 08:10:21','2023-11-22 08:10:21'),(43,'Market research – product surve','<span>Let target customers test out your new product, then send a survey to see what they like and where you can make improvements. Would they suggest changes? Would they recommend your product to others? What would make them more likely to use your product? Use the feedback you receive to refine your product before releasing it to the mass market. You can also make changes to the survey template to meet your needs.</span>','1','all_club','2023-11-22 00:00:00','2023-12-10 00:00:00','0','true','true','[\"1\"]',1,141,0,1,NULL,0,NULL,NULL,NULL,NULL,NULL,'https://minio.staging.verein.cloud/tineon/Leipzig/2023/November/Images/images%20%281%29.jpeg',0,'2023-11-22 10:34:44','2023-11-22 10:34:44'),(46,'Mollitia perferendis','<font face=\"Arial\" size=\"2\">Maxime sed perspicia.</font>','1','all_club','2023-11-24 00:00:00','2023-11-30 00:00:00','2','false','false','[]',1,141,0,1,NULL,0,NULL,NULL,NULL,NULL,NULL,'https://minio.staging.verein.cloud/tineon/Leipzig/2023/November/Images/Screenshot_9.png',0,'2023-11-24 06:43:12','2023-11-24 06:43:12'),(47,'Eu enim fugiat sed q','<font face=\"Arial\" size=\"2\">Quo do ex animi, dol.</font>','0','all_club','2023-11-24 00:00:00','2023-11-30 00:00:00','2','false','false','[]',1,141,0,1,NULL,0,NULL,NULL,NULL,NULL,NULL,'https://minio.staging.verein.cloud/tineon/Leipzig/2023/November/Images/Screenshot_4.png',0,'2023-11-24 06:47:20','2023-11-24 06:47:20'),(48,'Repudiandae in ea au','<font face=\"Arial\" size=\"2\">Quidem expedita reru.</font>','0','all_club','2023-11-24 00:00:00','2023-11-29 00:00:00','2','false','false','[\"1\",\"2\"]',1,141,0,1,NULL,0,NULL,NULL,NULL,NULL,NULL,'https://minio.staging.verein.cloud/tineon/Leipzig/2023/November/Images/Screenshot_13.png',0,'2023-11-24 08:10:36','2023-11-24 08:10:36'),(51,'Testing purpose','<div><p><strong>Lorem Ipsum</strong>&#160;is simply dummy text of the printing and typesetting industry. Lorem Ipsum has been the industry\'s standard dummy text ever since the 1500s, when an unknown printer took a galley of type and scrambled it to make a type specimen book. It has survived not only five centuries, but also the leap into electronic typesetting, remaining essentially unchanged. It was popularised in the 1960s with the release of Letraset sheets containing Lorem Ipsum passages, and more recently with desktop publishing software like Aldus PageMaker including versions of Lorem Ipsum.</p><p><br></p></div><div></div>','0','all_club','2023-11-27 00:00:00','2023-12-09 00:00:00','1','false','false','[\"1\",\"2\"]',1,141,0,1,NULL,0,NULL,NULL,NULL,NULL,NULL,'https://minio.staging.verein.cloud/tineon/Leipzig/2023/November/Images/bg5.jpg',0,'2023-11-27 05:50:43','2023-12-01 09:46:38'),(52,'survey for testing','<font face=\"Arial\" size=\"2\">Aliquam a nesciunt, .</font>','1','all_club','2023-12-09 00:00:00','2023-12-29 00:00:00','','false','true','\"[]\"',1,141,0,1,NULL,0,NULL,NULL,0,NULL,NULL,'https://minio.staging.verein.cloud/tineon/Leipzig/2023/December/Images/Screenshot_16.png',0,'2023-12-02 08:09:51','2023-12-02 08:10:22'),(53,'Dummy Candidates','<span>Lorem ipsum dolor sit amet. Est omnis dolorum aut officiis corrupti aut quia maxime. Qui perferendis neque et delectus voluptates ex similique corporis sit numquam quos et corrupti adipisci est fuga libero ut adipisci voluptatem.</span>','0','all_club','2023-12-11 00:00:00','2023-12-16 00:00:00','1','false','false','[\"1\"]',1,141,0,1,NULL,0,NULL,NULL,NULL,NULL,NULL,'https://minio.staging.verein.cloud/tineon/Leipzig/2023/December/Documents/Bildschirm%C2%ADfoto%202023-03-18%20um%2009.39.25.png',0,'2023-12-11 06:17:20','2023-12-11 06:17:20'),(54,'Pariatur Eos archit','edSit cumque ipsa, dol.fcsf','0','all_club','2023-12-12 00:00:00','2023-12-14 00:00:00','1','false','false','[\"2\"]',1,141,0,1,NULL,0,NULL,NULL,NULL,NULL,NULL,'https://minio.staging.verein.cloud/tineon/Leipzig/2023/December/Images/S-Verein_01.jpeg',0,'2023-12-11 06:26:46','2023-12-11 06:26:46'),(55,'Ab nulla minima aliq','<font face=\"Arial\" size=\"2\">&#160;</font>Fuga. Sit, adipisci .bgfg','0','all_club','2023-12-12 00:00:00','2023-12-14 00:00:00','','false','false','[\"1\",\"2\"]',1,141,0,1,NULL,0,NULL,NULL,NULL,NULL,NULL,'https://minio.staging.verein.cloud/tineon/Leipzig/2023/December/Documents/Bildschirm%C2%ADfoto%202023-03-18%20um%2009.39.16.png',0,'2023-12-11 06:31:23','2023-12-11 06:31:23'),(56,'Nostrum voluptatem q','sdddxsaEnim facere non dolo.','0','all_club','2023-12-12 00:00:00','2023-12-19 00:00:00','1','false','false','[\"1\"]',1,141,0,1,NULL,0,NULL,NULL,0,NULL,NULL,'https://minio.staging.verein.cloud/tineon/Leipzig/2023/December/Documents/Bildschirm%C2%ADfoto%202023-03-18%20um%2009.39.39.png',0,'2023-12-11 06:44:57','2023-12-11 06:47:12'),(57,'Probability of winning campus elecs','<span>Lorem ipsum dolor sit amet. Non architecto suscipit qui veniam deserunt id voluptas vero.&#160;</span>','0','all_club','2023-12-13 00:00:00','2023-12-19 00:00:00','1','false','false','[\"2\"]',1,141,0,1,NULL,0,NULL,NULL,0,NULL,NULL,'https://minio.staging.verein.cloud/tineon/Leipzig/2023/December/Documents/Bildschirm%C2%ADfoto%202023-03-18%20um%2009.37.56.png',0,'2023-12-12 08:48:00','2023-12-12 11:24:54'),(58,'How to cast multiple votes','<span>Lorem ipsum dolor sit amet. Aut molestiae illo et nihil internos sit nobis earum ut provident libero ad exercitationem quaerat et des</span>','1','all_club','2023-12-13 00:00:00','2023-12-15 00:00:00','1','false','false','[\"2\"]',1,141,0,1,NULL,0,NULL,NULL,NULL,NULL,NULL,'https://minio.staging.verein.cloud/tineon/Leipzig/2023/December/Documents/Bildschirm%C2%ADfoto%202023-03-18%20um%2009.38.48.png',0,'2023-12-12 10:11:49','2023-12-12 10:11:49'),(60,'Ullamco ','<font face=\"Arial\" size=\"2\">wdwed</font>Duis obcaecati non v.','0','group','2023-12-13 00:00:00','2023-12-22 00:00:00','1','false','false','[]',1,141,0,1,NULL,0,NULL,NULL,0,NULL,NULL,'https://minio.staging.verein.cloud/tineon/Leipzig/2023/December/Documents/Bildschirm%C2%ADfoto%202023-03-18%20um%2009.39.25.png',0,'2023-12-13 08:22:00','2023-12-13 13:16:51'),(63,'hello','<font size=\"2\" face=\"Arial\">xcvxcvxcvxv</font>','0','all_club','2023-12-28 00:00:00','2023-12-30 00:00:00','0','false','false','[]',1,141,0,1,NULL,0,NULL,NULL,0,NULL,NULL,NULL,0,'2023-12-14 04:33:59','2023-12-14 10:17:47'),(65,'Inventore est offici','Molestiae saepe accu.<font face=\"Arial\" size=\"2\">&#160;</font>','0','all_club','2023-12-14 00:00:00','2023-12-22 00:00:00','0','false','false','[\"1\",\"2\"]',4,141,0,1,NULL,0,NULL,NULL,NULL,NULL,NULL,NULL,0,'2023-12-14 13:02:40','2023-12-14 13:02:40'),(66,'Omnis aliquip debiti','Qui exercitationem r.dff','1','group','2023-12-21 00:00:00','2023-12-24 00:00:00','1','false','false','[\"1\"]',1,141,0,1,NULL,0,NULL,NULL,NULL,NULL,NULL,'https://minio.staging.verein.cloud/tineon/Leipzig/2023/December/Documents/Bildschirm%C2%ADfoto%202023-03-18%20um%2009.38.55.png',0,'2023-12-19 08:08:46','2023-12-19 08:08:46'),(67,'Dolor quia ut et hic','efrIpsum, tempor repudi.','0','all_club','2023-12-20 00:00:00','2023-12-22 00:00:00','1','false','false','[\"2\"]',1,141,0,1,NULL,0,NULL,NULL,NULL,NULL,NULL,'https://minio.staging.verein.cloud/tineon/Leipzig/2023/December/Documents/Bildschirm%C2%ADfoto%202023-03-18%20um%2009.38.48.png',0,'2023-12-19 08:44:33','2023-12-19 08:44:33'),(68,'Cumque minima et ali','Cupidatat id, omnis .dfg','1','all_club','2023-12-20 00:00:00','2023-12-23 00:00:00','1','false','false','[\"2\"]',1,141,0,1,NULL,0,NULL,NULL,NULL,NULL,NULL,'https://minio.staging.verein.cloud/tineon/Leipzig/2023/December/Documents/Bildschirm%C2%ADfoto%202023-03-18%20um%2009.38.20.png',0,'2023-12-19 08:54:53','2023-12-19 08:54:53'),(69,'Sunt iste consequat','Id cupiditate labore.<font face=\"Arial\" size=\"2\">yth</font>','1','all_club','2023-12-20 00:00:00','2023-12-22 00:00:00','1','false','false','[\"2\"]',1,141,0,1,NULL,0,NULL,NULL,NULL,NULL,NULL,'https://minio.staging.verein.cloud/tineon/Leipzig/2023/December/Documents/Bildschirm%C2%ADfoto%202023-03-18%20um%2009.38.30.png',0,'2023-12-19 08:56:47','2023-12-19 08:56:47'),(70,'Vel odit iure minus ','Eius suscipit corrup.dsw','1','all_club','2023-12-21 00:00:00','2023-12-23 00:00:00','1','false','false','[\"1\",\"2\"]',1,141,0,1,NULL,0,NULL,NULL,NULL,NULL,NULL,'https://minio.staging.verein.cloud/tineon/Leipzig/2023/December/Documents/Bildschirm%C2%ADfoto%202023-03-18%20um%2009.37.56.png',0,'2023-12-19 08:57:43','2023-12-19 08:57:43'),(71,'Itaque officia conse','Assumenda deserunt l.aswd','1','all_club','2023-12-21 00:00:00','2023-12-24 00:00:00','1','false','false','1',1,141,0,1,NULL,0,NULL,NULL,NULL,NULL,NULL,NULL,0,'2023-12-19 12:16:34','2023-12-19 12:16:34'),(72,'Rerum soluta ullamco','Sit irure dolorum et.derfg','1','all_club','2023-12-21 00:00:00','2023-12-24 00:00:00','1','false','false','[\"2\"]',1,141,0,1,NULL,0,NULL,NULL,NULL,NULL,NULL,'https://minio.staging.verein.cloud/tineon/Leipzig/2023/December/Documents/Bildschirm%C2%ADfoto%202023-03-18%20um%2009.39.09.png',0,'2023-12-19 12:25:12','2023-12-19 12:25:12'),(73,' ipsum ','Eum rerum et ipsum, .sf','1','group','2023-12-21 00:00:00','2023-12-22 00:00:00','','false','false','[]',1,141,0,1,NULL,0,NULL,NULL,NULL,NULL,NULL,'https://minio.staging.verein.cloud/tineon/Leipzig/2023/December/Documents/Bildschirm%C2%ADfoto%202023-03-18%20um%2009.39.32.png',0,'2023-12-20 05:17:37','2023-12-20 05:17:37'),(74,'Tempor ','Accusantium voluptas.rtg<font face=\"Arial\" size=\"2\">rg</font>','1','group','2023-12-21 00:00:00','2023-12-23 00:00:00','1','false','false','',1,141,0,1,NULL,0,NULL,NULL,NULL,NULL,NULL,'https://minio.staging.verein.cloud/tineon/Leipzig/2023/December/Documents/Bildschirm%C2%ADfoto%202023-03-18%20um%2009.38.30.png',0,'2023-12-20 05:20:22','2023-12-20 05:20:22'),(75,'Eos','Similique nostrud it.asd','1','group','2023-12-21 00:00:00','2023-12-22 00:00:00','1','false','false','[]',1,141,1,1,NULL,0,NULL,NULL,NULL,NULL,NULL,'https://minio.staging.verein.cloud/tineon/Leipzig/2023/December/Documents/Bildschirm%C2%ADfoto%202023-03-18%20um%2009.39.09.png',0,'2023-12-20 05:25:44','2023-12-20 05:31:37'),(77,'Ipsam ','Dolor fugiat, cupidi.sdcs<font face=\"Arial\" size=\"2\">cf</font>','0','all_club','2023-12-25 00:00:00','2023-12-27 00:00:00','0','false','false','[]',1,141,0,1,NULL,0,NULL,NULL,0,NULL,NULL,'https://minio.staging.verein.cloud/tineon/Leipzig/2023/December/Documents/Bildschirm%C2%ADfoto%202023-03-18%20um%2009.39.01.png',0,'2023-12-20 06:53:13','2023-12-20 07:52:45'),(78,'Alias ','Esse, fugiat fugiat .erf','1','all_club','2024-01-05 00:00:00','2024-01-10 00:00:00','1','false','false','[]',1,141,0,1,NULL,0,NULL,NULL,NULL,NULL,NULL,'https://minio.staging.verein.cloud/tineon/Leipzig/2023/December/Documents/Bildschirm%C2%ADfoto%202023-03-18%20um%2009.38.40.png',0,'2023-12-20 08:13:26','2023-12-20 08:13:26'),(79,'Voluptatem ','Sunt ipsam fugiat, e.sfvsd','0','all_club','2023-12-25 00:00:00','2023-12-29 00:00:00','0','false','false','[]',1,141,0,1,NULL,0,NULL,NULL,0,NULL,NULL,'https://minio.staging.verein.cloud/tineon/Leipzig/2023/December/Documents/Bildschirm%C2%ADfoto%202023-03-18%20um%2009.39.16.png',0,'2023-12-20 08:18:32','2023-12-20 08:23:36'),(81,'Saepe quidem autem l','Libero vel quia sed .yt','1','all_club','2023-12-21 00:00:00','2023-12-23 00:00:00','1','false','false','[\"2\"]',1,141,0,1,NULL,0,NULL,NULL,NULL,NULL,NULL,'https://minio.staging.verein.cloud/tineon/Leipzig/2023/December/Documents/Bildschirm%C2%ADfoto%202023-03-18%20um%2009.39.32.png',0,'2023-12-20 13:32:26','2023-12-20 13:32:26'),(82,'Facere est sint ut e','Deserunt reprehender.sdf','0','all_club','2023-12-21 00:00:00','2023-12-22 00:00:00','0','false','false','[\"2\"]',1,141,0,1,NULL,0,NULL,NULL,NULL,NULL,NULL,'https://minio.staging.verein.cloud/tineon/Leipzig/2023/December/Documents/Bildschirm%C2%ADfoto%202023-03-18%20um%2009.39.01.png',0,'2023-12-20 13:57:25','2023-12-20 13:57:25'),(84,'In ea dolores debiti','Quis quaerat est, ex.efr','0','group','2023-12-30 00:00:00','2023-12-31 00:00:00','0','false','false','[\"1\"]',1,141,0,1,NULL,0,NULL,NULL,NULL,NULL,NULL,'https://minio.staging.verein.cloud/tineon/Leipzig/2023/December/Images/city_street_buildings_160238_1280x800.jpg',0,'2023-12-26 10:05:53','2023-12-26 10:05:53'),(85,'Ut lorem amet odit ','Voluptatem voluptate.erf','1','group','2023-12-30 00:00:00','2024-01-02 00:00:00','0','false','false','[\"2\"]',1,141,0,1,NULL,0,NULL,NULL,0,NULL,NULL,'https://minio.staging.verein.cloud/tineon/Leipzig/2023/December/Documents/Bildschirm%C2%ADfoto%202023-03-18%20um%2009.39.16.png',0,'2023-12-26 10:13:31','2023-12-26 10:43:30'),(86,'Labore aspernatur ne','Saepe veniam, commod.<font face=\"Arial\" size=\"2\">&#160;</font>','0','all_club','2023-12-27 00:00:00','2023-12-28 00:00:00','','false','false','[]',1,141,0,1,NULL,0,NULL,NULL,NULL,NULL,NULL,NULL,0,'2023-12-27 12:55:51','2023-12-27 12:55:51'),(87,'Retroresearch','<strong>Lorem Ipsum</strong><span>&#160;is simply dummy text of the printing and typesetting industry. Lorem Ipsum has been the industry\'s standard dummy text ever since the 1500s, when an unknown printer took a galley of type and scrambled it to make a type specimen book. It has survived not only five centuries, but also the leap into electronic typesetting, remaining essentially unchanged. It was popularised in the 1960s with the release of Letraset sheets containing Lorem Ipsum passages, and more recently with desktop publishing software like Aldus PageMaker including versions of Lorem Ipsu</span>','0','all_club','2024-01-07 00:00:00','2024-01-14 00:00:00','0','false','true','[\"1\"]',1,141,0,1,NULL,0,NULL,NULL,NULL,NULL,NULL,'https://minio.staging.verein.cloud/tineon/Leipzig/2023/December/Documents/Bildschirm%C2%ADfoto%202023-03-18%20um%2009.38.20.png',0,'2023-12-28 05:55:02','2024-02-18 19:48:19'),(88,'consectetur','<span>Contrary to popular belief, Lorem Ipsum is not simply random text. It has roots in a piece of classical Latin literature from 45 BC, making it over 2000 years old. Richard McClintock, a Latin professor at Hampden-Sydney College in Virginia, looked up one of the more obscure Latin words, consectetur, from a Lorem Ipsum passage, and going through the cites of the word in classical literature, discovered the undoubtable source. Lorem Ipsum comes from sections 1.10.32 and 1.10.33 of &#34;</span>','0','all_club','2024-01-06 00:00:00','2024-01-13 00:00:00','0','false','true','[\"1\"]',1,141,0,1,NULL,0,NULL,NULL,0,NULL,NULL,'https://minio.staging.verein.cloud/tineon/Leipzig/2023/December/Images/butterfly_surface_wooden_116623_1280x800.jpg',0,'2023-12-28 09:13:11','2023-12-28 09:14:35'),(89,'undertakes','<span>&#34;But I must explain to you how all this mistaken idea of denouncing pleasure and praising pain was born and I will give you a complete account of the system, and expound the actual teachings of the great explorer of the truth, the master-builder of human happiness. No one rejects, dislikes, or avoids pleasure itself, because it is pleasure, but because those who do not know how to pursue pleasure rationally encounter consequences that are extremely painful. Nor again is there anyone who loves or pursues or desires to obtain pain of itself, because it is pain,</span>','0','all_club','2024-01-05 00:00:00','2024-01-12 00:00:00','0','false','true','[\"1\"]',8,141,0,1,1,0,NULL,NULL,1,NULL,NULL,'https://minio.staging.verein.cloud/tineon/Leipzig/2023/December/Documents/Bildschirm%C2%ADfoto%202023-03-18%20um%2009.38.55.png',0,'2023-12-28 09:17:58','2024-01-12 13:12:56'),(91,'Hampden','<span>gh the cites of the word in classical literature, discovered the undoubtable source. Lorem Ipsum comes from sections 1.10.32 and 1.10.33 of &#34;de Finibus Bonorum et Malorum&#34; (The Extremes of Good and Evil) by Cicero, written in 45 BC. This book is a treatise on the theory of ethics, very popular during the Renaissance. The first line of Lorem Ipsum, &#34;Lorem ipsum dolor sit amet..&#34;, comes fro</span>','0','all_club','2024-01-05 00:00:00','2024-01-12 00:00:00','0','false','true','[\"1\"]',8,141,0,1,1,0,NULL,NULL,0,NULL,NULL,'https://minio.staging.verein.cloud/tineon/Leipzig/2023/December/Documents/Bildschirm%C2%ADfoto%202023-03-18%20um%2009.38.55.png',0,'2023-12-28 11:31:55','2023-12-29 04:13:13'),(92,'Excepteur','Et qui sapiente temp.ewd','0','group','2023-12-31 00:00:00','2024-01-02 00:00:00','1','false','false','[\"1\"]',1,141,0,1,NULL,0,NULL,NULL,NULL,NULL,NULL,NULL,0,'2023-12-29 04:08:45','2023-12-29 04:08:45'),(93,'Sint ','Dolor sapiente recus.ewdf','0','group','2023-12-30 00:00:00','2023-12-31 00:00:00','1','false','false','[\"1\"]',1,141,0,1,NULL,0,NULL,NULL,NULL,NULL,NULL,'https://minio.staging.verein.cloud/tineon/Leipzig/2023/December/Documents/Bildschirm%C2%ADfoto%202023-03-18%20um%2009.39.16.png',0,'2023-12-29 04:15:31','2023-12-29 04:15:31'),(94,'Esse aut id delectus','Alias tempora ipsam .saw','0','all_club','2023-12-31 00:00:00','2024-01-03 00:00:00','0','false','false','[\"1\"]',1,141,0,1,NULL,0,NULL,NULL,NULL,NULL,NULL,'https://minio.staging.verein.cloud/tineon/Leipzig/2023/December/Documents/Bildschirm%C2%ADfoto%202023-03-18%20um%2009.39.32.png',0,'2023-12-29 04:17:25','2023-12-29 04:17:25'),(95,'Provident consectet','Culpa, cupidatat vit.&#160;','0','group','2023-12-29 00:00:00','2023-12-30 00:00:00','','false','false','[]',1,141,0,1,NULL,0,NULL,NULL,NULL,NULL,NULL,NULL,0,'2023-12-29 04:19:58','2023-12-29 04:19:58'),(96,'Survey Variety','<span>try. Lorem Ipsum has been the industry\'s standard dummy text ever since the 1500s, when an unknown printer took a galley of type and scrambled it to make a type specimen book. It has survived not only five centuries, but also the leap into electronic typesetting, remaining essentially unchanged. It was popularised in the 1960s with the release of Letraset shee</span>','0','group','2024-01-07 00:00:00','2024-01-14 00:00:00','0','false','true','[\"1\"]',1,141,0,1,NULL,0,NULL,NULL,NULL,NULL,NULL,'https://minio.staging.verein.cloud/tineon/Leipzig/2023/December/Documents/Bildschirm%C2%ADfoto%202023-03-18%20um%2009.39.32.png',0,'2023-12-29 04:26:20','2023-12-29 04:26:20'),(97,'Studio Anise','<span>Lorem ipsum dolor sit amet. Ex dolores voluptatem hic quas maiores ex minima incidunt. Qui consectetur laudantium non delectus beatae non nesciunt&#160;</span>','0','group','2023-12-30 00:00:00','2024-01-02 00:00:00','0','false','false','[\"1\"]',1,141,0,1,NULL,0,NULL,NULL,NULL,NULL,NULL,'https://minio.staging.verein.cloud/tineon/Leipzig/2023/December/Documents/Bildschirm%C2%ADfoto%202023-03-18%20um%2009.38.06.png',0,'2023-12-29 04:27:33','2023-12-29 04:27:33'),(98,'test survey','<p>Lorem ipsum dolor sit amet. Vel deserunt dolorem et dolores corrupti aut enim dolor ea exercitationem nostrum. Qui voluptatem veniam eos sunt officia et quam internos.</p><p>Sed animi consequatur qui voluptatem repellat sit error deserunt. Id voluptatem voluptatum a exercitationem perspiciatis quo sequi molestiae! Ad aliquam dignissimos sed nihil obcaecati id aliquam illo. Eos voluptatem culpa ad cumque dolor est corrupti esse.</p><p>Et eaque eaque eum illo corrupti et galisum voluptatem et porro reprehenderit ut omnis voluptatem! Est corrupti dolor est rerum sequi qui galisum minima. Vel atque repellat non consequatur repellendus est optio voluptatem ut voluptate voluptas.</p>','0','all_club','2023-12-30 00:00:00','2024-01-12 00:00:00','0','false','false','[\"1\"]',1,141,0,1,NULL,0,NULL,NULL,0,NULL,NULL,'https://minio.staging.verein.cloud/tineon/Leipzig/2023/December/Images/Screenshot_1.png',0,'2023-12-29 08:13:56','2023-12-29 08:23:31'),(99,'test survey 2','<p>Sit consequatur omnis et fuga vitae ut voluptatem voluptate rem praesentium dignissimos ut delectus sunt et laudantium molestiae. Et sunt alias est nesciunt voluptas ex accusamus doloremque vel amet iusto sit aliquam similique non enim mollitia. Ut sunt quia vel molestiae quas est explicabo accusamus rem dolorem numquam est fugiat itaque.</p><p>Qui quia omnis id quia internos est molestiae fugiat et eveniet minus! Et facere rerum nam minus provident ea doloribus amet in sunt optio et fuga praesentium est autem maxime. Est deleniti quam aut neque architecto et ducimus quis non ipsam ipsa hic repellendus quod et ipsam culpa ex tenetur expedita.</p>','1','group','2023-12-25 00:00:00','2024-01-01 00:00:00','0','true','false','[\"2\"]',1,141,0,1,NULL,0,NULL,NULL,0,NULL,NULL,'https://minio.staging.verein.cloud/tineon/Leipzig/2023/December/Images/Screenshot_1.png',0,'2023-12-29 08:41:40','2023-12-29 08:54:25'),(100,'how did you hear about our website?','<span>Lorem ipsum dolor sit amet. Et cupiditate consectetur sed dolorem nobis et debitis dolor ad consectetur corporis. Aut quia adipisci nam magnam culpa eos harum eaque aut error delectus ut accusamus minima eum facere dolorem. Ut doloremque quia et necessitatibus beatae sit tempore quia. Et repellendus earum qui alias magni ad aliquam alias!</span>','0','all_club','2023-12-27 00:00:00','2023-12-30 00:00:00','1','false','false','[\"2\"]',1,141,0,1,NULL,0,NULL,NULL,0,NULL,NULL,'https://minio.staging.verein.cloud/tineon/Leipzig/2023/December/Documents/Bildschirm%C2%ADfoto%202023-03-18%20um%2009.38.40.png',0,'2023-12-29 08:59:43','2023-12-29 09:04:38'),(101,'Who your target market is','<span>Lorem ipsum dolor sit amet. Aut illum sapiente cum aperiam voluptate vel temporibus earum est quibusdam rerum rem deserunt nihil id nulla labore et facere adipisci. Ut voluptas pariatur est laudantium autem ab voluptatum quia ab impedit internos.</span>','0','group','2024-01-02 00:00:00','2024-01-08 00:00:00','1','false','false','[\"2\"]',1,141,0,1,NULL,0,NULL,NULL,NULL,NULL,NULL,'https://minio.staging.verein.cloud/tineon/Leipzig/2023/December/Documents/Bildschirm%C2%ADfoto%202023-03-18%20um%2009.39.25.png',0,'2023-12-29 09:13:09','2023-12-29 09:13:09'),(102,'Dolorem possimus es','Voluptatum non conse.<font face=\"Arial\" size=\"2\">&#160;</font>','1','all_club','2024-01-08 00:00:00','2024-01-12 00:00:00','0','false','false','[\"1\"]',1,141,1,1,NULL,0,NULL,NULL,NULL,NULL,NULL,'https://minio.staging.verein.cloud/tineon/Leipzig/2024/January/Images/Tennis-Minis.jpeg',0,'2024-01-08 10:55:50','2024-01-10 11:30:07'),(103,' omnis non event','<span>Lorem ipsum dolor sit amet. Ut sunt aspernatur hic obcaecati veritatis aut eligendi ullam non quidem excepturi vel rerum nobis ut possimus animi est magnam velit. Id incidunt omnis aut omnis unde et unde omnis non eveniet laudantium ut error repellat. Et dolores quasi et quas voluptas sit animi voluptatibus eum inventore exercitationem At eius eius.</span>','0','group','2024-01-11 00:00:00','2024-01-15 00:00:00','1','false','false','[\"1\"]',1,141,0,1,NULL,0,NULL,NULL,0,NULL,NULL,'https://minio.staging.verein.cloud/tineon/Leipzig/2024/January/Documents/Bildschirm%C2%ADfoto%202023-03-18%20um%2009.37.56.png',0,'2024-01-10 12:07:15','2024-01-10 12:09:44'),(104,'Sed eveniet quia su','Maxime quam reprehen.&#160;','0','group','2024-01-12 00:00:00','2024-01-17 00:00:00','0','false','false','[\"1\"]',1,141,0,1,NULL,0,NULL,NULL,0,NULL,NULL,'https://minio.staging.verein.cloud/tineon/Leipzig/2024/January/Images/Tennis-Minis.jpeg',0,'2024-01-10 12:21:41','2024-01-10 12:21:55'),(106,'survey12345','<font size=\"2\" face=\"Arial\">lorem</font>','0','all_club','2024-01-12 00:00:00','2024-01-18 00:00:00','0','false','false','[\"2\"]',9,141,0,1,1,0,NULL,NULL,0,NULL,NULL,'https://minio.staging.verein.cloud/tineon/Leipzig/2024/January/Documents/Bildschirm%C2%ADfoto%202023-03-18%20um%2009.38.30.png',0,'2024-01-11 12:49:54','2024-01-12 13:20:13'),(107,'survey1111','Lorem ipsum dolor sit amet, consectetur adipiscing elit, sed do eiusmod &#10;tempor incididunt ut labore et dolore magna aliqua. Ut enim ad minim &#10;veniam, quis nostrud exercitation ullamco laboris nisi ut aliquip ex ea &#10;commodo consequat. Duis aute irure dolor in reprehenderit in voluptate &#10;velit esse cillum dolore eu fugiat nulla pariatur. Excepteur sint &#10;occaecat cupidatat non proident, sunt in culpa qui officia deserunt &#10;mollit anim id est laborum.','1','all_club','2024-01-20 00:00:00','2024-01-22 00:00:00','0','false','false','[\"2\"]',1,141,0,1,NULL,0,NULL,NULL,0,NULL,NULL,'https://minio.staging.verein.cloud/tineon/Leipzig/2024/January/Images/Bogenschie%C3%9Fen.jpeg',0,'2024-01-11 13:32:10','2024-01-12 10:39:00'),(108,' Quis quia eos nesciunt ','<span>Lorem ipsum dolor sit amet. Et perspiciatis quam et dolor voluptatem est eaque praesentium et harum molestiae sed dolorem veniam ut minus dolor et similique voluptates. Et itaque amet ut&#160;</span>','1','all_club','2024-01-13 00:00:00','2024-01-30 00:00:00','0','false','false','[\"1\"]',1,141,0,1,NULL,0,NULL,NULL,0,NULL,NULL,'https://minio.staging.verein.cloud/tineon/Leipzig/2024/January/Images/Tennis.jpeg',0,'2024-01-12 11:59:55','2024-01-12 12:06:57'),(111,'t exercitationem enim. A unde co','<p>Lorem ipsum dolor sit amet. Ad velit sapiente aut iusto officia rem facilis neque et voluptatem Quis sed placeat galisum nam cumque consequatur eum illum quod. Et repellendus suscipit qui consequatur aperiam a deserunt voluptas aut dolor perspiciatis non earum laudantium.</p><p>Nam dolor maiores est consequatur corrupti aut doloribus nesciunt et animi asperiores id officiis ducimus quo nostrum voluptatibus! Nam nemo tempora ea quidem neque qui magni velit sed totam omnis eos necessitatibus quia id quam velit? Aut fuga nisi a voluptate quae sit quia ullam in velit saepe.</p><p>Est totam repellat eum quia reprehenderit cum nostrum illo qui neque consequuntur? Eos neque error ut repudiandae voluptas quo provident maxime est nulla nulla ut nobis velit id quos labore. Ex necessitatibus fuga ut quod omnis aut quam quaerat aut dignissimos facilis eum quibusdam vitae et exercitationem enim. A unde commodi eum ipsa explicabo qui laborum consectetur est quos commodi aut blanditiis maxime aut recusandae quidem.</p>','0','all_club','2024-01-15 00:00:00','2024-01-24 00:00:00','0','false','false','[\"1\"]',1,141,0,1,NULL,0,NULL,NULL,0,NULL,NULL,'https://minio.staging.verein.cloud/tineon/Leipzig/2024/January/Images/Bogenschie%C3%9Fen.jpeg',0,'2024-01-13 05:38:16','2024-01-13 05:59:49'),(112,'laboris nisi ut aliquip ex ','laboris nisi ut aliquip exlaboris nisi ut aliquip ex laboris nisi ut aliquip ex laboris nisi ut aliquip ex laboris nisi ut aliquip ex laboris nisi ut aliquip ex laboris nisi ut aliquip ex laboris nisi ut aliquip ex laboris nisi ut aliquip ex laboris nisi ut aliquip ex laboris nisi ut aliquip ex laboris nisi ut aliquip ex laboris nisi ut aliquip ex laboris nisi ut aliquip ex laboris nisi ut aliquip ex laboris nisi ut aliquip ex laboris nisi ut aliquip ex laboris nisi ut aliquip ex laboris nisi ut aliquip ex laboris nisi ut aliquip ex laboris nisi ut aliquip ex laboris nisi ut aliquip ex laboris nisi ut aliquip ex laboris nisi ut aliquip ex laboris nisi ut aliquip ex laboris nisi ut aliquip ex laboris nisi ut aliquip ex laboris nisi ut aliquip ex laboris nisi ut aliquip ex laboris nisi ut aliquip ex laboris nisi ut aliquip ex laboris nisi ut aliquip ex laboris nisi ut aliquip ex laboris nisi ut aliquip ex laboris nisi ut aliquip ex &#160;','1','all_club','2024-01-14 00:00:00','2024-01-17 00:00:00','1','false','false','[\"1\"]',1,141,0,1,NULL,0,NULL,NULL,NULL,NULL,NULL,'https://minio.staging.verein.cloud/tineon/Leipzig/2024/January/Images/Tennis-Minis.jpeg',0,'2024-01-13 08:48:28','2024-01-13 08:48:28'),(114,'Tion ullamco laboris nisi','Lorem ipsum dolor sit amet, consectetur adipiscing elit, sed do eiusmod &#10;tempor incididunt ut labore et dolore magna aliqua. Ut enim ad minim &#10;veniam, quis nostrud exercitation ullamco laboris nisi ut aliquip ex ea &#10;commodo consequat. Duis aute irure dolor in reprehenderit in voluptate &#10;velit esse cillum dolore eu fugiat nulla pariatur. Excepteur sint &#10;occaecat cupidatat non proident, sunt in culpa qui officia deserunt &#10;mollit anim id est laborum.','0','group','2024-01-16 00:00:00','2024-01-23 00:00:00','0','true','true','[\"1\"]',1,141,0,1,NULL,0,NULL,NULL,0,NULL,NULL,'https://minio.staging.verein.cloud/tineon/Leipzig/2024/January/Images/Tennis.jpeg',0,'2024-01-13 09:59:45','2024-01-15 06:48:26'),(115,'Ex Nam ea autem et','Exercitationem exped.<font face=\"Arial\" size=\"2\">&#160;</font>','1','group','2024-01-16 00:00:00','2024-01-24 00:00:00','1','false','false','[\"1\"]',1,141,0,1,NULL,0,NULL,NULL,NULL,NULL,NULL,'https://minio.staging.verein.cloud/tineon/Leipzig/2024/January/Images/tennis-damen.jpeg',0,'2024-01-15 06:57:05','2024-01-15 06:57:05'),(116,'Test survey 123','cvx<font face=\"Arial\" size=\"2\">vxc</font>','0','all_club','2024-01-16 00:00:00','2024-01-19 00:00:00','0',NULL,NULL,'[\"1\"]',1,141,0,1,NULL,0,NULL,NULL,0,NULL,NULL,'https://minio.staging.verein.cloud/tineon/Leipzig/2024/January/Images/Tennis-Minis.jpeg',0,'2024-01-15 13:52:58','2024-01-16 05:22:39'),(117,'qui officia deserunt mollit anim id est laborum.','Lorem ipsum dolor sit amet, consectetur adipiscing elit, sed do eiusmod &#10;tempor incididunt ut labore et dolore magna aliqua. Ut enim ad minim &#10;veniam, quis nostrud exercitation ullamco laboris&#160;&#10;commodo consequat. Duis aute irure dolor in reprehenderit in voluptate &#10;velit esse cilluulla pariatur. cat cupidatat non proident, sunt in culpa q<font face=\"Arial\" size=\"2\">ui officia deserunt &#10;mollit anim id est laborum.</font>','1','group','2024-01-17 00:00:00','2024-01-31 00:00:00','0','true','true','[\"1\"]',1,141,0,1,NULL,0,NULL,NULL,NULL,NULL,NULL,'https://minio.staging.verein.cloud/tineon/Leipzig/2024/January/Documents/Bildschirm%C2%ADfoto%202023-03-18%20um%2009.38.30.png',0,'2024-01-16 04:32:58','2024-01-16 04:32:58'),(118,'laborum.','q<font face=\"Arial\" size=\"2\">ui officia deserunt &#10;mollit anim id est laborum.</font>','0','all_club','2024-01-16 00:00:00','2024-01-29 00:00:00','1','true','true','[\"2\"]',1,141,1,1,NULL,0,NULL,NULL,0,NULL,NULL,'https://minio.staging.verein.cloud/tineon/Leipzig/2024/January/Documents/Bildschirm%C2%ADfoto%202023-03-18%20um%2009.38.40.png',0,'2024-01-16 04:37:28','2024-01-16 06:08:29'),(119,' consectetur adipiscing elit','Lorem ipsum dolor sit amet,, sed do eiusmod &#10;tempor incididunt ut labore et dolore magna aliqua. Ut enim ad minim &#10;veniam, quis nostrud exercitation ullamco laboris nisi ut aliquip ex ea &#10;commodo consequat. Duis aute irure dolor in reprehenderit in voluptate &#10;velit esse cillum dolore eu fugiat nulla pariatur. Excepteur sint &#10;occaecat cupidatat non proident, sunt in culpa qui officia deserunt &#10;mollit anim id est laborum.','0','all_club','2024-01-17 00:00:00','2024-01-24 00:00:00','0',NULL,NULL,'[\"1\"]',1,141,0,1,NULL,0,NULL,NULL,NULL,NULL,NULL,'https://minio.staging.verein.cloud/tineon/Leipzig/2024/January/Documents/Bildschirm%C2%ADfoto%202023-03-18%20um%2009.38.30.png',0,'2024-01-16 04:51:15','2024-01-16 04:51:15'),(121,'mollit anim id est laborum.','Lorem ipsum dolor sit amet, consectetur adipiscing elit, sed do eiusmod &#10;tempor incididunt ut labore et dolore magna aliqua. Ut enim ad minim &#10;veniam, quis nostrud exercitation ullamco laboris nisi ut aliquip ex ea &#10;commodo consequat. Duis aute irure dolor in reprehenderit in voluptate &#10;velit esse cillum dolore eu fugiat. Excepteur sint &#10;occaecat cupidatat non proident, sunt in culpa qui officia deserunt <br>','0','all_club','2024-01-17 00:00:00','2024-01-31 00:00:00','1','true','true','[\"1\"]',1,141,0,1,NULL,0,NULL,NULL,NULL,NULL,NULL,NULL,0,'2024-01-16 04:56:38','2024-01-16 04:56:38'),(123,'t cupidatat non ','Lorem ipsum dolor sit amet, consectetur adipiscing elit, sed do eiusmod &#10;tempor incididunt ut labore et dolore magna aliqua. Ut enim ad minim &#10;veniam, quis nostrud exercitation ullamco laboris nisi ut aliquip ex ea &#10;coonsequat. dolor in reprehenderit in voluptate &#10;velit esse cillum dolore eu fugiat nulla pariatur. Excepteur sint &#10;occaecaproidenulpa qui officia deserunt &#10;mollit anim id est laborum.','0','all_club','2024-01-16 00:00:00','2024-01-30 00:00:00','1','true','true','[\"1\"]',1,141,0,1,NULL,0,NULL,NULL,0,NULL,NULL,'https://minio.staging.verein.cloud/tineon/Leipzig/2024/January/Documents/Bildschirm%C2%ADfoto%202023-03-18%20um%2009.37.50.png',0,'2024-01-16 05:12:04','2024-01-16 05:22:19'),(124,'Test survey 26 Jan 2024','This<font face=\"Arial\" size=\"2\">&#160;is fortetsing</font>','0','all_club','2024-01-19 00:00:00','2024-01-29 00:00:00','0','true',NULL,'[\"1\"]',1,141,0,1,NULL,0,NULL,NULL,0,NULL,NULL,'https://minio.staging.verein.cloud/tineon/Leipzig/2024/January/Images/Hockeydamen.jpeg',0,'2024-01-16 05:17:41','2024-01-16 05:55:24'),(125,'anim id est laborum.','Lorem ipsum dolor sit amet, consectetur adipiscing elit, sed do eiusmod &#10;tempor incididunt ut labore et dolore magna aliqua. Ut enim ad minim &#10;veniam, quis nostrud exercitation ullamco laboris nisi ut aliquip ex ea dolor in reoluptate &#10;velit esse cillum dolore eu fugiat nulla pariatur. Excepteur sint &#10;occaecat cupidatat non proident, sunt in culpa qui officia deserunt &#10;mollit <br>','0','','2024-01-18 00:00:00','2024-01-30 00:00:00','0',NULL,NULL,'[\"1\"]',1,141,0,1,NULL,0,NULL,NULL,0,NULL,NULL,'https://minio.staging.verein.cloud/tineon/Leipzig/2024/January/Documents/Bildschirm%C2%ADfoto%202023-03-18%20um%2009.38.40.png',0,'2024-01-16 05:22:56','2024-01-16 05:23:09'),(127,'t mollit anim id est laborum.','Lorem ipsum dolor sit amet, consectetur adipiscing elit, sed do eiusmod &#10;tempor incididunt ut labore et dolore magna aliqua. Ut enim ad minim &#10;veniam, quis nostrud exercitation ullamco laboris nisi ut aliquip ex ea &#10;commodo consequat. Duis aute irure dolor in reprehenderit in voluptate &#10;velit esse cillum dolore eu fugiat nulla pariatur. Excepteur sint &#10;occaecat cupidatat non proident, sunt in culpa qui officia deserun','1','group','2024-01-19 00:00:00','2024-01-31 00:00:00','2','true','true','[\"1\"]',9,141,0,1,1,1,NULL,NULL,NULL,NULL,NULL,'https://minio.staging.verein.cloud/tineon/Leipzig/2024/January/Documents/Bildschirm%C2%ADfoto%202023-03-18%20um%2009.38.30.png',0,'2024-01-16 05:33:12','2024-01-16 05:35:48'),(128,' consectetur adipiscing elit, sed do eiusmo','Lorem ipsum dolor sit amet, consectetur adipiscing elit, sed do eiusmod &#10;tempor incididunt ut labore et dolore magna aliqua. Ut enim ad minim &#10;veniam, quis nostrud exercitation ullamco laboris nisi ut aliquip ex ea &#10;commodo consequat. Duis aute irure dolor in reprehenderit in voluptate &#10;velit esse cillum dolore eu fugiat nulla pariatur. Excepteur sint &#10;occaecat cupidatat non proident, sunt in culpa qui officia deserunt &#10;mollit anim id est laborum.','0','','2024-01-17 00:00:00','2024-01-30 00:00:00','0','true','true','[\"1\"]',9,141,0,1,1,0,NULL,NULL,1,NULL,NULL,'https://minio.staging.verein.cloud/tineon/Leipzig/2024/January/Documents/Bildschirm%C2%ADfoto%202023-03-18%20um%2009.38.30.png',0,'2024-01-16 05:42:18','2024-01-16 05:45:11'),(129,'uis nostrud exercitation ullamco labo','Lorem ipsum dolor sit amet, consectetur adipiscing elit, sed do eiusmod &#10;tempor incididunt ut labore et dolore magna aliqua. Ut enim ad minim &#10;veniam, quis nostrud exercitation ullamco laboris nisi ut aliquip ex ea &#10;commodo consequat. Duis aute irure dolor in reprehenderit in voluptate &#10;velit esse cillum dolore eu fugiat nulla pariatur. Excepteur sint &#10;occaecat cupidatat non proident, sunt in culpa qui officia deserunt &#10;mollit anim id est laborum.','1','all_club','2024-01-16 00:00:00','2024-01-29 00:00:00','1','true','true','[\"1\"]',1,141,0,1,NULL,0,NULL,NULL,0,NULL,NULL,'https://minio.staging.verein.cloud/tineon/Leipzig/2024/January/Documents/Bildschirm%C2%ADfoto%202023-03-18%20um%2009.38.30.png',0,'2024-01-16 06:10:20','2024-01-16 06:11:50'),(130,'deserunt mollit anim id est laborum.','Lorem ipsum dolor sit amet, consectetur adipiscing elit, sed do eiusmod &#10;tempor incididunt ut labore et dolore magna aliqua. Ut enim ad minim &#10;veniam, quis nostrud exercitation ullamco laboris nisi ut aliquip ex ea &#10;commodo consequat. Duis aute irure dolor in reprehenderit in voluptate &#10;velit esse cillum dolore eu fugiat nulla pariatur. Excepteur sint &#10;occaecat cupidatat non proident, sunt in culpa qui officia deserunt &#10;mollit anim id est laborum.','1','group','2024-01-30 00:00:00','2024-02-29 00:00:00','0',NULL,'true','[\"2\"]',1,141,1,1,NULL,0,NULL,NULL,0,NULL,NULL,NULL,0,'2024-01-16 08:46:32','2024-02-02 08:01:26'),(131,'Nisi recusandae Nam','Consequuntur recusan.&#160;','0','all_club','2024-01-19 00:00:00','2024-01-30 00:00:00','0','true','true','[\"1\"]',9,141,0,1,1,0,NULL,NULL,0,NULL,NULL,'https://minio.staging.verein.cloud/tineon/Leipzig/2024/January/Images/tennis-damen.jpeg',0,'2024-01-16 09:21:37','2024-03-08 11:37:00'),(132,'lum dolore eu fugiat nulla pariatur. Excepteur sint oct anim id est laborum.','Lorem ipsum dolor sit amet, consectetur adipiscing elit, sed do eiusmod &#10;tempor incididunt ut labore et dolore magna aliqua. Ut enim ad minim &#10;veniam, quis nostrud exercitation ullamco laboris nisi ut aliquip ex ea &#10;commodo consequat. Duis aute irure dolor in reprehenderit in voluptate &#10;velit esse cil','0','all_club','2024-01-17 00:00:00','2024-01-31 00:00:00','1','true','true','[\"1\"]',1,141,0,1,NULL,0,NULL,NULL,NULL,NULL,NULL,'https://minio.staging.verein.cloud/tineon/Leipzig/2024/January/Documents/Bildschirm%C2%ADfoto%202023-03-18%20um%2009.38.30.png',0,'2024-01-17 05:35:53','2024-01-17 05:35:53'),(133,'it anim id est laborum.it anim id est laborum.','Lorem ipsum dolor sit amet, consectetur adipiscing elit, sed do eiusmod &#10;tempor incididunt ut labore et dolore magna aliqua. Ut enim ad minim &#10;veniam, quis nostrud exercitation ullamco laboris nisi ut aliquip ex ea &#10;commodo consequat. Duis aute irure dolor in reprehenderit in voluptate &#10;velit esse cillum dolore eu fugiat nulla pariatur. Excepteur sint &#10;occaecat cupidatat non proident, sunt in culpa qui officia deserunt &#10;mollit anim id est laborum.','0','all_club','2024-01-17 00:00:00','2024-01-31 00:00:00','1','true','true','[\"1\"]',1,141,0,1,NULL,0,NULL,NULL,NULL,NULL,NULL,NULL,0,'2024-01-17 05:49:03','2024-01-17 05:49:03'),(135,'non proident, sunt i','&#160;sunt in culpa','1','all_club','2024-01-19 00:00:00','2024-01-26 00:00:00','2',NULL,NULL,'[\"1\"]',1,141,0,1,NULL,0,NULL,NULL,NULL,NULL,NULL,NULL,0,'2024-01-17 08:14:28','2024-01-17 08:14:28'),(138,'fhrthyfrhjtyj','ghnjjtug<font face=\"Arial\" size=\"2\">&#160;gjtjutgyk</font>','0','all_club','2024-01-18 00:00:00','2024-01-20 00:00:00','1','true',NULL,'[\"1\"]',1,141,0,1,NULL,0,NULL,NULL,NULL,NULL,NULL,'https://minio.staging.verein.cloud/tineon/Leipzig/2024/January/Images/tennis-damen.jpeg',0,'2024-01-18 09:49:07','2024-01-18 09:49:07'),(139,'Doloribus provident','Nemo debitis in est .&#160; &#160;','0','all_club','2024-01-19 00:00:00','2024-01-21 00:00:00','1',NULL,'true','[\"1\"]',1,141,0,1,NULL,0,NULL,NULL,0,NULL,NULL,'https://minio.staging.verein.cloud/tineon/Leipzig/2024/January/Documents/Bildschirm%C2%ADfoto%202023-03-18%20um%2009.39.09.png',0,'2024-01-18 12:37:53','2024-01-18 12:39:10'),(140,'Test ','<span>With the&#160;</span><span>online text generator</span><span>&#160;you can process your personal&#160;</span><span>Lorem Ipsum</span><span>&#160;enriching it with html elements that define its structure, with the possibility to insert external links, but not only.</span>','0','all_club','2024-01-19 00:00:00','2024-01-20 00:00:00','0',NULL,NULL,'[\"1\"]',1,141,0,1,NULL,0,NULL,NULL,NULL,NULL,NULL,'https://minio.staging.verein.cloud/tineon/Leipzig/2024/January/Images/Leichtathetik.jpeg',0,'2024-01-18 12:52:30','2024-01-18 12:59:16'),(143,'veniam, quis nostrud exercitation ullam','Lorem ipsum dolor sit amet, consectetur adipiscing elit, sed do eiusmod &#10;tempor incididunt ut labore et dolore magna aliqua. Ut enim ad minim t. Duis aute irure dolor in reprehenderit in voluptate &#10;velit esse cillum dolore eu fugiat nulla pariatur. Excepteur sint &#10;occaecat cupidatat non proident, sunt in culpa qui officia deserunt &#10;mollit anim id est laborum.','0','all_club','2024-01-19 00:00:00','2024-01-31 00:00:00','1',NULL,NULL,'[\"2\"]',1,141,0,1,NULL,0,NULL,NULL,NULL,NULL,NULL,NULL,0,'2024-01-19 11:04:17','2024-01-19 11:04:17'),(148,'ex ea commodeserunt mollit anim id est laborum.','L<font face=\"Arial\" size=\"2\">orem ipsum dolor sit amet, consectetur adipiscing elit, sed do eiusmod &#10;tempor incididunt ut labore et dolore magna aliqua. Ut enim ad minim &#10;veniam, quis nostrud exercitation ullamco laboris nisi ut aliquip do consequat. Duis aute irure dolor in reprehenderit in volupta</font>te &#10;velit esse cillum dolore eu fugiat nulla pariatur. Excepteur sint &#10;occaecat cupidatat non proident, sunt in culpa qui officia <br>','1','all_club','2024-01-19 00:00:00','2024-01-31 00:00:00','2','true','false','[\"2\"]',1,141,0,1,NULL,0,NULL,NULL,NULL,NULL,NULL,'https://minio.staging.verein.cloud/tineon/Leipzig/2024/January/Images/Bogenschie%C3%9Fen.jpeg',0,'2024-01-19 12:44:23','2024-01-19 12:44:23'),(149,'Group lorem','Lorem ipsum dolor sit amet, consectetur adipiscing elit, sed do eiusmod &#10;tempor incididunt ut labore et dolore magna aliqua. Ut enim ad minim &#10;veniam, quis nostrud exercitation ullamco laboris nisi ut aliquip ex ea &#10;commodo consequat. Duis aute irure dolor in reprehenderit in voluptate &#10;velit esse cillum dolore eu fugiat nulla pariatur. Excon proident, sunt in culpa qui officia deserun','1','all_club','2024-01-19 00:00:00','2024-01-31 00:00:00','2','true',NULL,'[\"2\"]',1,141,0,1,NULL,0,NULL,NULL,NULL,NULL,NULL,'https://minio.staging.verein.cloud/tineon/Leipzig/2024/January/Images/tennis-damen.jpeg',0,'2024-01-19 12:46:10','2024-01-19 12:46:10'),(151,'anim id est laborum.officia deserunt mollit ','&#160;&#10;commodo consequat. Duis aute irure dolor in reprehenderit in voluptate &#10;velit esse cillum dolore eu fugiat nulla pariatur. Excepteur sint &#10;occaecat cu sed do eiusmod &#10;tempor incididunt ut labore et dolore magna aliqua. Ut enim ad minim &#10;veniam, quis nostrud exercitation ullamco laboris nisi ut aliquip ex ea <br>','1','group','2024-01-24 00:00:00','2024-02-20 00:00:00','0',NULL,NULL,'[\"2\"]',1,141,0,1,NULL,0,NULL,NULL,0,NULL,NULL,'https://minio.staging.verein.cloud/tineon/Leipzig/2024/January/Images/tennis-damen.jpeg',0,'2024-01-23 10:21:43','2024-01-24 06:21:45'),(152,'occaecat','Lorem ipsum dolor sit amet, consectetur adipiscing elit, sed do eiusmod &#10;tempor incididunt ut labore et dolore magna aliqua. Ut enim ad minim &#10;veniam, quis nostrud exercitation ullamco laboris nisi ut aliquip ex ea &#10;commodo consequat. Duis aute irure dolor in reprehenderit in voluptate &#10;velit esse cillum dolore eu fugiat nulla pariatur. Excepteur sint&#160; cupidatat non proident, sunt in culpa qui officia deserunt &#10;mollit anim id est laborum.','1','all_club','2024-01-30 00:00:00','2024-01-31 00:00:00','',NULL,NULL,'[]',1,141,0,1,NULL,0,NULL,NULL,NULL,NULL,NULL,NULL,0,'2024-01-23 10:25:00','2024-01-23 10:25:00'),(153,'pariatur','<span>Lorem ipsum dolor sit amet. Qui quia pariatur qui corrupti facere et ducimus rerum At itaque e</span>','0','all_club','2024-01-24 00:00:00','2024-01-26 00:00:00','1',NULL,NULL,'[\"2\"]',1,141,0,1,NULL,0,NULL,NULL,NULL,NULL,NULL,'https://minio.staging.verein.cloud/tineon/Leipzig/2024/January/Documents/Bildschirm%C2%ADfoto%202023-03-18%20um%2009.39.16.png',0,'2024-01-24 06:24:01','2024-01-24 06:24:01'),(154,'Test Survey 24 Jan','<font face=\"Arial\" size=\"2\">This is for testing</font>','0','all_club','2024-01-24 00:00:00','2024-01-31 00:00:00','0','true',NULL,'[\"1\"]',1,141,0,1,NULL,0,NULL,NULL,NULL,NULL,NULL,NULL,0,'2024-01-24 06:39:27','2024-01-24 06:39:27'),(155,'blanditiis','<span>Lorem ipsum dolor sit amet. Et tenetur blanditiis est eius blanditiis eos voluptatem sunt qui itaque voluptatum et mollitia recusandae sed illo dicta et sequi quis. Ex obcaecati harum qui assumenda debitis At deserunt&#160;</span>','0','group','2024-01-24 00:00:00','2024-01-26 00:00:00','1',NULL,NULL,'[\"2\"]',1,141,0,1,NULL,0,NULL,NULL,NULL,NULL,NULL,'https://minio.staging.verein.cloud/tineon/Leipzig/2024/January/Documents/Bildschirm%C2%ADfoto%202023-03-18%20um%2009.39.55.png',0,'2024-01-24 07:48:13','2024-01-24 07:48:13'),(156,'consequatur','<span>Qui tempore consequatur qui suscipit porro ab dolores voluptas qui neque enim et nesciunt voluptate vel quia consectetur id esse voluptates. Ex ipsam quae ut minima dolor ut quia fuga?</span>','0','all_club','2024-01-24 00:00:00','2024-01-26 00:00:00','1',NULL,NULL,'[\"2\"]',1,141,0,1,NULL,0,NULL,NULL,NULL,NULL,NULL,NULL,0,'2024-01-24 07:52:09','2024-01-24 07:52:09'),(158,'Umfrage24th','lorem','1','all_club','2024-01-24 00:00:00','2024-01-31 00:00:00','2',NULL,NULL,'[\"2\"]',1,141,0,1,NULL,0,NULL,NULL,NULL,NULL,NULL,NULL,0,'2024-01-24 08:18:56','2024-01-24 08:18:56'),(159,'umfrage2401','lorem','1','all_club','2024-01-24 00:00:00','2024-01-31 00:00:00','2','true',NULL,'[\"1\"]',1,141,0,1,NULL,0,NULL,NULL,NULL,NULL,NULL,NULL,0,'2024-01-24 08:59:35','2024-01-24 08:59:35'),(160,'aut nemo','<span>Lorem ipsum dolor sit amet. Et Quis modi aut nemo ducimus ut rerum rerum aut neque dolor qui adipisci ullam eos provident natus. Est&#160;</span><span>Lorem ipsum dolor sit amet. Et Quis modi aut nemo ducimus ut rerum rerum aut neque dolor qui adipisci ullam eos provident natus. Est&#160;</span>','0','group','2024-01-26 00:00:00','2024-01-29 00:00:00','1',NULL,'true','[\"1\"]',1,141,0,1,NULL,0,NULL,NULL,NULL,NULL,NULL,'https://minio.staging.verein.cloud/tineon/Leipzig/2024/January/Documents/Bildschirm%C2%ADfoto%202023-03-18%20um%2009.39.16.png',0,'2024-01-25 06:43:07','2024-01-25 06:43:07'),(161,'umfrageSur25','Lorem ipsum dolor sit amet, consectetur adipiscing elit, sed do eiusmod &#10;tempor incididunt ut labore et dolore magna aliqua. Ut enim ad minim &#10;veniam, quis nostrud exercitation ullamco laboris nisi ut aliquip ex ea &#10;commodo consequat. Duis aute irure dolor in reprehenderit in voluptate &#10;velit esse cillum dolore eu fugiat nulla pariatur. Excepteur sint &#10;occaecat cupidatat non proident, sunt in culpa qui officia deserunt &#10;mollit anim id est laborum','1','all_club','2024-01-25 00:00:00','2024-01-31 00:00:00','2','true',NULL,'[\"1\"]',1,141,0,1,NULL,0,NULL,NULL,NULL,NULL,NULL,'https://minio.staging.verein.cloud/tineon/Leipzig/2024/January/Images/tennis-damen.jpeg',0,'2024-01-25 12:10:57','2024-01-25 12:10:57'),(162,'qui officia deserunt mollit anim id est laborum','Lorem ipsum dolor sit amet, consectetur adipiscing elit, sed do eiusmod &#10;tempor incididunt ut labore et dolore magna aliqua. Ut enim ad minim &#10;veniam, quis nostrud exercitation ullamco laboris nisi ut aliquip ex ea &#10;commodo consequat. Duis aute irure dolor in reprehenderit in voluptate &#10;velit esse cillum dolore eu fugiat nulla pariatur. Excepteur sint &#10;occaecat cupidatat non proident, sunt in culpa .','0','all_club','2024-01-30 00:00:00','2024-01-31 00:00:00','0',NULL,NULL,'[\"1\"]',1,141,0,1,NULL,0,NULL,NULL,NULL,NULL,NULL,'https://minio.staging.verein.cloud/tineon/Leipzig/2024/January/Images/Tennis.jpeg',0,'2024-01-29 08:55:08','2024-01-29 08:55:08'),(163,'cricket survey 29jan','<strong>Lorem Ipsum</strong><span>&#160;is simply dummy text of the printing and typesetting industry. Lorem Ipsum has been the industry\'s standard dummy text ever since the 1500s, when an unknown printer took a galley of type and scrambled it to make a type specimen book. It has survived not only five centuries, but also the leap into electronic typesetting, remaining essentially unchanged. It was popularised in the 1960s with the release of Letraset sheets containing Lorem Ipsum passages, and more recentl</span><br>','0','all_club','2024-02-10 00:00:00','2024-02-15 00:00:00','',NULL,NULL,'[\"1\"]',8,141,1,1,1,1,'{\"title\":\"cricket survey 29jan up\",\"description\":\"<strong>Lorem Ipsum</strong><span>&#160;is simply dummy text of the printing and typesetting industry. Lorem Ipsum has been the industry\'s standard dummy text ever since the 1500s, when an unknown printer took a galley of type and scrambled it to make a type specimen book. It has survived not only five centuries, but also the leap into electronic typesetting, remaining essentially unchanged. It was popularised in the 1960s with the release of Letraset sheets containing Lorem Ipsum passages, and more recentl</span><br>\",\"surveyOption\":\"0\",\"surveyType\":\"all_club\",\"groupType\":\"[]\",\"surveyStartDate\":\"2024-02-09\",\"surveyEndDate\":\"2024-02-14\",\"surveyViewOption\":\"undefined\",\"additional_anonymous_voting\":\"\",\"additional_cast_vote\":\"\",\"surveyNotificationOption\":\"[\\\"1\\\"]\",\"survey_Answers\":\"[\\\"Best\\\",\\\"Good\\\"]\",\"image\":\"[BLOB]\",\"tags\":\"[]\",\"team_id\":\"141\",\"user_id\":\"8\",\"approved_status\":\"1\",\"baseImage\":[{\"image\":\"[BLOB]\",\"documentUrl\":\"\"}]}',NULL,0,NULL,NULL,'https://minio.staging.verein.cloud/tineon/Leipzig/2024/January/Documents/Bildschirm%C2%ADfoto%202023-03-18%20um%2009.39.09.png',0,'2024-01-29 13:30:43','2024-01-30 10:31:04'),(164,'Et explicabo ratione aut doloremque consequuntur','<p>Lorem ipsum dolor sit amet. Ut voluptatum quasi ut animi quas ut laborum voluptate non quam illo? Et quod odio sed itaque earum 33 nulla voluptatum vel reprehenderit commodi qui ipsa repellat cum dicta ducimus! Quo sunt soluta id laborum fugit aut dignissimos assumenda. Sed doloremque numquam ut quia officiis et autem quibusdam ex perferendis rerum aut distinctio repellat aut dolores illo ab facilis delectus.</p><p>Ut consectetur repellat et tenetur voluptatem aut dolores necessitatibus sed nobis magni. Ut recusandae autem hic ducimus dolorem sed pariatur illum sit quas perferendis quo ratione inventore non laborum architecto. Qui reiciendis quia ut expedita numquam rem unde distinctio a animi reiciendis. In culpa dolor et ipsa magni non dolorem necessitatibus et natus nisi.</p><p>Et explicabo ratione aut doloremque consequuntur id iusto repellendus. Est voluptatem iusto aut quae esse eum quae incidunt et mollitia illum id similique quas aut ipsam sapiente non exercitationem alias?</p>','0','all_club','2024-02-01 00:00:00','2024-03-08 00:00:00','0',NULL,NULL,'[\"1\"]',9,141,0,1,1,1,NULL,NULL,NULL,NULL,NULL,'https://minio.staging.verein.cloud/tineon/Leipzig/2024/January/Images/Volleyball%20Ma%CC%88dels.jpeg',0,'2024-01-30 10:27:06','2024-01-30 10:27:44'),(165,'architecto','<span>Lorem ipsum dolor sit amet. Eum error architecto aut consequatur eaque rem similique&#160;</span>','0','group','2024-01-31 00:00:00','2024-02-02 00:00:00','1',NULL,NULL,'[]',9,141,0,1,1,1,NULL,NULL,NULL,NULL,NULL,'https://minio.staging.verein.cloud/tineon/Leipzig/2024/January/Documents/Bildschirm%C2%ADfoto%202023-03-18%20um%2009.39.01.png',0,'2024-01-30 12:09:19','2024-01-30 12:13:53'),(167,' Et nihil ','<span>Lorem ipsum dolor sit amet. Et nihil laudantium eos omnis omnis et omnis galisum hic excepturi quos. Ea mollitia soluta aut voluptate alias 33</span>','0','all_club','2024-02-02 00:00:00','2024-02-06 00:00:00','2',NULL,NULL,'[\"1\"]',9,141,0,1,1,1,NULL,NULL,NULL,NULL,NULL,'https://minio.staging.verein.cloud/tineon/Leipzig/2024/January/Documents/Bildschirm%C2%ADfoto%202023-03-18%20um%2009.40.01.png',0,'2024-01-30 12:22:19','2024-01-30 12:24:05'),(168,'Derum why','<span>Lorem ipsum dolor sit amet. Eum voluptatem nihil sed placeat labore id recusandae consequatur ut aliquam sint! Quo assumenda neque sit earum</span>','0','group','2024-01-31 00:00:00','2024-02-02 00:00:00','1',NULL,'true','[\"2\"]',23,141,0,1,NULL,0,NULL,NULL,NULL,NULL,NULL,'https://minio.staging.verein.cloud/tineon/Leipzig/2024/January/Documents/Bildschirm%C2%ADfoto%202023-03-18%20um%2009.39.32.png',0,'2024-01-31 05:39:34','2024-01-31 05:39:34'),(169,'Welche Farbe soll das neue Vereinsheim haben?','<span></span><span></span><span>Hier steht die Beschreibung der Aufgabe. Wenn der Platz f&#252;r den Text nicht ausreicht, kann dieser aufgeklappt werden. ...</span>','1','all_club','2024-01-31 00:00:00','2024-02-03 00:00:00','0',NULL,'true','[\"2\"]',1,141,0,1,NULL,0,NULL,NULL,NULL,NULL,NULL,'https://minio.staging.verein.cloud/tineon/Leipzig/2024/January/Images/Rectangle%209.png',0,'2024-01-31 06:30:47','2024-01-31 06:30:47'),(171,' sit amet','<span>Lorem ipsum dolor sit amet. Non blanditiis eveniet ex molestiae obcaecati eos provident sint. Aut nobis accusantium et harum ducimus aut distinctio impedit!</span>','0','all_club','2024-02-02 00:00:00','2024-02-06 00:00:00','1',NULL,'true','[\"1\"]',1,141,0,1,NULL,0,NULL,NULL,NULL,NULL,NULL,'https://minio.staging.verein.cloud/tineon/Leipzig/2024/February/Documents/Bildschirm%C2%ADfoto%202023-03-18%20um%2009.39.01.png',0,'2024-02-02 06:07:41','2024-02-02 06:07:41'),(173,'Act Out Your Age','<span>Lorem ipsum dolor sit amet. Qui tempore blanditiis et deserunt repellendus id voluptatem&#160;</span>','1','all_club','2024-02-03 00:00:00','2024-02-05 00:00:00','1',NULL,'false','[\"2\"]',1,141,0,1,NULL,0,NULL,NULL,NULL,NULL,NULL,'https://minio.staging.verein.cloud/tineon/Leipzig/2024/February/Documents/Bildschirm%C2%ADfoto%202023-03-18%20um%2009.39.16.png',0,'2024-02-02 08:08:10','2024-02-02 08:08:10'),(174,'25,000 Mile Stones','<span>Lorem ipsum dolor sit amet. Et molestiae officiis aut quidem aspernatur aut mollitia dolorem vel laudantium quidem eos eligendi explica</span><span>Lorem ipsum dolor sit amet. Et&#160;</span><span>Lorem ipsum dolor sit amet. Et molestiae officiis aut quidem aspernatur aut mollitia dolorem vel laudantium quidem eos eligendi explica</span><span>Lorem ipsum dolor sit amet. Et molestiae officiis aut quidem aspernatur aut mollitia dolorem vel laudantium quidem eos eligendi explica</span><span>molestiae officiis aut quidem aspernatur aut mollitia dolorem vel laudantium quidem eos eligendi explica</span>','0','all_club','2024-02-02 00:00:00','2024-02-05 00:00:00','1',NULL,'true','[\"1\"]',1,141,0,1,NULL,0,NULL,NULL,NULL,NULL,NULL,NULL,0,'2024-02-02 08:13:23','2024-02-02 08:13:23'),(176,'SurveyQA','Lorem ipsum dolor sit amet, consectetur adipiscing elit, sed do eiusmod &#10;tempor incididunt ut labore et dolore magna aliqua. Ut enim ad minim &#10;veniam, quis nostrud exercitation ullamco laboris nisi ut aliquip ex ea &#10;commodo consequat. Duis aute irure dolor in reprehenderit in voluptate &#10;velit esse cillum dolore eu fugiat nulla pariatur. Excepteur sint &#10;occaecat cupidatat non proident, sunt in culpa qui officia deserunt &#10;mollit anim id est laborum.','0','all_club','2024-02-02 00:00:00','2024-02-29 00:00:00','0',NULL,NULL,'[\"1\"]',48,3246,0,1,NULL,0,NULL,NULL,NULL,NULL,NULL,NULL,0,'2024-02-02 08:50:22','2024-02-02 08:50:22'),(177,'Sed illum nobis et molestiae saepe','<p>Lorem ipsum dolor sit amet.&#160; sit pariatur dolorum qui illum doloribus. A dolor dolores sed dolor voluptatem qui velit blanditiis a fuga earum!</p><p>Eum eveniet suscipit et iusto excepturi ea expedita consectetur id facere iste quo voluptatem dolore. Est possimus nihil qui doloremque ducimus ab doloremque cupiditate eum magnam unde non enim fuga! Est assumenda rerum et quas corrupti et sint aperiam ut similique necessitatibus ut vitae sint est consequatur provident.</p><p>Ut tempore maiores et ullam quia eos modi perferendis. Et perferendis praesentium aut voluptatem autem ut voluptas quia et vitae eveniet est nihil quibusdam</p>','0','all_club','2024-02-06 00:00:00','2024-02-10 00:00:00','1','true','true','[\"1\"]',1,141,0,1,NULL,0,NULL,NULL,NULL,NULL,NULL,'https://minio.staging.verein.cloud/tineon/Leipzig/2024/February/Documents/Bildschirm%C2%ADfoto%202023-03-18%20um%2009.38.20.png',0,'2024-02-06 08:09:54','2024-02-06 08:09:54'),(178,'Personal Hygiene Questionnaire','<span>Personal Hygiene Questionnaire</span>','0','all_club','2024-02-08 00:00:00','2024-02-14 00:00:00','0','true','true','\"[\\\"1\\\"]\"',1,141,0,1,NULL,0,NULL,NULL,0,NULL,NULL,'https://minio.staging.verein.cloud/tineon/Leipzig/2024/February/Images/images%20%281%29%20%281%29.jpeg',0,'2024-02-07 06:48:01','2024-02-07 06:51:02'),(179,'Aut dolor voluptas','<span>Lorem ipsum dolor sit amet. Aut dolor voluptas ut eius autem et officia recusandae qui assumenda quibusdam qui exercitationem cupiditate aut praesentium porro? Aut voluptatum tenetur nam eius nisi eum laudantium recusandae cum autem temporibus quo dolorib</span>','0','all_club','2024-02-09 00:00:00','2024-02-10 00:00:00','1',NULL,NULL,'[\"1\"]',1,141,0,1,NULL,0,NULL,NULL,0,NULL,NULL,'https://minio.staging.verein.cloud/tineon/Leipzig/2024/February/Documents/Bildschirm%C2%ADfoto%202023-03-18%20um%2009.39.25.png',0,'2024-02-09 10:04:21','2024-02-09 10:27:53'),(180,'galisum dolorem','<span>Lorem ipsum dolor sit amet. Ab aspernatur ipsa aut aliquam quis 33 libero accusamus et galisum dolorem non laborum earum et sequi reprehenderit.&#160;</span>','0','all_club','2024-02-09 00:00:00','2024-02-10 00:00:00','1','false','true','[\"2\"]',1,141,0,1,NULL,0,NULL,NULL,NULL,NULL,NULL,'https://minio.staging.verein.cloud/tineon/Leipzig/2024/February/Images/AdobeStock_251787228_Preview.jpeg',0,'2024-02-09 10:24:25','2024-02-09 10:24:25'),(182,'ipsum dolor sit ','<span>Lorem ipsum dolor sit amet. Qui rerum laborum sed praesentium nihil est sunt voluptatem et labore quia ut nisi Quis est excepturi veniam et molestias nulla.</span>','0','all_club','2024-02-13 00:00:00','2024-02-15 00:00:00','1',NULL,NULL,'[\"2\"]',1,141,0,1,NULL,0,NULL,NULL,NULL,NULL,NULL,'https://minio.staging.verein.cloud/tineon/Leipzig/2024/February/Documents/Bildschirm%C2%ADfoto%202023-03-18%20um%2009.38.30.png',0,'2024-02-12 08:23:50','2024-02-13 10:57:58'),(183,'Have you ever purchased a product or service?','<span>Lorem ipsum dolor sit amet. Et itaque accusamus et dolorem eius quo quas nostrum. Aut dolore iure eum cumque nesciunt non dolores quidem</span>','0','all_club','2024-02-14 00:00:00','2024-02-17 00:00:00','1',NULL,NULL,'[\"1\"]',1,141,0,1,NULL,0,NULL,NULL,NULL,NULL,NULL,'https://minio.staging.verein.cloud/tineon/Leipzig/2024/February/Documents/Bildschirm%C2%ADfoto%202023-03-18%20um%2009.38.48.png',0,'2024-02-13 05:45:48','2024-02-13 05:45:48'),(184,'Survey13feb','Lorem ipsum dolor sit amet, consectetur adipiscing elit, sed do eiusmod &#10;tempor incididunt ut labore et dolore magna aliqua. Ut enim ad minim &#10;veniam, quis nostrud exercitation ullamco laboris nisi ut aliquip ex ea &#10;commodo consequat. Duis aute irure dolor in reprehenderit in voluptate &#10;velit esse cillum dolore eu fugiat nulla pariatur. Excepteur sint &#10;occaecat cupidatat non proident, sunt in culpa qui officia deserunt &#10;mollit anim id est laborum.','0','all_club','2024-02-13 00:00:00','2024-02-29 00:00:00','0',NULL,NULL,'[\"1\"]',1,141,0,1,NULL,0,NULL,NULL,NULL,NULL,NULL,'https://minio.staging.verein.cloud/tineon/Leipzig/2024/February/Images/Bogenschie%C3%9Fen.jpeg',0,'2024-02-13 05:56:02','2024-02-13 05:56:02'),(185,'SurveyTest13','Lorem ipsum dolor sit amet, consectetur adipiscing elit, sed do eiusmod &#10;tempor incididunt ut labore et dolore magna aliqua. Ut enim ad minim &#10;veniam, quis nostrud exercitation ullamco laboris nisi ut aliquip ex ea &#10;commodo consequat. Duis aute irure dolor in reprehenderit in voluptate &#10;velit esse cillum dolore eu fugiat nulla pariatur. Excepteur sint &#10;occaecat cupidatat non proident, sunt in culpa qui officia deserunt &#10;mollit anim id est laborum.','1','all_club','2024-02-13 00:00:00','2024-02-14 00:00:00','1',NULL,NULL,'[\"1\"]',1,141,0,1,NULL,0,NULL,NULL,NULL,NULL,NULL,'https://minio.staging.verein.cloud/tineon/Leipzig/2024/February/Images/tennis-damen.jpeg',0,'2024-02-13 06:08:59','2024-02-13 10:49:13'),(186,'SurveyTFE','Lorem ipsum dolor sit amet, consectetur adipiscing elit, sed do eiusmod &#10;tempor incididunt ut labore et dolore magna aliqua. Ut enim ad minim &#10;veniam, quis nostrud exercitation ullamco laboris nisi ut aliquip ex ea &#10;commodo consequat. Duis aute irure dolor in reprehenderit in voluptate &#10;velit esse cillum dolore eu fugiat nulla pariatur. Excepteur sint &#10;occaecat cupidatat non proident, sunt in culpa qui officia deserunt &#10;mollit anim id est laborum.','0','all_club','2024-02-13 00:00:00','2024-02-16 00:00:00','0',NULL,NULL,'[\"1\"]',9,141,1,1,1,1,NULL,NULL,NULL,NULL,NULL,NULL,0,'2024-02-13 06:33:39','2024-02-13 10:48:12'),(190,'Sit accusantium','<span>Lorem ipsum dolor sit amet. Sit accusantium nisi ut suscipit dolorem quo dolores velit. A atque voluptate non omnis tempora aut minus soluta sed</span>','0','all_club','2024-02-13 00:00:00','2024-02-14 00:00:00','1',NULL,NULL,'[\"2\"]',1,141,0,1,NULL,0,NULL,NULL,NULL,NULL,NULL,'https://minio.staging.verein.cloud/tineon/Leipzig/2024/February/Documents/Bildschirm%C2%ADfoto%202023-03-18%20um%2009.39.16.png',0,'2024-02-13 12:44:12','2024-02-13 12:44:12'),(192,'How often do you visit the website','<p>Lorem ipsum dolor sit amet. Eum expedita recusandae At aperiam assumenda nam amet tenetur est voluptatibus eaque? Ut perferendis dolor ut minus cupiditate eum explicabo accusantium a magnam libero. Hic autem consequatur ea galisum quos id voluptates eius.</p><div><br></div>','0','all_club','2024-02-13 00:00:00','2024-02-14 00:00:00','2',NULL,NULL,'[\"1\"]',1,141,0,1,NULL,0,NULL,NULL,NULL,NULL,NULL,'https://minio.staging.verein.cloud/tineon/Leipzig/2024/February/Documents/Bildschirm%C2%ADfoto%202023-03-18%20um%2009.39.01.png',0,'2024-02-13 13:06:30','2024-02-13 13:06:30'),(197,'Survey 21st feb for accept','Cum sociis natoque penatibus et magnis dis parturient montes nascetur. &#10;Magna fermentum iaculis eu non diam phasellus vestibulum. Nullam non &#10;nisi est sit amet facilisis magna etiam. Maecenas accumsan lacus vel &#10;facilisis volutpat est velit. Nulla facilisi morbi tempus iaculis urna &#10;id. Enim ut tellus elementum sagittis vitae et leo. Dolor magna eget est&#10; lorem ipsum dolor. Nisl vel pretium lectus quam. Tellus cras adipiscing&#10; enim eu turpis egestas. Volutpat maecenas volutpat blandit aliquam &#10;etiam. Sed cras ornare arcu dui. Duis ut diam quam nulla porttitor massa&#10; id neque. Viverra tellus in hac habitasse platea dictumst vestibulum &#10;rhoncus. Eget felis eget nunc lobortis mattis aliquam. Dui sapien eget &#10;mi proin sed libero enim sed. Nisl pretium fusce id velit ut. Massa &#10;massa ultricies mi quis hendrerit dolor magna. Est ullamcorper eget &#10;nulla facilisi etiam.','0','all_club','2024-02-21 00:00:00','2024-02-22 00:00:00','0','true',NULL,'[\"1\"]',9,141,0,1,1,0,NULL,NULL,NULL,NULL,NULL,'https://minio.staging.verein.cloud/tineon/Leipzig/2024/February/Images/Tennis.jpeg',0,'2024-02-21 08:26:24','2024-03-12 12:20:22'),(200,'Survey 21st feb for deny Update','Lorem ipsum dolor sit amet, consectetur adipiscing elit, sed do eiusmod tempor incididunt ut labore et dolore magna aliqua. Ut enim ad minim veniam, quis nostrud exercitation ullamco laboris nisi ut aliquip ex ea commodo consequat. Duis aute irure dolor in reprehenderit in voluptate velit esse cillum dolore eu fugiat nulla pariatur. Excepteur sint occaecat cupidatat non proident, sunt in culpa qui officia deserunt mollit anim id est laborum.','0','all_club','2024-02-22 00:00:00','2024-02-24 00:00:00','1',NULL,NULL,'[\"1\"]',9,141,0,1,1,0,NULL,NULL,0,NULL,NULL,'https://minio.staging.verein.cloud/tineon/Leipzig/2024/February/Images/Tennis.jpeg',0,'2024-02-21 08:51:42','2024-03-12 12:18:55'),(202,'Lorem ipsum dolor sit amet, 21st feb','&#160;consectetur adipiscing elit, sed do eiusmod &#10;tempor incididunt ut labore et dolore magna aliqua. Ut enim ad minim &#10;veniam, quis nostrud exercitation ullamco laboris nisi ut aliquip ex ea &#10;commodo consequat. Duis aute irure dolor in reprehenderit in voluptate &#10;velit esse cillum dolore eu fugiat nulla pariatur. Excepteur sint &#10;occaecat cupidatat non proident, sunt in culpa qui officia deserunt &#10;mollit anim id est laborum.','1','all_club','2024-02-21 00:00:00','2024-02-23 00:00:00','1',NULL,NULL,'[\"1\"]',1,141,0,1,NULL,0,NULL,NULL,NULL,NULL,NULL,'https://minio.staging.verein.cloud/tineon/Leipzig/2024/February/Images/Tennis.jpeg',0,'2024-02-21 09:54:04','2024-02-21 09:54:04'),(203,' Quis in possimus ','<p>Qui velit molestiae et minus Quis in possimus voluptatibus sit enim ipsa et quae suscipit. Est totam mollitia non iusto sequi ab dolorem consequatur aut odio eius et doloribus impedit aut modi laboriosam.</p><p><br></p>','0','all_club','2024-02-23 00:00:00','2024-02-24 00:00:00','1',NULL,NULL,'[\"2\"]',1,141,0,1,NULL,0,NULL,NULL,NULL,NULL,NULL,'https://minio.staging.verein.cloud/tineon/Leipzig/2024/February/Documents/Bildschirm%C2%ADfoto%202023-03-18%20um%2009.38.20.png',0,'2024-02-22 05:11:15','2024-02-22 05:11:15'),(214,'Lorem ipsum dolor 12','<span>Lorem ipsum dolor sit amet. Ut voluptatem quidem eos adipisci sint id quaerat aperiam rem eaque voluptatibus ut unde consequatur ab commodi culpa ex nesciunt natus. Et cupiditate amet non cumque nihil qui volupt</span>','0','all_club','2024-02-24 00:00:00','2024-02-26 00:00:00','1','true','true','[\"2\"]',1,141,0,1,NULL,0,NULL,NULL,NULL,NULL,NULL,'https://minio.staging.verein.cloud/tineon/Leipzig/2024/February/Documents/Bildschirm%C2%ADfoto%202023-03-18%20um%2009.39.32.png',0,'2024-02-23 13:45:21','2024-02-23 13:45:21'),(215,'psum dolor sit amet','<span>Lorem ipsum dolor sit amet. Eos fugiat nostrum qui quas rerum rem facilis veniam! Sit iusto corrupti et ullam voluptatum non repellat officiis vel exercitationem eligendi ut porro laudantium qui laborum quaerat eum dolores minus.</span>','0','all_club','2024-02-24 00:00:00','2024-02-27 00:00:00','1',NULL,NULL,'[\"2\"]',1,141,0,1,NULL,0,NULL,NULL,NULL,NULL,NULL,'https://minio.staging.verein.cloud/tineon/Leipzig/2024/February/Documents/Bildschirm%C2%ADfoto%202023-03-18%20um%2009.39.46.png',0,'2024-02-23 13:46:19','2024-02-26 08:01:04'),(216,'voluptate repellat','<span>Lorem ipsum dolor sit amet. Cum veritatis dolorum in fugiat assumenda aut amet nisi ea porro enim. Ea possimus quidem et delectus quibusdam sit voluptate repellat!</span>','0','all_club','2024-02-24 00:00:00','2024-02-26 00:00:00','1',NULL,NULL,'[\"2\"]',1,141,0,1,NULL,0,NULL,NULL,NULL,NULL,NULL,'https://minio.staging.verein.cloud/tineon/Leipzig/2024/February/Documents/Bildschirm%C2%ADfoto%202023-03-18%20um%2009.39.09.png',0,'2024-02-23 13:50:03','2024-02-23 13:50:03'),(217,' Sed repellat','<span>Lorem ipsum dolor sit amet. Sed repellat voluptates non culpa omnis ad doloribus itaque. Et soluta exercitationem aut dolores nihil et dolor quam qui voluptatum dolores sit rerum nulla?</span>','0','all_club','2024-02-24 00:00:00','2024-02-25 00:00:00','1',NULL,NULL,'[\"2\"]',1,141,0,1,NULL,0,NULL,NULL,NULL,NULL,NULL,'https://minio.staging.verein.cloud/tineon/Leipzig/2024/February/Documents/Bildschirm%C2%ADfoto%202023-03-18%20um%2009.38.20.png',0,'2024-02-23 13:56:28','2024-02-23 13:56:28'),(218,'Eum rerum ','<span>Lorem ipsum dolor sit amet</span><span><font face=\"Arial\" size=\"2\">. Eum rerum</font></span><span> dolorum et placeat adipisci sed eaque tempora et veritatis harum non aliquid reiciendis eos galisum vero et fugiat modi. Ea optio obcaecati et molestias aliquid sit cum</span>','0','all_club','2024-02-24 00:00:00','2024-02-25 00:00:00','1',NULL,NULL,'[\"2\"]',1,141,0,1,NULL,0,NULL,NULL,NULL,NULL,NULL,'https://minio.staging.verein.cloud/tineon/Leipzig/2024/February/Documents/Bildschirm%C2%ADfoto%202023-03-18%20um%2009.37.56.png',0,'2024-02-23 14:07:13','2024-02-23 14:07:13'),(219,'Sed lectus vestibulum mattis ','ullamcorper velit sed. Quam pellentesque &#10;nec nam aliquam sem et tortor consequat. Ultrices tincidunt arcu non &#10;sodales neque sodales. Vel quam elementum pulvinar etiam non quam lacus &#10;suspendisse faucibus. Nulla facilisi nullam vehicula ipsum a arcu &#10;cursus. Pulvinar etiam non quam lacus suspendisse faucibus. Eu lobortis &#10;elementum nibh tellus molestie nunc non blandit. Nisi lacus sed viverra &#10;tellus in hac. In nibh mauris cursus mattis molestie a iaculis at erat. &#10;Molestie a iaculis at erat.','0','all_club','2024-02-26 00:00:00','2024-02-29 00:00:00','0',NULL,NULL,'[\"2\"]',1,141,0,1,NULL,0,NULL,NULL,NULL,NULL,NULL,'https://minio.staging.verein.cloud/tineon/Leipzig/2024/February/Images/Tennis.jpeg',0,'2024-02-26 07:51:38','2024-02-26 07:51:38'),(220,'Eum vero','<span>Lorem ipsum dolor sit amet. Eum vero error et quia voluptatem ut dolorum dolorem? Aut quia consequatur eos architecto exercitationem&#160;</span>','0','all_club','2024-02-27 00:00:00','2024-02-28 00:00:00','1',NULL,'true','[\"1\"]',1,141,0,1,NULL,0,NULL,NULL,NULL,NULL,NULL,'https://minio.staging.verein.cloud/tineon/Leipzig/2024/February/Documents/Bildschirm%C2%ADfoto%202023-03-18%20um%2009.38.13.png',0,'2024-02-26 08:37:23','2024-02-26 08:37:23'),(223,'Non explicabo aliquam','<span>Lorem ipsum dolor sit amet. Non explicabo aliquam sed aliquam exercitationem est aliquam officiis. Est minus ipsum et sapiente maiores ut temporibus veritatis. Qui mollitia voluptate non quos eius id soluta inve</span>','0','all_club','2024-02-27 00:00:00','2024-02-28 00:00:00','1',NULL,'true','[\"2\"]',1,141,0,1,NULL,0,NULL,NULL,NULL,NULL,NULL,'https://minio.staging.verein.cloud/tineon/Leipzig/2024/February/Documents/Bildschirm%C2%ADfoto%202023-03-18%20um%2009.39.01.png',0,'2024-02-26 13:52:02','2024-02-26 13:52:02'),(224,'What are you using product for?','<span>Lorem ipsum dolor sit amet. Aut quos numquam ut possimus placeat in veniam voluptatem aut enim sapiente. Est voluptas eveniet aut tempore quis in obcaecati labore. Et velit internos aut tempore laborum est</span>','0','all_club','2024-02-27 00:00:00','2024-02-29 00:00:00','1',NULL,'true','[\"2\"]',1,141,0,1,NULL,0,NULL,NULL,0,NULL,NULL,'https://minio.staging.verein.cloud/tineon/Leipzig/2024/February/Documents/Bildschirm%C2%ADfoto%202023-03-18%20um%2009.37.56.png',0,'2024-02-27 06:37:05','2024-02-27 06:46:27'),(227,'Qui reprehenderit','<span>Lorem ipsum dolor sit amet. Qui reprehenderit voluptatum aut consequatur autem in dicta omnis id dolores laboriosam aut accusamus sequi</span>','0','group','2024-02-29 00:00:00','2024-03-01 00:00:00','1',NULL,NULL,'[\"1\"]',8,141,0,1,1,1,NULL,NULL,NULL,NULL,NULL,'https://minio.staging.verein.cloud/tineon/Leipzig/2024/February/Documents/Bildschirm%C2%ADfoto%202023-03-18%20um%2009.38.20.png',0,'2024-02-28 05:32:34','2024-02-28 05:36:12'),(230,' et soluta','<span>Lorem ipsum dolor sit amet. Aut quisquam omnis qui aliquid eius et soluta quae. Id accusamus dolorem ut nihil eius ut veniam animi. Cum cupiditate</span>','0','all_club','2024-02-28 00:00:00','2024-02-29 00:00:00','1',NULL,NULL,'[\"1\"]',9,141,0,1,1,0,NULL,NULL,NULL,NULL,NULL,'https://minio.staging.verein.cloud/tineon/Leipzig/2024/February/Documents/Bildschirm%C2%ADfoto%202023-03-18%20um%2009.39.32.png',0,'2024-02-28 08:36:27','2024-03-07 10:40:05'),(231,'Pet Playtime update','<strong>Lorem Ipsum</strong><span>&#160;is simply dummy text of the printing and typesetting industry. Lorem Ipsum has been the industry\'s standard dummy text ever since the 1500s, when an unknown printer took a galley of type and scrambled it to make a type specimen book. It has survived not only five centuries, but also the leap into electronic typesetting, remaining essentially unchanged. It was popularised in the 1960s with the release of Letraset sheets containing Lorem Ipsum passages, and more recently with desktop publishing software like Aldus PageMaker including versions of Lorem Ipsum.</span>','0','all_club','2024-03-09 00:00:00','2024-03-19 00:00:00','0',NULL,'true','[\"1\"]',8,141,0,1,1,0,NULL,NULL,0,NULL,NULL,'https://minio.staging.verein.cloud/tineon/Leipzig/2024/February/Images/erik-lucatero-2.jpg',0,'2024-02-29 09:26:31','2024-02-29 09:32:34'),(234,'Pharetra diam sit amet nisl s','uscipit adipiscing bibendum. Leo duis ut &#10;diam quam nulla porttitor massa. Justo donec enim diam vulputate ut &#10;pharetra. Vestibulum lectus mauris ultrices eros in cursus turpis. Morbi&#10; blandit cursus risus at ultrices mi. Vivamus at augue eget arcu dictum &#10;varius duis. In hendrerit gravida rutrum quisque non tellus. Cursus eget&#10; nunc scelerisque viverra mauris in. Urna neque viverra justo nec &#10;ultrices dui sapien eget mi. Mi quis hendrerit dolor magna. Tellus id &#10;interdum velit laoreet. Libero volutpat sed cras ornare arcu dui vivamus&#10; arcu. Odio tempor orci dapibus ultrices in iaculis nunc sed augue.','0','all_club','2024-03-01 00:00:00','2024-03-04 00:00:00','0',NULL,NULL,'[\"1\"]',9,141,0,1,1,0,NULL,NULL,0,NULL,NULL,'https://minio.staging.verein.cloud/tineon/Leipzig/2024/February/Images/Leichtathetik.jpeg',0,'2024-02-29 10:41:26','2024-03-08 12:50:19'),(240,'T survey 13th','<font face=\"Arial\" size=\"2\">lorem</font>','0','all_club','2024-03-12 00:00:00','2024-03-20 00:00:00','0',NULL,NULL,'[\"1\"]',9,141,0,0,NULL,0,NULL,NULL,NULL,NULL,NULL,NULL,0,'2024-03-12 10:14:49','2024-03-12 10:14:49'),(241,'Et iste fugit ','<span>Lorem ipsum dolor sit amet. Et iste fugit et facilis iusto et voluptatibus quia! Qui quibusdam necessitatibus aut Quis accusantium et</span>','0','all_club','2024-03-14 00:00:00','2024-03-15 00:00:00','1',NULL,'true','[\"1\"]',1,141,0,1,NULL,0,NULL,NULL,NULL,NULL,NULL,'https://minio.staging.verein.cloud/tineon/Leipzig/2024/March/Documents/Bildschirm%C2%ADfoto%202023-03-18%20um%2009.38.06.png',0,'2024-03-14 07:41:27','2024-03-14 07:41:27'),(242,'survey14th march','<font face=\"Arial\" size=\"2\">lorem</font>','0','all_club','2024-03-16 00:00:00','2024-03-26 00:00:00','0',NULL,NULL,'[\"1\"]',9,141,0,0,NULL,0,NULL,NULL,0,NULL,NULL,'https://minio.staging.verein.cloud/tineon/Leipzig/2024/March/Images/Volleyball.jpeg',0,'2024-03-14 09:16:24','2024-03-14 09:22:56'),(243,'survey14th march12','<span>survey14th march</span>','0','all_club','2024-03-18 00:00:00','2024-03-20 00:00:00','0',NULL,NULL,'[\"1\"]',9,141,0,1,1,1,NULL,NULL,0,NULL,NULL,'https://minio.staging.verein.cloud/tineon/Leipzig/2024/March/Images/Hockeydamen.jpeg',0,'2024-03-14 09:24:48','2024-04-05 06:15:48'),(245,'Molestiae minus exce','Dolore et id, ab inv.<font face=\"Arial\" size=\"2\">dvdfvg</font>','0','all_club','2024-03-22 00:00:00','2024-03-29 00:00:00','1',NULL,'true','[\"1\"]',1,141,0,1,NULL,0,NULL,NULL,0,NULL,NULL,'https://minio.staging.verein.cloud/tineon/Leipzig/2024/March/Documents/Bildschirm%C2%ADfoto%202023-03-18%20um%2009.38.06.png',0,'2024-03-14 11:03:30','2024-03-22 05:49:10'),(246,'Survey 15th march','Lorem ipsum dolor sit amet, consectetur adipiscing elit, sed do eiusmod &#10;tempor incididunt ut labore et dolore magna aliqua. Ut enim ad minim &#10;veniam, quis nostrud exercitation ullamco laboris nisi ut aliquip ex ea &#10;commodo consequat. Duis aute irure dolor in reprehenderit in voluptate &#10;velit esse cillum dolore eu fugiat nulla pariatur. Excepteur sint &#10;occaecat cupidatat non proident, sunt in culpa qui officia deserunt &#10;mollit anim id est laborum.','0','all_club','2024-03-15 00:00:00','2024-03-18 00:00:00','0','true',NULL,'[\"1\"]',1,141,0,1,NULL,0,NULL,NULL,NULL,NULL,NULL,'https://minio.staging.verein.cloud/tineon/Leipzig/2024/March/Images/tennis-damen.jpeg',0,'2024-03-15 06:01:35','2024-03-15 06:01:35'),(247,'Et proident harum a','Quisquam aliqua. Cup.hyt','0','all_club','2024-03-15 00:00:00','2024-03-16 00:00:00','1',NULL,NULL,'[\"2\"]',1,141,0,1,NULL,0,NULL,NULL,NULL,NULL,NULL,'https://minio.staging.verein.cloud/tineon/Leipzig/2024/March/Documents/Bildschirm%C2%ADfoto%202023-03-18%20um%2009.38.48.png',0,'2024-03-15 08:20:51','2024-03-15 08:20:51'),(248,'survey for group','<font size=\"2\" face=\"Arial\">lorem</font>','0','group','2024-03-22 00:00:00','2024-03-25 00:00:00','0',NULL,'true','[\"1\"]',49,9533,0,1,NULL,0,NULL,NULL,NULL,NULL,NULL,'https://minio.staging.verein.cloud/tineon/Leipzig/2024/March/Images/Tennis.jpeg',0,'2024-03-22 05:53:36','2024-03-22 05:53:36'),(249,'Survey 3 April','<p>Lorem ipsum dolor sit amet. Et velit placeat ut commodi tempora qui aliquid sint sed autem voluptas. Cum dolorem autem eos obcaecati amet vel cupiditate quia vel maiores minus. Nam nihil possimus qui obcaecati laborum ut corrupti consequuntur est ducimus ipsam.<font face=\"Arial\" size=\"2\">&#160;This is for testing</font></p><p><br></p>','0','all_club','2024-04-02 00:00:00','2024-04-09 00:00:00','0',NULL,NULL,'[\"1\"]',9,141,0,1,1,0,NULL,NULL,1,NULL,NULL,'https://minio.staging.verein.cloud/tineon/Leipzig/2024/March/Images/Tennis-Minis.jpeg',0,'2024-03-29 09:47:41','2024-04-01 06:27:35'),(250,'Survey with Document ','<span>Aut quos architecto et eligendi galisum vel consectetur molestias. Non saepe exercitationem ut soluta iste non omnis natus est Quis inventore eos quos sapiente. Quo quia ipsum id voluptas rerum in praesentium tenetur et voluptatem velit. Eum debitis voluptatem et nesciunt vitae et consequatur necessitatibus 33 incidunt facilis eos distinctio obcaecati.</span>','0','all_club','2024-04-03 00:00:00','2024-04-19 00:00:00','0',NULL,NULL,'[\"1\"]',9,141,0,1,1,1,'{\"title\":\"Survey with Document \",\"description\":\"<span>Aut quos architecto et eligendi galisum vel consectetur molestias. Non saepe exercitationem ut soluta iste non omnis natus est Quis inventore eos quos sapiente. Quo quia ipsum id voluptas rerum in praesentium tenetur et voluptatem velit. Eum debitis voluptatem et nesciunt vitae et consequatur necessitatibus 33 incidunt facilis eos distinctio obcaecati.</span>\",\"surveyOption\":\"0\",\"surveyType\":\"all_club\",\"groupType\":\"[]\",\"surveyStartDate\":\"2024-04-03\",\"surveyEndDate\":\"2024-04-18\",\"surveyViewOption\":\"0\",\"additional_anonymous_voting\":\"\",\"additional_cast_vote\":\"\",\"surveyNotificationOption\":\"[\\\"1\\\"]\",\"survey_Answers\":\"[\\\"A\\\",\\\"B\\\"]\",\"tags\":\"[]\",\"team_id\":\"141\",\"user_id\":\"9\",\"approved_status\":\"1\",\"newDocument\":\"/tineon/Leipzig/2024/March/Documents/card%20%284%29.docx\",\"newImage\":\"\"}','https://minio.staging.verein.cloud/tineon/Leipzig/2024/March/Documents/card%20%284%29.docx',0,NULL,1,'https://minio.staging.verein.cloud/tineon/Leipzig/2024/March/Documents/tutorial.pdf',0,'2024-03-29 11:05:12','2024-03-30 16:02:35'),(252,'Laborum perferendis ','Provident, tempor eu.&#160;','0','all_club','2024-04-01 00:00:00','2024-04-04 00:00:00','1',NULL,NULL,'[\"1\"]',9,141,0,0,NULL,0,NULL,NULL,NULL,'deny by admin',1,'https://minio.staging.verein.cloud/tineon/Leipzig/2024/April/Images/Leichtathetik.jpeg',0,'2024-04-01 10:39:25','2024-04-16 05:49:58'),(253,'At itaque ','<span>Lorem ipsum dolor sit amet. At itaque facere ut voluptas voluptatem qui aspernatur nobis et officiis placeat&#160;</span>','0','all_club','2024-04-01 00:00:00','2024-04-04 00:00:00','1',NULL,NULL,'[\"2\"]',9,141,0,1,1,1,NULL,NULL,NULL,NULL,NULL,NULL,0,'2024-04-01 10:43:02','2024-04-01 10:48:30'),(254,'Odio minus commodi e 1st april','Dicta cillum aut sus.<font face=\"Arial\" size=\"2\">&#160;</font>','0','all_club','2024-04-01 00:00:00','2024-04-03 00:00:00','',NULL,NULL,'[]',9,141,0,1,1,1,NULL,NULL,NULL,NULL,NULL,NULL,0,'2024-04-01 10:43:55','2024-04-01 10:44:14'),(255,'maxime id','<p>Lorem ipsum dolor sit amet. Est incidunt maxime id harum culpa quo molestiae natus quo accusantium rerum. Sit odio veritatis et corporis animi et debitis atque et soluta molestias aut Quis adipisci a doloribus iure sed nemo sunt.</p><div><br></div>','0','all_club','2024-04-02 00:00:00','2024-04-05 00:00:00','1',NULL,NULL,'[\"1\"]',9,141,0,1,1,0,NULL,NULL,1,NULL,NULL,'https://minio.staging.verein.cloud/tineon/Leipzig/2024/April/Images/Leichtathetik.jpeg',0,'2024-04-01 10:54:47','2024-04-01 12:53:06'),(257,'Tempor in obcaecati ','Nostrum incidunt, in.<font face=\"Arial\" size=\"2\">&#160;</font>','0','all_club','2024-04-04 00:00:00','2024-04-30 00:00:00','0',NULL,NULL,'[\"1\"]',9,141,0,1,1,1,NULL,NULL,NULL,NULL,NULL,NULL,0,'2024-04-01 12:24:58','2024-04-01 12:25:17'),(258,'Assumenda aut volupt','Voluptatum iure ipsa.<font face=\"Arial\" size=\"2\">&#160;</font>','0','group','2024-04-09 00:00:00','2024-04-17 00:00:00','0',NULL,NULL,'[\"1\"]',1,141,0,1,NULL,0,NULL,NULL,0,NULL,NULL,'https://minio.staging.verein.cloud/tineon/Leipzig/2024/April/Images/Tennis.jpeg',0,'2024-04-04 04:34:32','2024-04-04 04:37:09'),(259,'Ut elit fugit qui ','frdhfrth tyhjgd','1','all_club','2024-04-22 00:00:00','2024-04-23 00:00:00','',NULL,NULL,'[\"2\"]',1,141,0,1,NULL,0,NULL,NULL,0,NULL,NULL,'https://minio.staging.verein.cloud/tineon/Leipzig/2024/April/Images/Tennis.jpeg',0,'2024-04-04 11:54:19','2024-04-05 13:44:58'),(261,'Id non expedita 24','Est ut maiores et fa.d','0','group','2024-04-09 00:00:00','2024-04-12 00:00:00','',NULL,NULL,'[\"2\"]',49,9533,0,1,NULL,0,NULL,NULL,0,NULL,NULL,'https://minio.staging.verein.cloud/tineon/Leipzig/2024/April/Documents/Bildschirm%C2%ADfoto%202023-03-18%20um%2009.39.16.png',0,'2024-04-04 11:58:43','2024-04-05 04:36:13'),(262,'Quasi asperiores ven','Esse, in et ea ex ut.<font face=\"Arial\" size=\"2\">rf</font>','0','group','2024-04-04 00:00:00','2024-04-05 00:00:00','1',NULL,NULL,'[]',49,9533,1,1,NULL,0,NULL,NULL,NULL,NULL,NULL,'https://minio.staging.verein.cloud/tineon/Leipzig/2024/April/Documents/Bildschirm%C2%ADfoto%202023-03-18%20um%2009.39.25.png',0,'2024-04-04 12:35:57','2024-04-04 12:37:12'),(264,'Nulla eum placeat q','Ipsa, reprehenderit .<font face=\"Arial\" size=\"2\">erfc</font>','0','group','2024-04-10 00:00:00','2024-04-12 00:00:00','',NULL,NULL,'[]',49,9533,0,1,NULL,0,NULL,NULL,NULL,NULL,NULL,'https://minio.staging.verein.cloud/tineon/Leipzig/2024/April/Documents/Bildschirm%C2%ADfoto%202023-03-18%20um%2009.38.13.png',0,'2024-04-05 04:37:05','2024-04-05 04:37:05'),(266,'surveySearch','<font size=\"2\" face=\"Arial\">f</font>','0','all_club','2024-04-07 00:00:00','2024-04-11 00:00:00','0',NULL,NULL,'[\"1\"]',49,9533,0,1,NULL,0,NULL,NULL,NULL,NULL,NULL,'https://minio.staging.verein.cloud/tineon/Leipzig/2024/April/Images/Bogenschie%C3%9Fen.jpeg',0,'2024-04-05 04:59:22','2024-04-05 04:59:22'),(268,'survey 5 aprsss','<span>survey 5 aprcvc</span><br>','0','all_club','2024-04-07 00:00:00','2024-04-14 00:00:00','',NULL,NULL,'[\"1\"]',9,141,0,1,1,0,NULL,NULL,0,NULL,NULL,'https://minio.staging.verein.cloud/tineon/Leipzig/2024/April/Images/Tennis-Minis.jpeg',0,'2024-04-05 12:09:27','2024-04-05 13:51:16'),(269,'test survey1235','<font face=\"Arial\" size=\"2\">test survey123</font>','0','all_club','2024-04-09 00:00:00','2024-04-20 00:00:00','0',NULL,NULL,'[\"1\"]',9,141,0,1,1,1,NULL,NULL,NULL,NULL,NULL,'https://minio.staging.verein.cloud/tineon/Leipzig/2024/April/Documents/output.pdf',0,'2024-04-05 12:49:53','2024-04-16 05:26:01'),(270,'survey for club','<font size=\"2\" face=\"Arial\">lorem</font>','1','all_club','2024-04-09 00:00:00','2024-04-24 00:00:00','0',NULL,NULL,'[\"1\"]',49,9533,0,1,NULL,0,NULL,NULL,NULL,NULL,NULL,'https://minio.staging.verein.cloud/tineon/Leipzig/2024/April/Images/Tennis.jpeg',0,'2024-04-09 05:20:57','2024-04-09 05:20:57'),(271,'survey 9th april','<font size=\"2\" face=\"Arial\">lorem</font>','1','group','2024-04-09 00:00:00','2024-04-30 00:00:00','1','true','true','[\"1\"]',49,9533,0,1,NULL,0,NULL,NULL,NULL,NULL,NULL,'https://minio.staging.verein.cloud/tineon/Leipzig/2024/April/Images/tennis-damen.jpeg',0,'2024-04-09 05:24:37','2024-04-09 05:24:37'),(272,'group survey','<font size=\"2\" face=\"Arial\">lorem</font>','0','group','2024-04-09 00:00:00','2024-04-11 00:00:00','0',NULL,'true','[\"1\"]',1,141,0,1,NULL,0,NULL,NULL,NULL,NULL,NULL,'https://minio.staging.verein.cloud/tineon/Leipzig/2024/April/Images/Leichtathetik.jpeg',0,'2024-04-09 06:28:10','2024-04-09 06:28:10'),(273,'nom','f','0','group','2024-04-10 00:00:00','2024-04-29 00:00:00','1',NULL,NULL,'[\"1\"]',1,141,0,1,NULL,0,NULL,NULL,0,NULL,NULL,'https://minio.staging.verein.cloud/tineon/Leipzig/2024/April/Images/Leichtathetik.jpeg',0,'2024-04-09 06:29:59','2024-04-09 06:30:31'),(274,'Ipsa sed- all club','Lorem asperiores sae.h<font face=\"Arial\" size=\"2\">nf</font>','0','all_club','2024-04-10 00:00:00','2024-04-11 00:00:00','1',NULL,NULL,'[\"2\"]',49,9533,0,1,NULL,0,NULL,NULL,NULL,NULL,NULL,'https://minio.staging.verein.cloud/tineon/Leipzig/2024/April/Documents/Bildschirm%C2%ADfoto%202023-03-18%20um%2009.39.01.png',0,'2024-04-10 08:09:20','2024-04-10 08:09:20'),(275,'Fugiat ','Amet, minus dolorem .<font face=\"Arial\" size=\"2\">&#160;</font>','0','group','2024-04-10 00:00:00','2024-04-11 00:00:00','1',NULL,NULL,'[\"1\"]',49,9533,0,1,NULL,0,NULL,NULL,NULL,NULL,NULL,'https://minio.staging.verein.cloud/tineon/Leipzig/2024/April/Documents/Bildschirm%C2%ADfoto%202023-03-18%20um%2009.38.20.png',0,'2024-04-10 08:14:30','2024-04-10 08:14:30'),(276,'Et veniam ','<span>Lorem ipsum dolor sit amet. Et veniam temporibus eum nobis illo qui magni asperiores rem officiis velit sit accusantium ipsa. Et assumenda&#160;</span>','0','all_club','2024-04-11 00:00:00','2024-04-12 00:00:00','1',NULL,NULL,'[\"1\"]',9,141,0,1,1,1,NULL,NULL,NULL,NULL,NULL,'https://minio.staging.verein.cloud/tineon/Leipzig/2024/April/Documents/Bildschirm%C2%ADfoto%202023-03-18%20um%2009.39.55.png',0,'2024-04-11 12:53:39','2024-04-11 12:53:47'),(277,'temporibus unununu','<span>Lorem ipsum dolor sit amet. Et veniam temporibus eum nobis illo qui magni asperiores rem officiis velit sit accusantium ipsa. Et assumenda&#160;</span>','0','all_club','2024-04-17 00:00:00','2024-04-19 00:00:00','1',NULL,NULL,'[\"1\"]',9,141,0,1,1,0,NULL,NULL,1,NULL,NULL,'https://minio.staging.verein.cloud/tineon/Leipzig/2024/April/Documents/Bildschirm%C2%ADfoto%202023-03-18%20um%2009.37.56.png',0,'2024-04-11 12:54:42','2024-04-11 12:55:59'),(278,'Lorem ipsum','<span>Lorem ipsum dolor sit amet. Non quibusdam ipsa sed labore internos qui veniam nisi est itaque nobis. Ea porro laudantium qui placeat illum est facere voluptatem id ullam omnis ad maiores quaerat vel praesentium sequ testi.</span><br>','0','all_club','2024-04-12 00:00:00','2024-04-16 00:00:00','0',NULL,NULL,'[\"1\"]',1,141,0,1,NULL,0,NULL,NULL,0,NULL,NULL,'https://minio.staging.verein.cloud/tineon/Leipzig/2024/April/Images/Hockeydamen.jpeg',0,'2024-04-11 12:56:06','2024-04-11 13:23:09'),(279,'Labore mollit enim c','Non ipsa, dolor solu.<font face=\"Arial\" size=\"2\">&#160;</font>','0','all_club','2024-04-18 00:00:00','2024-04-22 00:00:00','1',NULL,NULL,'[\"2\"]',49,9533,0,1,NULL,0,NULL,NULL,0,NULL,NULL,'https://minio.staging.verein.cloud/tineon/Leipzig/2024/April/Documents/Bildschirm%C2%ADfoto%202023-03-18%20um%2009.38.30.png',0,'2024-04-11 13:55:12','2024-04-12 10:49:58'),(280,'survey by sditor 12th apr','lorem','1','all_club','2024-04-14 00:00:00','2024-04-17 00:00:00','0',NULL,NULL,'[\"1\"]',9,141,0,1,1,1,'{\"title\":\"survey by editor 12th apr\",\"description\":\"lorem\",\"surveyOption\":\"1\",\"surveyType\":\"all_club\",\"groupType\":\"[]\",\"surveyStartDate\":\"2024-04-13\",\"surveyEndDate\":\"2024-04-16\",\"surveyViewOption\":\"0\",\"surveyNotificationOption\":\"[\\\"1\\\"]\",\"additional_anonymous_voting\":\"\",\"additional_cast_vote\":\"\",\"survey_Answers\":\"[\\\"a\\\",\\\"b\\\"]\",\"image\":\"Tennis.jpeg\",\"tags\":\"[]\",\"team_id\":\"141\",\"user_id\":\"9\",\"approved_status\":\"1\",\"newImage\":\"\",\"newDocument\":\"\"}',NULL,0,'admin deny the survey',1,'https://minio.staging.verein.cloud/tineon/Leipzig/2024/April/Images/Tennis.jpeg',0,'2024-04-12 10:51:26','2024-04-16 05:13:49'),(281,'New survey','<p>Ex magnam molestiae ut mollitia numquam qui ratione nulla et quidem dolore aut accusamus dolore qui similique accusamus ut eaque dolores. In reiciendis numquam et assumenda natus et pariatur consequatur in ipsa minus aut necessitatibus itaque qui maiores voluptatibus ut error adipisci. Sed quaerat voluptatem et atque quisquam et sequi aspernatur aut ullam pariatur est omnis doloribus id recusandae perferendis.</p><p>In magni tempora id molestias aperiam vel exercitationem fuga non delectus</p>','0','all_club','2024-04-15 00:00:00','2024-04-20 00:00:00','0',NULL,NULL,'[\"2\"]',9,141,0,1,1,0,NULL,NULL,0,NULL,NULL,'https://minio.staging.verein.cloud/tineon/Leipzig/2024/April/Images/Herren_Meister.jpeg',0,'2024-04-12 11:17:10','2024-04-15 13:07:35'),(282,'survey morbi 15th april','<font size=\"2\" face=\"Arial\">lorem</font>','0','group','2024-04-15 00:00:00','2024-04-30 00:00:00','0',NULL,NULL,'[\"1\"]',9,141,0,1,1,1,NULL,NULL,NULL,NULL,NULL,'https://minio.staging.verein.cloud/tineon/Leipzig/2024/April/Images/tennis-damen.jpeg',0,'2024-04-15 09:52:54','2024-04-15 12:44:50'),(283,'Et consectetur aliq','Cumque nihil aliquid.<font face=\"Arial\" size=\"2\">&#160;</font>','0','all_club','2024-04-15 00:00:00','2024-04-30 00:00:00','',NULL,NULL,'[]',9,141,0,1,1,1,NULL,NULL,NULL,NULL,NULL,'https://minio.staging.verein.cloud/tineon/Leipzig/2024/April/Images/Bogenschie%C3%9Fen.jpeg',0,'2024-04-15 10:35:43','2024-04-15 10:35:58'),(284,'morbi 15th april survey update','Tempor vitae sint se.&#160;','1','all_club','2024-04-25 00:00:00','2024-04-29 00:00:00','',NULL,NULL,'[\"2\"]',9,141,0,1,1,0,NULL,NULL,0,NULL,NULL,'https://minio.staging.verein.cloud/tineon/Leipzig/2024/April/Images/Tennis.jpeg',0,'2024-04-15 10:47:11','2024-04-15 11:06:05'),(285,'morbi survey 15th apr','Feugiat vivamus at augue eget arcu. Elit ullamcorper dignissim cras &#10;tincidunt lobortis feugiat. Placerat duis ultricies lacus sed turpis &#10;tincidunt id aliquet. Eu sem integer vitae justo eget magna fermentum. &#10;Varius vel pharetra vel turpis nunc eget lorem. Ut venenatis tellus in &#10;metus. Sit amet purus gravida quis. Pharetra et ultrices neque ornare &#10;aenean euismod elementum nisi. Dictumst vestibulum rhoncus est &#10;pellentesque elit ullamcorper dignissim cras. Risus feugiat in ante &#10;metus. Fringilla est ullamcorper eget nulla facilisi etiam dignissim &#10;diam. Cras semper auctor neque vitae tempus quam pellentesque nec. &#10;Ornare suspendisse sed nisi lacus sed viverra. Egestas maecenas pharetra&#10; convallis posuere morbi leo urna molestie.','0','group','2024-04-22 00:00:00','2024-04-30 00:00:00','0',NULL,NULL,'[\"1\"]',9,141,1,1,1,0,NULL,NULL,NULL,NULL,NULL,'https://minio.staging.verein.cloud/tineon/Leipzig/2024/April/Images/tennis-damen.jpeg',0,'2024-04-15 12:47:08','2024-04-15 13:07:40'),(287,'Rerum consequatur pr','Veniam, eos, tempor .&#160;','1','all_club','2024-04-17 00:00:00','2024-04-30 00:00:00','',NULL,NULL,'[]',9,141,0,0,NULL,0,NULL,NULL,NULL,'deny',1,'https://minio.staging.verein.cloud/tineon/Leipzig/2024/April/Images/Leichtathetik.jpeg',0,'2024-04-16 08:42:44','2024-04-16 08:44:11'),(288,'Mollitia dolorum dis','Explicabo. Architect<font face=\"Arial\" size=\"2\"> </font>.','0','group','2024-04-19 00:00:00','2024-04-30 00:00:00','',NULL,NULL,'[]',9,141,0,1,1,1,'{\"title\":\"Mollitia dolorum dis\",\"description\":\"Explicabo. Architect<font face=\\\"Arial\\\" size=\\\"2\\\"> </font>.\",\"surveyOption\":\"0\",\"surveyType\":\"group\",\"groupType\":\"[204]\",\"surveyStartDate\":\"2024-04-18\",\"surveyEndDate\":\"2024-04-29\",\"surveyViewOption\":\"\",\"surveyNotificationOption\":\"[\\\"2\\\"]\",\"additional_anonymous_voting\":\"\",\"additional_cast_vote\":\"\",\"survey_Answers\":\"[\\\"Quis eaque explicabo\\\",\\\"Rem quidem magni pos\\\"]\",\"image\":\"Tennis.jpeg\",\"tags\":\"[]\",\"team_id\":\"141\",\"user_id\":\"9\",\"approved_status\":\"1\",\"newImage\":\"\",\"newDocument\":\"\"}',NULL,0,'no',1,'https://minio.staging.verein.cloud/tineon/Leipzig/2024/April/Images/Tennis.jpeg',0,'2024-04-16 08:44:50','2024-04-16 08:48:33'),(289,'Est consequatur','<span>Lorem ipsum dolor sit amet. Est consequatur quod ut quaerat velit et dolor autem ut voluptatem</span>','0','all_club','2024-04-28 00:00:00','2024-04-29 00:00:00','1',NULL,'true','[\"1\"]',9,141,0,1,1,0,'{\"title\":\"Est consequatur\",\"description\":\"<span>Lorem ipsum dolor sit amet. Est consequatur quod ut quaerat velit et dolor autem ut voluptatem</span>\",\"surveyOption\":\"0\",\"surveyType\":\"all_club\",\"groupType\":\"[]\",\"surveyStartDate\":\"2024-04-27\",\"surveyEndDate\":\"2024-04-28\",\"surveyViewOption\":\"1\",\"surveyNotificationOption\":\"[\\\"1\\\"]\",\"additional_anonymous_voting\":\"\",\"additional_cast_vote\":\"true\",\"survey_Answers\":\"[\\\"quod\\\",\\\"velit\\\"]\",\"tags\":\"[]\",\"team_id\":\"141\",\"user_id\":\"9\",\"approved_status\":\"1\",\"newImage\":\"Bildschirm%C2%ADfoto%202023-03-18%20um%2009.38.20.png\",\"newDocument\":\"\"}','https://minio.staging.verein.cloud/tineon/Leipzig/2024/April/Documents/Bildschirm%C2%ADfoto%202023-03-18%20um%2009.38.20.png',0,NULL,NULL,'https://minio.staging.verein.cloud/tineon/Leipzig/2024/April/Documents/card.docx',0,'2024-04-25 05:18:36','2024-04-25 05:25:17'),(290,'Eum Quis','<span>Lorem ipsum dolor sit amet. Eum Quis dolores est eligendi suscipit qui sunt minus aut accusantium dolorem&#160;</span>','1','all_club','2024-04-26 00:00:00','2024-04-27 00:00:00','1',NULL,'true','[\"1\"]',1,141,0,1,NULL,0,NULL,NULL,NULL,NULL,NULL,'https://minio.staging.verein.cloud/tineon/Leipzig/2024/April/Documents/Bildschirm%C2%ADfoto%202023-03-18%20um%2009.38.30.png',0,'2024-04-25 05:29:32','2024-04-25 05:29:32'),(291,'Survey-25-04','<span>Lorem ipsum dolor sit amet. Eos facilis nihil hic saepe aspernatur et omnis animi.&#160;</span>','1','all_club','2024-04-25 00:00:00','2024-04-27 00:00:00','1',NULL,'true','[\"1\"]',1,141,0,1,NULL,0,NULL,NULL,NULL,NULL,NULL,'https://minio.staging.verein.cloud/tineon/Leipzig/2024/April/Documents/Bildschirm%C2%ADfoto%202023-03-18%20um%2009.39.09.png',0,'2024-04-25 05:39:33','2024-04-25 05:39:33'),(292,'magnam','<span>Lorem ipsum dolor sit amet. In necessitatibus pariatur a molestias nostrum qui suscipit odio aut odit quae est recusandae ipsum sit quae magnam</span>','0','group','2024-04-28 00:00:00','2024-04-30 00:00:00','2','true',NULL,'[\"1\"]',1,141,0,1,NULL,0,NULL,NULL,NULL,NULL,NULL,NULL,0,'2024-04-25 05:40:56','2024-04-25 05:40:56'),(293,'Sit-25-04','<span>Lorem ipsum dolor sit amet. Sit fugiat accusantium At libero quibusdam ut iure Quis in autem tempora At unde quos et corrupti laudantium aut illo laboriosam? Ad assumenda consequuntur cum enim labore</span>','0','group','2024-04-27 00:00:00','2024-04-28 00:00:00','1',NULL,NULL,'[\"1\"]',9,141,0,1,1,1,NULL,NULL,NULL,NULL,NULL,NULL,0,'2024-04-25 05:42:16','2024-04-25 05:42:25'),(294,'.Lorem test-01','Enim quis labore aut.<font face=\"Arial\" size=\"2\">Lorem test</font>','1','all_club','2024-05-01 00:00:00','2024-05-03 00:00:00','1',NULL,NULL,'[\"1\"]',1,141,0,1,NULL,0,NULL,NULL,NULL,NULL,NULL,'https://minio.staging.verein.cloud/tineon/Leipzig/2024/May/Images/v-logo.png',0,'2024-05-01 05:38:47','2024-05-01 05:38:47'),(295,'Laboris -01','Eligendi expedita at.<font face=\"Arial\" size=\"2\">ewaq</font>','1','all_club','2024-05-01 00:00:00','2024-05-02 00:00:00','1',NULL,'true','[\"1\"]',1,141,0,1,NULL,0,NULL,NULL,NULL,NULL,NULL,'https://minio.staging.verein.cloud/tineon/Leipzig/2024/May/Images/logo3.png',0,'2024-05-01 05:39:33','2024-05-01 05:39:33'),(296,'Est voluptatem quam','Ullam iste modi dolo.re<font face=\"Arial\" size=\"2\">f</font>','0','all_club','2024-05-01 00:00:00','2024-05-02 00:00:00','1',NULL,NULL,'[\"2\"]',1,141,0,1,NULL,0,NULL,NULL,NULL,NULL,NULL,NULL,0,'2024-05-01 05:59:46','2024-05-01 05:59:46'),(297,'Exercitation at sed ','Qui sint debitis qui.<font face=\"Arial\" size=\"2\">c</font>','1','group','2024-05-01 00:00:00','2024-05-03 00:00:00','1',NULL,'true','[\"1\"]',1,141,0,1,NULL,0,NULL,NULL,NULL,NULL,NULL,NULL,0,'2024-05-01 06:25:26','2024-05-01 06:25:26'),(298,'asdasd','asdas<font size=\"2\" face=\"Arial\">dsadsad</font>','0','group','2024-05-10 00:00:00','2024-05-11 00:00:00','0',NULL,NULL,'[\"1\"]',1,141,0,1,NULL,0,NULL,NULL,NULL,NULL,NULL,NULL,0,'2024-05-08 22:37:42','2024-05-08 22:37:42'),(299,'testing survey','survey','0','group','2024-05-10 00:00:00','2024-05-11 00:00:00','1','true','true','[\"2\"]',1,141,0,1,NULL,0,NULL,NULL,NULL,NULL,NULL,'https://minio.staging.verein.cloud/tineon/Leipzig/2024/May/Images/hero-img.png',0,'2024-05-09 19:42:25','2024-05-09 19:42:25'),(300,'hello','<font size=\"2\" face=\"Arial\">hi</font>','0','group','2024-05-10 00:00:00','2024-05-15 00:00:00','1','true',NULL,'[\"1\"]',1,141,0,1,NULL,0,NULL,NULL,NULL,NULL,NULL,NULL,0,'2024-05-09 21:25:26','2024-05-09 21:25:26'),(301,'usecase 1','feww','0','all_club','2024-05-10 00:00:00','2024-05-17 00:00:00','0','true','true','[2]',1,141,0,1,NULL,0,NULL,NULL,NULL,NULL,NULL,NULL,0,'2024-05-09 21:53:11','2024-05-09 21:53:11'),(302,'usecase 1','feww','0','group','2024-05-10 00:00:00','2024-05-17 00:00:00','0','false','true','[2]',1,141,0,1,NULL,0,NULL,NULL,NULL,NULL,NULL,NULL,0,'2024-05-09 21:56:13','2024-05-09 21:56:13'),(303,'survey 1 ','edited','0','all_club','2024-05-09 00:00:00','2024-05-15 00:00:00','1','true','true','[1]',1,141,0,1,NULL,0,NULL,NULL,0,NULL,NULL,NULL,0,'2024-05-09 22:00:55','2024-05-22 11:07:37'),(306,'Editor Created Survey','<strong>Lorem Ipsum</strong><span>&#160;is simply dummy text of the printing and typesetting industry. Lorem Ipsum has been the industry\'s standard dummy text ever since the 1500s, when an unknown printer took a galley of type and scrambled it to make a type specimen book. It has survived not only five centuries, but also the leap into electronic typesetting, remaining essentially unchanged. It was popularised in the 1960s with the release of Letraset sheets containing Lorem Ipsum passages, and more recently with desktop publishing software like Aldus PageMaker including versions of Lorem Ipsum.</span>','0','group','2024-05-28 00:00:00','2024-05-29 00:00:00','1','true',NULL,'[\"1\"]',9,141,0,0,NULL,0,NULL,NULL,NULL,NULL,NULL,'https://minio.staging.verein.cloud/tineon/Leipzig/2024/May/Images/hero-img%20%281%29.png',0,'2024-05-27 18:15:30','2024-05-27 18:15:30'),(307,'Testing survey 03 June','<strong>Lorem Ipsum</strong><span>&#160;is simply dummy text of the printing and typesetting industry. Lorem Ipsum has been the industry\'s standard dummy text ever since the 1500s, when an unknown printer took a galley of type and scrambled it to make a type specimen book. It has survived not only five centuries, but also the leap into electronic typesetting, remaining essentially unchanged. It was popularised in the 1960s with the release of Letraset sheets containing Lorem Ipsum passages, and more recently with desktop publishing software like Aldus PageMaker including versions of Lorem Ipsum.</span><strong>Lorem Ipsum</strong><span>&#160;is simply dummy text of the printing and typesetting industry. Lorem Ipsum has been the industry\'s standard dummy text ever since the 1500s, when an unknown printer took a galley of type and scrambled it to make a type specimen book. It has survived not only five centuries, but also the leap into electronic typesetting, remaining essentially unchanged. It was popularised in the 1960s with the release of Letraset sheets containing Lorem Ipsum passages, and more recently with desktop publishing software like Aldus PageMaker including versions of Lorem Ipsum.</span>','0','group','2024-06-03 00:00:00','2024-06-19 00:00:00','0',NULL,NULL,'[\"1\"]',1,141,0,1,NULL,0,NULL,NULL,0,NULL,NULL,'https://minio.staging.verein.cloud/tineon/Leipzig/2024/June/Images/Tennisspielerin.jpeg',0,'2024-06-03 04:38:34','2024-06-03 04:57:38'),(308,'Trail test survey','<strong>Lorem Ipsum</strong><span>&#160;is simply dummy text of the printing and typesetting industry. Lorem Ipsum has been the industry\'s standard dummy text ever since the 1500s, when an unknown printer took a galley of type and scrambled it to make a type specimen book. It has survived not only five centuries, but also the leap into electronic typesetting, remaining essentially unchanged. It was popularised in the 1960s with the release of Letraset sheets containing Lorem Ipsum passages, and more recently with desktop publishing software like Aldus PageMaker including versions of Lorem Ipsum.</span>','0','group','2024-06-03 00:00:00','2024-06-15 00:00:00','0',NULL,NULL,'[\"1\"]',1,141,0,1,NULL,0,NULL,NULL,NULL,NULL,NULL,'https://minio.staging.verein.cloud/tineon/Leipzig/2024/June/Images/Tennisspieler.jpeg',0,'2024-06-03 10:02:50','2024-06-03 10:02:50'),(309,'Testing Survey  for my code','Dummy text is text that is used in the publishing industry or by web designers to occupy the space which will later be filled with \'real\' content. This is required when, for example, the final text is not yet available. Dummy text is also known as \'fill text\'.','0','group','2024-06-06 00:00:00','2024-06-20 00:00:00','0','false','false','[1]',1,141,1,1,NULL,0,NULL,NULL,NULL,NULL,NULL,NULL,0,'2024-06-05 20:36:54','2024-06-10 09:41:13'),(310,'dummy test','<span>Filler text is text that shares some characteristics of a real written text, but is random or otherwise generated. It may be used to display a sample of fonts, generate text for testing, or to spoof an e-mail spam filter.</span><span>&#160;</span>','1','group','2024-06-10 00:00:00','2024-06-30 00:00:00','0',NULL,NULL,'[\"1\"]',1,141,0,1,NULL,0,NULL,NULL,NULL,NULL,NULL,'https://minio.staging.verein.cloud/tineon/Leipzig/2024/June/Images/values-3.png',0,'2024-06-10 09:43:48','2024-06-10 09:43:48'),(311,'Single Survey','<font face=\"Arial\" size=\"2\">dummy test</font>','0','all_club','2024-06-10 00:00:00','2024-06-26 00:00:00','1',NULL,NULL,'[\"1\"]',1,141,0,1,NULL,0,NULL,NULL,NULL,NULL,NULL,'https://minio.staging.verein.cloud/tineon/Leipzig/2024/June/Images/values-3.png',0,'2024-06-10 15:01:59','2024-06-10 15:01:59'),(312,'Final Survey of Our Program','Filler text is text that shares some characteristics of a real written text, but is random or otherwise generated. It may be used to display a sample of fonts, generate text for testing, or to spoof an e-mail spam filter.','1','group','2024-06-10 00:00:00','2024-06-30 00:00:00','0','false','false','[1]',1,141,0,1,NULL,0,NULL,NULL,NULL,NULL,NULL,NULL,0,'2024-06-10 16:38:02','2024-06-10 16:38:02'),(313,'Testing Survey for code testing','descrfiption of the usrvey','0','group','2024-06-13 00:00:00','2024-06-14 00:00:00','1','false','false','[1]',1,141,0,1,NULL,0,NULL,NULL,NULL,NULL,NULL,NULL,0,'2024-06-13 17:53:18','2024-06-13 17:53:18'),(314,'Multpile Survey Answer Testing','Testing is going to check the correctness of code ','1','all_club','2024-06-13 00:00:00','2024-06-15 00:00:00','0','false','false','[1]',1,141,0,1,NULL,0,NULL,NULL,NULL,NULL,NULL,NULL,0,'2024-06-13 17:54:42','2024-06-13 17:54:42'),(316,'Eos et praesentium ','Quo accusantium amet.s','0','group','2024-06-22 00:00:00','2024-06-23 00:00:00','0',NULL,NULL,'[\"1\"]',9,141,0,1,1,0,'{\"title\":\"Potmatrum failures\",\"description\":\"Quo accusantium amet.s\",\"surveyOption\":\"0\",\"surveyType\":\"group\",\"groupType\":\"[219]\",\"surveyStartDate\":\"2024-06-21\",\"surveyEndDate\":\"2024-06-22\",\"surveyViewOption\":\"0\",\"surveyNotificationOption\":\"[\\\"1\\\"]\",\"additional_anonymous_voting\":\"\",\"additional_cast_vote\":\"\",\"survey_Answers\":\"[\\\"Fugit voluptas sunt\\\",\\\"Dolorem voluptatem e\\\"]\",\"image\":\"Hockeydamen.jpeg\",\"tags\":\"[]\",\"team_id\":\"141\",\"user_id\":\"9\",\"approved_status\":\"1\",\"newImage\":\"\",\"newDocument\":\"\"}',NULL,0,NULL,NULL,'https://minio.staging.verein.cloud/tineon/Leipzig/2024/June/Images/Hockeydamen.jpeg',0,'2024-06-20 12:55:24','2024-06-20 13:09:59'),(317,'Lorem sapiente fugia','Eveniet, et sed volu.ed','0','all_club','2024-06-21 00:00:00','2024-06-22 00:00:00','2',NULL,NULL,'[\"2\"]',9,141,0,0,NULL,0,NULL,NULL,NULL,NULL,NULL,'https://minio.staging.verein.cloud/tineon/Leipzig/2024/June/Images/Bogenschie%C3%9Fen.jpeg',0,'2024-06-20 13:09:45','2024-06-20 13:09:45'),(318,'Labore harum nostrum','Esse sed anim doloru.s<font face=\"Arial\" size=\"2\">wq</font>','0','all_club','2024-06-27 00:00:00','2024-06-29 00:00:00','1',NULL,NULL,'[\"2\"]',1,141,0,1,NULL,0,NULL,NULL,NULL,NULL,NULL,'https://minio.staging.verein.cloud/tineon/Leipzig/2024/June/Documents/Bildschirm%C2%ADfoto%202023-03-18%20um%2009.39.32.png',0,'2024-06-27 06:41:28','2024-06-27 06:41:28'),(319,'This is for the testing, please one of the options updated','<p>Contrary to popular belief, Lorem Ipsum is not simply random text. It has roots in a piece of classical Latin literature from 45 BC, making it over 2000 years old. Richard McClintock, a Latin professor at Hampden-Sydney College in Virginia, looked up one of the more obscure Latin words, consectetur, from a Lorem Ipsum passage, and going through the cites of the word in classical literature, discovered the undoubtable source. Lorem Ipsum comes from sections 1.10.32 and 1.10.33 of &#34;de Finibus Bonorum et Malorum&#34; (The Extremes of Good and Evil) by Cicero, written in 45 BC. This book is a treatise on the theory of ethics, very popular during the Renaissance. The first line of Lorem Ipsum, &#34;Lorem ipsum dolor sit amet..&#34;, comes from a line in section 1.10.32.</p><p><br></p>','0','all_club','2024-07-14 00:00:00','2024-07-19 00:00:00','0',NULL,NULL,'\"[\\\"1\\\"]\"',1,141,0,1,NULL,0,NULL,NULL,0,NULL,NULL,'https://minio.staging.verein.cloud/tineon/Leipzig/2024/July/Images/Volleyball%20M%C3%A4dels.jpeg',0,'2024-07-12 12:47:26','2024-07-12 12:48:51'),(320,'undoubtable','<span>Contrary to popular belief, Lorem Ipsum is not simply random text. It has roots in a piece of classical Latin literature from 45 BC, making it over 2000 years old.</span><br>','0','all_club','2024-07-17 00:00:00','2024-07-31 00:00:00','0','false','true','[\"1\"]',4,141,0,1,NULL,0,NULL,NULL,NULL,NULL,NULL,'https://minio.staging.verein.cloud/tineon/Leipzig/2024/July/Images/Tennis-Minis.jpeg',0,'2024-07-17 09:44:06','2024-07-17 09:44:06'),(321,'Aditya delete test Survey 1','<p>It is a long established fact that a reader will be distracted by the readable content of a page when looking at its layout. The point of using Lorem Ipsum is that it has a more-or-less normal distribution of letters, as opposed to using \'Content here, content here\', making it look like readable English. Many desktop publishing packages and web page editors now use Lorem Ipsum as their default model text, and a search for \'lorem ipsum\' will uncover many web sites still in their infancy. Various versions have evolved over the years, sometimes by accident, sometimes on purpose (injected humour and the like).</p><p><br></p>','0','group','2024-07-21 00:00:00','2024-07-25 00:00:00','0',NULL,NULL,'[\"1\"]',4,141,0,1,NULL,0,NULL,NULL,NULL,NULL,NULL,'https://minio.staging.verein.cloud/tineon/Leipzig/2024/July/Images/Tennisspieler.jpeg',0,'2024-07-19 04:47:51','2024-07-19 04:47:51'),(322,'votertest','<font face=\"Arial\" size=\"2\">lorem contant</font>','1','all_club','2024-07-23 00:00:00','2024-07-31 00:00:00','0',NULL,'true','[\"1\"]',4,141,0,1,NULL,0,NULL,NULL,NULL,NULL,NULL,'https://minio.staging.verein.cloud/tineon/Leipzig/2024/July/Images/Tennis-Minis.jpeg',0,'2024-07-23 09:03:27','2024-07-23 09:03:27'),(323,'Insight Wave','<strong>Lorem Ipsum</strong><span>&#160;is simply dummy text of the printing and typesetting industry. Lorem Ipsum has been the industry\'s standard dummy text ever since the 1500s, when an unknown printer took a galley of type and scrambled it to make a type specimen book. It has survived not only five centuries, b</span>','0','all_club','2024-07-31 00:00:00','2024-08-31 00:00:00','0',NULL,'true','[\"1\"]',1,141,0,1,NULL,0,NULL,NULL,NULL,NULL,NULL,'https://minio.staging.verein.cloud/tineon/Leipzig/2024/July/Images/Tennis-Minis.jpeg',0,'2024-07-31 10:12:16','2024-07-31 11:01:05'),(324,'High Voltage','<span>&#34;Sed ut perspiciatis unde omnis iste natus error sit voluptatem accusantium doloremque laudantium, totam rem aperiam, eaque ipsa quae ab illo inventore veritatis et quasi architecto beatae vitae dicta sunt explicabo. Nemo enim ipsam voluptatem quia voluptas sit aspernatur aut odit aut fu</span>','1','all_club','2024-08-01 00:00:00','2024-08-31 00:00:00','0','false','true','[\"1\"]',NULL,141,0,NULL,NULL,0,NULL,NULL,NULL,NULL,NULL,'https://minio.staging.verein.cloud/tineon/Leipzig/2024/August/Documents/Get_Started_With_Smallpdf.pdf',0,'2024-08-01 09:06:06','2024-08-01 09:06:06'),(325,'Finance Wizards','<span>&#34;Sed ut perspiciatis unde omnis iste natus error sit voluptatem accusantium doloremque laudantium, totam rem aperiam, eaque ipsa quae ab illo inventore veritatis et quasi architecto beatae vitae dicta sunt explicabo. Nemo enim ipsam voluptatem quia voluptas sit aspernatur aut odit aut fu</span>','1','all_club','2024-08-01 00:00:00','2024-08-31 00:00:00','0',NULL,'true','[\"1\"]',NULL,141,0,NULL,NULL,0,NULL,NULL,NULL,NULL,NULL,'https://minio.staging.verein.cloud/tineon/Leipzig/2024/August/Images/Tennis.jpeg',0,'2024-08-01 09:12:14','2024-08-01 09:12:14'),(326,'consequatur surr','<span>Sed ut perspiciatis unde omnis iste natus error sit voluptatem accusantium doloremque laudantium, totam rem aperiam, eaque ipsa quae ab illo inventore veritatis et quasi architecto beatae vitae dicta sunt explicabo. Nemo enim ipsam voluptatem quia voluptas sit aspernatur aut odit aut fugit,&#160;</span><br>','0','all_club','2024-08-03 00:00:00','2024-08-10 00:00:00','0',NULL,'true','[\"1\"]',9,141,0,1,1,1,'{\"title\":\"consequatur surr up\",\"description\":\"<span>Sed ut perspiciatis unde omnis iste natus error sit voluptatem accusantium doloremque laudantium, totam rem aperiam, eaque ipsa quae ab illo inventore veritatis et quasi architecto beatae vitae dicta sunt explicabo. Nemo enim ipsam voluptatem quia voluptas sit aspernatur aut odit aut fugit,&#160;</span><br>\",\"surveyOption\":\"0\",\"surveyType\":\"all_club\",\"groupType\":\"[]\",\"surveyStartDate\":\"2024-08-02\",\"surveyEndDate\":\"2024-08-09\",\"surveyViewOption\":\"0\",\"surveyNotificationOption\":\"[\\\"1\\\"]\",\"additional_anonymous_voting\":\"\",\"additional_cast_vote\":\"true\",\"survey_Answers\":\"[\\\"Good\\\",\\\"Best\\\"]\",\"tags\":\"[]\",\"team_id\":\"141\",\"user_id\":\"9\",\"approved_status\":\"1\",\"newImage\":\"Tennis.jpeg\",\"newDocument\":\"\"}','https://minio.staging.verein.cloud/tineon/Leipzig/2024/August/Images/Tennis.jpeg',0,NULL,NULL,'https://minio.staging.verein.cloud/tineon/Leipzig/2024/August/Images/Tennis-Minis.jpeg',0,'2024-08-01 09:23:45','2024-08-01 09:36:06'),(329,'Server Central','<strong>Lorem Ipsum</strong><span>&#160;is simply dummy text of the printing and typesetting industry. Lorem Ipsum has been the industry\'s standard dummy text ever since the 1500s, when an unknown printer took a galley of type and scrambled it to make</span>','0','all_club','2024-08-05 00:00:00','2024-08-31 00:00:00','0',NULL,'true','[\"1\"]',49,9533,0,1,NULL,0,NULL,NULL,NULL,NULL,NULL,'https://minio.staging.verein.cloud/tineon/Leipzig/2024/August/Images/Hockeydamen.jpeg',0,'2024-08-05 04:09:55','2024-08-05 04:09:55'),(330,'Trail Purpose','<p>It is a long established fact that a reader will be distracted by the readable content of a page when looking at its layout. The point of using Lorem Ipsum is that it has a more-or-less normal distribution of letters, as opposed to using \'Content here, content here\', making it look like readable English. Many desktop publishing packages and web page editors now use Lorem Ipsum as their default model text, and a search for \'lorem ipsum\' will uncover many web sites still in their infancy. Various versions have evolved over the years, sometimes by accident, sometimes on purpose (injected humour and the like).</p><p><br></p>','0','all_club','2024-08-07 00:00:00','2024-08-10 00:00:00','0',NULL,NULL,'[\"1\"]',49,9533,1,1,NULL,0,NULL,NULL,NULL,NULL,NULL,'https://minio.staging.verein.cloud/tineon/Leipzig/2024/August/Images/Tennisspieler.jpeg',0,'2024-08-06 04:50:38','2024-08-06 04:57:07'),(331,'laborious','<span>&#160;ut perspiciatis unde omnis iste natus error sit voluptatem accusantium doloremque laudantium, totam rem aperiam, eaque ipsa quae ab illo inventore veritatis et quasi architecto beatae vitae dicta sunt explicabo. Nemo enim ipsam voluptatem quia voluptas sit aspernatur aut odit aut fugit</span>','0','group','2024-08-23 00:00:00','2024-08-29 00:00:00','0',NULL,'true','[\"2\"]',9,141,0,1,8,0,NULL,NULL,0,NULL,NULL,'https://minio.staging.verein.cloud/tineon/Leipzig/2024/August/Images/Tennis-Minis.jpeg',0,'2024-08-07 08:03:03','2024-08-08 08:45:50'),(332,'group survey for secretory group update1','<font face=\"Arial\" size=\"2\">group survey for secretory group</font>','0','group','2024-08-12 00:00:00','2024-08-14 00:00:00','',NULL,NULL,'[\"1\"]',9,141,0,0,NULL,0,NULL,NULL,0,NULL,NULL,'https://minio.staging.verein.cloud/tineon/Leipzig/2024/August/Images/Hockeydamen.jpeg',0,'2024-08-08 04:46:18','2024-08-09 08:40:59'),(333,'Hydrographic surveying updated','<p>It is a long established fact that a reader will be distracted by the readable content of a page when looking at its layout. The point of using Lorem Ipsum is that it has a more-or-less normal distribution of letters, as opposed to using \'Content here, content here\', making it look like readable English. Many desktop publishing packages and web page editors now use Lorem Ipsum as their default model text, and a search for \'lorem ipsum\' will uncover many web sites still in their infancy. Various versions have evolved over the years, sometimes by accident, sometimes on purpose (injected humour and the like).</p><p><br></p>','0','group','2024-08-11 00:00:00','2024-08-15 00:00:00','0',NULL,NULL,'[\"1\"]',1,141,0,1,NULL,0,NULL,NULL,0,NULL,NULL,'https://minio.staging.verein.cloud/tineon/Leipzig/2024/August/Images/Tennisspieler.jpeg',0,'2024-08-08 11:17:52','2024-08-08 11:19:41'),(334,'Chat surveys','<div><p><strong>Lorem Ipsum</strong>&#160;is simply dummy text of the printing and typesetting industry. Lorem Ipsum has been the industry\'s standard dummy text ever since the 1500s, when an unknown printer took a galley of type and scrambled it to make a type specimen book. It has survived not only five centuries, but also the leap into electronic typesetting, remaining essentially unchanged. It was popularised in the 1960s with the release of Letraset sheets containing Lorem Ipsum passages, and more recently with desktop publishing software like Aldus PageMaker including versions of Lorem Ipsum.</p><p><br></p></div><div></div>','0','group','2024-08-11 00:00:00','2024-08-15 00:00:00','0',NULL,NULL,'[\"1\"]',8,141,0,1,NULL,0,NULL,NULL,0,NULL,NULL,'https://minio.staging.verein.cloud/tineon/Leipzig/2024/August/Images/Tennis-Minis.jpeg',0,'2024-08-08 11:24:59','2024-08-08 12:06:20'),(335,'Land surveying','<p>There are many variations of passages of Lorem Ipsum available, but the majority have suffered alteration in some form, by injected humour, or randomised words which don\'t look even slightly believable. If you are going to use a passage of Lorem Ipsum, you need to be sure there isn\'t anything embarrassing hidden in the middle of text. All the Lorem Ipsum generators on the Internet tend to repeat predefined chunks as necessary, making this the first true generator on the Internet. It uses a dictionary of over 200 Latin words, combined with a handful of model sentence structures, to generate Lorem Ipsum which looks reasonable. The generated Lorem Ipsum is therefore always free from repetition, injected humour, or non-characteristic words etc.</p><br class=\"Apple-interchange-newline\"><br>','0','group','2024-08-12 00:00:00','2024-08-17 00:00:00','0',NULL,NULL,'[\"1\"]',9,141,0,1,1,1,'{\"title\":\"Land surveying update\",\"description\":\"<p>There are many variations of passages of Lorem Ipsum available, but the majority have suffered alteration in some form, by injected humour, or randomised words which don\'t look even slightly believable. If you are going to use a passage of Lorem Ipsum, you need to be sure there isn\'t anything embarrassing hidden in the middle of text. All the Lorem Ipsum generators on the Internet tend to repeat predefined chunks as necessary, making this the first true generator on the Internet. It uses a dictionary of over 200 Latin words, combined with a handful of model sentence structures, to generate Lorem Ipsum which looks reasonable. The generated Lorem Ipsum is therefore always free from repetition, injected humour, or non-characteristic words etc.</p><br class=\\\"Apple-interchange-newline\\\"><br>\",\"surveyOption\":\"0\",\"surveyType\":\"group\",\"groupType\":\"[277]\",\"surveyStartDate\":\"2024-08-11\",\"surveyEndDate\":\"2024-08-16\",\"surveyViewOption\":\"0\",\"surveyNotificationOption\":\"[\\\"1\\\"]\",\"additional_anonymous_voting\":\"\",\"additional_cast_vote\":\"\",\"survey_Answers\":\"[\\\"Ok\\\",\\\"Great\\\"]\",\"image\":\"Bogenschie%C3%9Fen.jpeg\",\"tags\":\"[\\\"Tester\\\"]\",\"team_id\":\"141\",\"user_id\":\"9\",\"approved_status\":1,\"newImage\":\"\",\"newDocument\":\"\"}',NULL,0,NULL,NULL,'https://minio.staging.verein.cloud/tineon/Leipzig/2024/August/Images/Bogenschie%C3%9Fen.jpeg',0,'2024-08-08 12:08:27','2024-08-08 12:19:41'),(336,'Accuratescope surveying update','<p>Contrary to popular belief, Lorem Ipsum is not simply random text. It has roots in a piece of classical Latin literature from 45 BC, making it over 2000 years old. Richard McClintock, a Latin professor at Hampden-Sydney College in Virginia, looked up one of the more obscure Latin words, consectetur, from a Lorem Ipsum passage, and going through the cites of the word in classical literature, discovered the undoubtable source. Lorem Ipsum comes from sections 1.10.32 and 1.10.33 of &#34;de Finibus Bonorum et Malorum&#34; (The Extremes of Good and Evil) by Cicero, written in 45 BC. This book is a treatise on the theory of ethics, very popular during the Renaissance. The first line of Lorem Ipsum, &#34;Lorem ipsum dolor sit amet..&#34;, comes from a line in section 1.10.32.</p><br class=\"Apple-interchange-newline\"><br>','0','group','2024-08-11 00:00:00','2024-08-16 00:00:00','0',NULL,NULL,'[\"1\"]',9,141,0,1,8,0,NULL,NULL,1,NULL,NULL,'https://minio.staging.verein.cloud/tineon/Leipzig/2024/August/Images/Herren_Meister.jpeg',0,'2024-08-08 12:13:00','2024-08-08 12:20:54'),(337,'Testing survey1hh2hh3hh','<font size=\"2\" face=\"Arial\">Tresting</font>','0','group','2024-08-18 00:00:00','2024-08-19 00:00:00','',NULL,NULL,'[\"1\"]',9,141,0,0,NULL,0,NULL,NULL,0,NULL,NULL,'https://minio.staging.verein.cloud/tineon/Leipzig/2024/August/Images/Volleyball.jpeg',0,'2024-08-09 04:37:02','2024-08-14 08:31:06'),(338,'Effortless w/o grp update','<strong>Lorem Ipsum</strong><span>&#160;is simply dummy text of the printing and typesetting industry. Lorem Ipsum has been the industry\'s standard dummy text ever since the 1500s, when an unknown printer took a galley of type and scrambled it to make a type specimen book. It has survived not only five centuries, but</span>','0','all_club','2024-08-18 00:00:00','2024-08-27 00:00:00','',NULL,'true','[\"2\"]',9,141,0,1,1,0,'{\"title\":\"Effortless w/o grp\",\"description\":\"<strong>Lorem Ipsum</strong><span>&#160;is simply dummy text of the printing and typesetting industry. Lorem Ipsum has been the industry\'s standard dummy text ever since the 1500s, when an unknown printer took a galley of type and scrambled it to make a type specimen book. It has survived not only five centuries, but</span>\",\"surveyOption\":\"0\",\"surveyType\":\"all_club\",\"groupType\":\"[]\",\"surveyStartDate\":\"2024-08-17\",\"surveyEndDate\":\"2024-08-26\",\"surveyViewOption\":\"\",\"surveyNotificationOption\":\"[\\\"2\\\"]\",\"additional_anonymous_voting\":\"\",\"additional_cast_vote\":\"true\",\"survey_Answers\":\"[\\\"Good\\\",\\\"Best\\\"]\",\"image\":\"Herren_Meister.jpeg\",\"tags\":\"[]\",\"team_id\":\"141\",\"user_id\":\"9\",\"approved_status\":1,\"newImage\":\"\",\"newDocument\":\"\"}',NULL,0,NULL,NULL,'https://minio.staging.verein.cloud/tineon/Leipzig/2024/August/Images/Herren_Meister.jpeg',0,'2024-08-09 05:27:25','2024-08-09 08:50:50'),(339,'Various versions grp','<span>It is a long established fact that a reader will be distracted by the readable content of a page when looking at its layout. The point of using</span><br>','0','group','2024-08-19 00:00:00','2024-08-28 00:00:00','0',NULL,'true','[\"1\"]',9,141,0,1,8,0,'{\"title\":\"Various versions grp\",\"description\":\"<span>It is a long established fact that a reader will be distracted by the readable content of a page when looking at its layout. The point of using</span><br>\",\"surveyOption\":\"0\",\"surveyType\":\"group\",\"groupType\":\"[278]\",\"surveyStartDate\":\"2024-08-30\",\"surveyEndDate\":\"2024-08-31\",\"surveyViewOption\":\"0\",\"surveyNotificationOption\":\"[\\\"1\\\"]\",\"additional_anonymous_voting\":\"\",\"additional_cast_vote\":\"true\",\"survey_Answers\":\"[\\\"Good\\\",\\\"Best\\\"]\",\"image\":\"Leichtathetik.jpeg\",\"tags\":\"[]\",\"team_id\":\"141\",\"user_id\":\"9\",\"approved_status\":1,\"newImage\":\"\",\"newDocument\":\"\"}',NULL,0,NULL,NULL,'https://minio.staging.verein.cloud/tineon/Leipzig/2024/August/Images/Leichtathetik.jpeg',0,'2024-08-09 05:28:58','2024-08-14 05:10:22'),(340,'The Backlog Busters group survey','<font face=\"Arial\" size=\"2\">The Backlog Busters group survey</font>','0','group','2024-08-17 00:00:00','2024-08-24 00:00:00','0',NULL,NULL,'[\"1\"]',57,9533,0,1,NULL,0,NULL,NULL,NULL,NULL,NULL,'https://minio.staging.verein.cloud/tineon/Leipzig/2024/August/Images/Herren_Meister.jpeg',0,'2024-08-12 08:04:15','2024-08-12 08:04:15'),(342,'yc_survey','<font face=\"Arial\" size=\"2\">yc_survey</font>','0','all_club','2024-08-14 00:00:00','2024-08-15 00:00:00','0',NULL,NULL,'[\"1\"]',52,9533,0,1,56,1,NULL,NULL,NULL,NULL,NULL,'https://minio.staging.verein.cloud/tineon/Leipzig/2024/August/Images/Volleyball%20M%C3%A4dels.jpeg',0,'2024-08-12 09:43:22','2024-08-12 09:43:42'),(343,'augest_15_group_survey','<font face=\"Arial\" size=\"2\">augest_15_group_survey</font>','0','group','2024-08-14 00:00:00','2024-08-19 00:00:00','0',NULL,NULL,'[\"1\"]',55,9533,0,1,NULL,0,NULL,NULL,NULL,NULL,NULL,'https://minio.staging.verein.cloud/tineon/Leipzig/2024/August/Images/Hockeydamen.jpeg',0,'2024-08-13 10:25:29','2024-08-13 10:25:29'),(344,'unapproved_survey_15Augest','<font face=\"Arial\" size=\"2\">unapproved_survey_15Augest</font>','1','all_club','2024-08-17 00:00:00','2024-08-19 00:00:00','0',NULL,NULL,'[\"1\"]',55,9533,0,1,59,1,NULL,NULL,NULL,NULL,NULL,'https://minio.staging.verein.cloud/tineon/Leipzig/2024/August/Images/Tennis-Minis.jpeg',0,'2024-08-13 10:26:49','2024-08-26 05:29:24'),(345,'survey_secretary','<font face=\"Arial\" size=\"2\">survey_secretary</font>','0','all_club','2024-08-15 00:00:00','2024-08-17 00:00:00','0',NULL,NULL,'[\"1\"]',56,9533,0,1,NULL,0,NULL,NULL,NULL,NULL,NULL,'https://minio.staging.verein.cloud/tineon/Leipzig/2024/August/Images/Hockeydamen.jpeg',0,'2024-08-13 10:55:05','2024-08-13 10:55:05'),(346,'opposed survey grp','<strong>Lorem Ipsum</strong><span>&#160;is simply dummy text of the printing and typesetting industry. Lorem Ipsum has been the industry\'s standard dummy text ever since the 1500s, when an unknown printer took a galley of type and scrambled it to make a t</span>','0','group','2024-08-14 00:00:00','2024-08-15 00:00:00','0',NULL,'true','[\"1\"]',9,141,0,1,8,1,NULL,NULL,NULL,NULL,NULL,'https://minio.staging.verein.cloud/tineon/Leipzig/2024/August/Images/Leichtathetik.jpeg',0,'2024-08-14 08:32:12','2024-08-14 08:33:05'),(347,'infancy survey','<span>web page editors now use Lorem Ipsum as their default model text, and a search for \'lorem ipsum\' will uncover many web sites still in their infancy. Various versions have evolved over the years, sometimes by accident,</span>','0','all_club','2024-08-14 00:00:00','2024-08-31 00:00:00','0',NULL,'true','[\"1\"]',9,141,0,1,1,1,NULL,NULL,NULL,NULL,NULL,'https://minio.staging.verein.cloud/tineon/Leipzig/2024/August/Images/Tennis-Minis.jpeg',0,'2024-08-14 08:54:49','2024-08-14 08:55:05'),(348,'Imagineer Informer','<strong>Lorem Ipsum</strong><span>&#160;is simply dummy text of the printing and typesetting industry. Lorem Ipsum has been the industry\'s standard dummy text ever since the 1500s,&#160;</span>','0','all_club','2024-08-20 00:00:00','2024-08-31 00:00:00','0',NULL,'true','[\"1\"]',4,141,0,1,NULL,0,NULL,NULL,NULL,NULL,NULL,'https://minio.staging.verein.cloud/tineon/Leipzig/2024/August/Images/Tennisspieler.jpeg',0,'2024-08-20 05:01:49','2024-08-20 05:01:49'),(350,'Survey 20-Aug E GS update','<p>It is a long established fact that a reader will be distracted by the readable content of a page when looking at its layout. The point of using Lorem Ipsum is that it has a more-or-less normal distribution of letters, as opposed to using \'Content here, content here\', making it look like readable English. Many desktop publishing packages and web page editors now use Lorem Ipsum as their default model text, and a search for \'lorem ipsum\' will uncover many web sites still in their infancy. Various versions have evolved over the years, sometimes by accident, sometimes on purpose (injected humour and the like).</p><br class=\"Apple-interchange-newline\"><br>','0','group','2024-08-29 00:00:00','2024-08-30 00:00:00','0',NULL,'true','[\"1\"]',9,141,1,1,8,0,NULL,NULL,0,NULL,NULL,'https://minio.staging.verein.cloud/tineon/Leipzig/2024/August/Images/Tennisspielerin.jpeg',0,'2024-08-20 10:18:12','2024-08-22 05:54:21'),(351,'blanditiis suber','<span>But I must explain to you how all this mistaken idea of denouncing pleasure and praising pain was born and I will give you a complete account of the system, and expound the actual teachings of the great explorer of the truth, the master-builder of human happiness. No one rejects, dislikes, or avoids pleasure itself, because it is pleasure, but because those who do not know how to pursue pleasure rationally encounter consequences that&#160;</span>','0','group','2024-08-31 00:00:00','2024-09-09 00:00:00','0',NULL,'true','[\"1\"]',9,141,0,1,8,0,NULL,NULL,0,NULL,NULL,'https://minio.staging.verein.cloud/tineon/Leipzig/2024/August/Images/Tennisspieler.jpeg',0,'2024-08-21 10:08:31','2024-08-22 04:37:32'),(352,'treatise survey ','<span>ntrary to popular belief, Lorem Ipsum is not simply random text. It has roots in a piece of classical Latin literature from 45 BC, making it over 2000 years old. Richard McClintock, a Latin professor at Hampden-Sydney College in Virginia, looked up one of the more obscure Latin words, consectetur, from a Lorem Ipsum passage, and going throu</span>','0','all_club','2024-08-31 00:00:00','2024-09-05 00:00:00','0',NULL,'true','[\"2\"]',4,141,0,1,NULL,0,NULL,NULL,NULL,NULL,NULL,'https://minio.staging.verein.cloud/tineon/Leipzig/2024/August/Images/Leichtathetik.jpeg',0,'2024-08-22 10:38:59','2024-08-22 10:38:59'),(353,'obscure survey up','<span>Contrary to popular belief, Lorem Ipsum is not simply random text. It has roots in a piece of classical Latin literature from 45 BC, making it over 2000 years old. Richard McClintock, a Latin professor at Hampden-Sydney College in Virginia, looked up one of the more obscure Latin&#160;</span>','0','all_club','2024-08-29 00:00:00','2024-08-30 00:00:00','0',NULL,'true','[\"2\"]',52,9533,0,1,59,0,NULL,NULL,1,NULL,NULL,'https://minio.staging.verein.cloud/tineon/Leipzig/2024/August/Images/Leichtathetik.jpeg',0,'2024-08-22 10:48:12','2024-08-26 05:29:06'),(354,'deletedSurvey','<span>At vero eos et accusamus et iusto odio dignissimos ducimus qui blanditiis praesentium voluptatum deleniti atque corrupti quos dolores et quas molestias excepturi sint occaecati cupiditate non provident, similique sunt in culpa qui officia deserunt mollitia animi, id est laborum et dolorum fuga. Et harum quidem rerum facil</span>','0','all_club','2024-08-30 00:00:00','2024-08-31 00:00:00','0',NULL,'true','[\"2\"]',9,141,0,0,NULL,0,NULL,NULL,NULL,'Lorem Ipsum is simply dummy text of the printing and typesetting industry. Lorem Ipsum has been the industry\'s standard dummy text ever since the 1500s,',1,'https://minio.staging.verein.cloud/tineon/Leipzig/2024/August/Images/tennis-damen.jpeg',0,'2024-08-24 12:11:25','2024-08-24 12:12:08'),(360,'intentionally survey','<span>Lorem ipsum dolor sit amet, consectetur adipisici elit&#8230;&#8217; (complete text) is dummy text that is not meant to mean anything. It is used as a placeholder in magazine layouts, for example, in order to give an impression of the finished document. The text is intentionally unintelligible so that the viewer is not distracted by the content. The language is not real Latin and even the first word &#8216;Lorem&#8217; does not exist. It is said that the lorem ipsum text has been common among typesetters since the 16th century. (Source:&#160;</span><a href=\"https://en.wikipedia.org/wiki/Lorem_ipsum\" target=\"_blank\" rel=\"noreferrer noopener\">Wikipedia.com</a><span>intentionally</span>','0','all_club','2024-09-04 00:00:00','2024-09-30 00:00:00','0',NULL,'true','[\"2\"]',49,9533,0,1,NULL,0,NULL,NULL,NULL,NULL,NULL,'https://minio.staging.verein.cloud/tineon/Leipzig/2024/September/Images/tennis-damen.jpeg',0,'2024-09-04 05:29:16','2024-09-27 03:57:42'),(361,'alteration survey','<strong>Lorem Ipsum</strong><span>&#160;is simply dummy text of the printing and typesetting industry. Lorem Ipsum has been the industry\'s standard dummy text ever since the 1500s, when an unknown printer took a galley of type and scrambled it to make&#160;</span>','0','all_club','2024-09-26 00:00:00','2024-09-30 00:00:00','0',NULL,'true','[\"1\"]',1,141,0,1,NULL,0,NULL,NULL,NULL,NULL,NULL,'https://minio.staging.verein.cloud/tineon/Leipzig/2024/September/Images/Bogenschie%C3%9Fen.jpeg',0,'2024-09-26 08:11:41','2024-09-26 08:11:41'),(362,'Commodo aut odio dol','<strong>Lorem Ipsum</strong><span>&#160;is simply dummy text of the printing and typesetting industry. Lorem Ipsum has been the industry\'s standard dummy text ever since the 1500s, when an unknown printer took a galley of type and scrambled it to make a type specimen book. It has survived not only five centuries,</span>','0','all_club','2024-11-30 00:00:00','2024-12-05 00:00:00','0','true','true','[\"1\"]',1,141,0,1,NULL,0,NULL,NULL,NULL,NULL,NULL,NULL,0,'2024-11-27 03:58:18','2024-11-27 03:58:18'),(363,'Perferendis debitis ','<strong>Lorem Ipsum</strong><span>&#160;is simply dummy text of the printing and typesetting industry. Lorem Ipsum has been the industry\'s standard dummy text ever since the 1500s, when an unknown printer took a galley of type and scrambled it to make a type specimen book. It has survived not only five centuries,</span>','1','all_club','2024-11-27 00:00:00','2024-11-30 00:00:00','0','false','true','[\"1\"]',1,141,0,1,NULL,0,NULL,NULL,NULL,NULL,NULL,'https://minio.staging.verein.cloud/tineon/Leipzig/2024/November/Images/Bogenschie%C3%9Fen.jpeg',0,'2024-11-27 04:09:57','2024-11-27 04:09:57'),(364,'Autsedsapiente sunvwery update','<strong>Lorem Ipsum</strong><span>&#160;is simply dummy text of the printing and typesetting industry. Lorem Ipsum has been the industry\'s standard dummy text ever since the 1500s, when an unknown printer took a galley of type and scrambled it to make a type specimen book. It has survived not only five centuries, but also the leap into electronic typesetting, remaining essentially unchanged. It was popularised in the 1960s with the release of Letraset sheets containing Lorem Ipsum passages, and more recently&#160;</span><br>','0','group','2024-12-09 00:00:00','2024-12-14 00:00:00','0',NULL,'true','[\"1\"]',9,141,0,0,NULL,0,NULL,NULL,0,NULL,NULL,NULL,0,'2024-11-27 07:58:47','2024-11-27 08:02:12'),(365,'Voluptas nulla elige','<span>Etiam ornare tempus aliquet</span>','0','group','2024-11-28 00:00:00','2024-11-30 00:00:00','0',NULL,NULL,'[\"1\"]',1,141,0,1,NULL,0,NULL,NULL,NULL,NULL,NULL,NULL,0,'2024-11-28 09:15:44','2024-11-28 09:15:44'),(366,'surveytest24mar25','<span>The standard chunk of Lorem Ipsum used since the 1500s is reproduced below for those interested. Sections 1.10.32 and 1.10.33 from &#34;de Finibus Bonorum et Malorum&#34; by Cicero are also reproduced in their exact original form, accompanied by English versions from the 1914 translation by H. Rackham.</span>','0','all_club','2025-03-29 00:00:00','2025-03-30 00:00:00','0',NULL,'true','\"[\\\"1\\\"]\"',1,141,0,1,NULL,0,NULL,NULL,0,NULL,NULL,NULL,0,'2025-03-24 08:03:53','2025-03-24 08:20:04');

--
