-- Table structure for table `product_assign_customer`
--

CREATE TABLE `product_assign_customer` (
  `id` int(10) UNSIGNED NOT NULL,
  `pid` varchar(255) NOT NULL,
  `user_id` int(11) NOT NULL,
  `admin_id` int(11) NOT NULL,
  `product_name` varchar(255) NOT NULL,
  `author` varchar(64) NOT NULL
) ENGINE=InnoDB DEFAULT CHARSET=utf8mb4;

--
-- Dumping data for table `product_assign_customer`
--

INSERT INTO `product_assign_customer` (`id`, `pid`, `user_id`, `admin_id`, `product_name`, `author`) VALUES
(45, '624d591bc926ef3dec5f5722', 11618, 1, 'Vereinsverwaltung SMALL', 'admin@gmail.com'),
(46, '624d5901c926ef3dec5f56d2', 11618, 1, 'Vereinsverwaltung', 'admin@gmail.com'),
(47, '624d591bc926ef3dec5f5722', 11619, 1, 'Vereinsverwaltung SMALL', 'admin@gmail.com'),
(48, '624d591bc926ef3dec5f5722', 11621, 1, 'Vereinsverwaltung SMALL', 'admin@gmail.com'),
(49, '648040036051424d14298576', 11622, 1, 'Vereinsverwaltung + App Light', 'admin@gmail.com'),
(50, '648040036051424d14298576', 11623, 1, 'Vereinsverwaltung + App Light', 'admin@gmail.com'),
(51, '624d591bc926ef3dec5f5722', 11624, 1, 'Vereinsverwaltung SMALL', 'admin@gmail.com'),
(52, '648040036051424d14298576', 11625, 1, 'Vereinsverwaltung + App Light', 'admin@gmail.com'),
(53, '648040036051424d14298576', 11626, 1, 'Vereinsverwaltung + App Light', 'admin@gmail.com'),
(54, '648040036051424d14298576', 11627, 1, 'Vereinsverwaltung + App Light', 'admin@gmail.com'),
(55, '648040036051424d14298576', 11628, 1, 'Vereinsverwaltung + App Light', 'admin@gmail.com'),
(56, '648040036051424d14298576', 11629, 1, 'Vereinsverwaltung + App Light', 'admin@gmail.com'),
(57, '648040036051424d14298576', 11630, 1, 'Vereinsverwaltung + App Light', 'admin@gmail.com'),
(58, '648040036051424d14298576', 11631, 1, 'Vereinsverwaltung + App Light', 'admin@gmail.com'),
(59, '624d5901c926ef3dec5f56d2', 11633, 1, 'Vereinsverwaltung', 'admin@gmail.com'),
(60, '624d5901c926ef3dec5f56d2', 11634, 1, 'Vereinsverwaltung', 'admin@gmail.com'),
(61, '648040036051424d14298576', 11635, 1, 'Vereinsverwaltung + App Light', 'admin@gmail.com'),
(62, '648040036051424d14298576', 11636, 1, 'Vereinsverwaltung + App Light', 'admin@gmail.com'),
(63, '648040036051424d14298576', 11637, 1, 'Vereinsverwaltung + App Light', 'admin@gmail.com'),
(64, '648040036051424d14298576', 11632, 1, 'Vereinsverwaltung + App Light', 'admin@gmail.com'),
(65, '648040036051424d14298576', 11638, 1, 'Vereinsverwaltung + App Light', 'admin@gmail.com'),
(66, '624d591bc926ef3dec5f5722', 11639, 1, 'Vereinsverwaltung SMALL', 'admin@gmail.com'),
(67, '648040316051424d142986bc', 11640, 1, 'Vereinsverwaltung + verein.cloud®', 'admin@gmail.com'),
(68, '648040036051424d14298576', 11641, 1, 'Vereinsverwaltung + App Light', 'admin@gmail.com'),
(69, '648040036051424d14298576', 11642, 1, 'Vereinsverwaltung + App Light', 'admin@gmail.com'),
(70, '648040036051424d14298576', 11643, 1, 'Vereinsverwaltung + App Light', 'admin@gmail.com'),
(71, '648040036051424d14298576', 11645, 1, 'Vereinsverwaltung + App Light', 'admin@gmail.com'),
(72, '648040036051424d14298576', 11646, 1, 'Vereinsverwaltung + App Light', 'admin@gmail.com'),
(73, '648040036051424d14298576', 11647, 1, 'Vereinsverwaltung + App Light', 'admin@gmail.com'),
(74, '648040316051424d142986bc', 11648, 1, 'Vereinsverwaltung + verein.cloud®', 'admin@gmail.com'),
(75, '648040036051424d14298576', 11667, 1, 'Vereinsverwaltung + App Light', 'admin@gmail.com'),
(76, '648040036051424d14298576', 11668, 1, 'Vereinsverwaltung + App Light', 'admin@gmail.com'),
(77, '648040036051424d14298576', 11669, 1, 'Vereinsverwaltung + App Light', 'admin@gmail.com'),
(78, '648040036051424d14298576', 11670, 1, 'Vereinsverwaltung + App Light', 'admin@gmail.com'),
(79, '648040036051424d14298576', 11671, 1, 'Vereinsverwaltung + App Light', 'admin@gmail.com'),
(80, '648040036051424d14298576', 11672, 1, 'Vereinsverwaltung + App Light', 'admin@gmail.com'),
(81, '624d591bc926ef3dec5f5722', 40479, 1, 'Vereinsverwaltung SMALL', 'admin@gmail.com'),
(82, '624d5901c926ef3dec5f56d2', 40413, 1, 'Vereinsverwaltung', 'admin@gmail.com'),
(83, '648040036051424d14298576', 11857, 1, 'Vereinsverwaltung + App Light', 'admin@gmail.com'),
(84, '624d5901c926ef3dec5f56d2', 11873, 1, 'Vereinsverwaltung', 'admin@gmail.com');

-- --------------------------------------------------------

--
-- Table structure for table `product_attribute_mapping`
--

CREATE TABLE `product_attribute_mapping` (
  `id` int(11) NOT NULL,
  `product_id` varchar(255) NOT NULL,
  `product_name` varchar(255) NOT NULL,
  `small` varchar(50) NOT NULL,
  `fibuLight` varchar(50) NOT NULL,
  `fibuPremium` varchar(50) NOT NULL,
  `app` varchar(50) NOT NULL,
  `appLight` varchar(50) NOT NULL,
  `testMode` varchar(50) NOT NULL,
  `ranking` int(11) NOT NULL,
  `created_at` datetime NOT NULL DEFAULT current_timestamp(),
  `updated_at` datetime DEFAULT NULL ON UPDATE current_timestamp()
) ENGINE=InnoDB DEFAULT CHARSET=utf8mb4;

--
-- Dumping data for table `product_attribute_mapping`
--

INSERT INTO `product_attribute_mapping` (`id`, `product_id`, `product_name`, `small`, `fibuLight`, `fibuPremium`, `app`, `appLight`, `testMode`, `ranking`, `created_at`, `updated_at`) VALUES
(1, '6273b2bdbc622b258ac8b8e9', 'Vereinsverwaltung TESTEN', 'false', 'false', 'false', 'false', 'false', 'true', 1, '2023-06-13 11:09:45', '2023-12-27 14:09:58'),
(2, '624d591bc926ef3dec5f5722', 'Vereinsverwaltung SMALL', 'true', 'false', 'false', 'false', 'false', 'false', 2, '2023-06-13 11:10:03', '2023-12-27 14:10:50'),
(3, '624d5901c926ef3dec5f56d2', 'Vereinsverwaltung', 'false', 'false', 'false', 'false', 'false', 'false', 3, '2023-06-13 11:11:38', '2023-12-27 14:11:07'),
(4, '648040036051424d14298576', 'Vereinsverwaltung + App Light', 'false', 'false', 'false', 'false', 'true', 'false', 4, '2023-06-13 11:12:13', '2023-12-27 14:11:23'),
(5, '648040316051424d142986bc', 'Vereinsverwaltung + verein.cloud®', 'false', 'false', 'false', 'true', 'false', 'false', 5, '2023-06-13 11:12:34', '2023-12-27 14:11:44'),
(8, '63e0b88dc84ad323253cc9fb', 'Finanzbuchhaltung', 'false', 'false', 'true', 'false', 'false', 'false', 0, '2023-07-14 11:57:39', NULL);

-- --------------------------------------------------------

--
-- Table structure for table `product_components`
--

CREATE TABLE `product_components` (
  `id` int(10) UNSIGNED NOT NULL,
  `cuid` int(11) NOT NULL DEFAULT 0,
  `name` varchar(255) NOT NULL,
  `description` varchar(255) NOT NULL,
  `created_at` varchar(32) NOT NULL DEFAULT '0',
  `modified_at` varchar(32) NOT NULL DEFAULT '0'
) ENGINE=InnoDB DEFAULT CHARSET=utf8mb4;

-- --------------------------------------------------------

--
-- Table structure for table `product_details`
--

CREATE TABLE `product_details` (
  `id` int(10) UNSIGNED NOT NULL,
  `cuid` int(11) NOT NULL,
  `pid` int(11) NOT NULL,
  `data` varchar(255) NOT NULL,
  `status` tinyint(1) NOT NULL DEFAULT 1,
  `created_at` varchar(32) NOT NULL DEFAULT '0',
  `modified_at` varchar(32) NOT NULL DEFAULT '0'
) ENGINE=InnoDB DEFAULT CHARSET=utf8mb4;

-- --------------------------------------------------------

--
-- Table structure for table `product_display`
--

CREATE TABLE `product_display` (
  `id` int(10) UNSIGNED NOT NULL,
  `product_id` varchar(255) NOT NULL
) ENGINE=InnoDB DEFAULT CHARSET=utf8mb4;

--
-- Dumping data for table `product_display`
--

INSERT INTO `product_display` (`id`, `product_id`) VALUES
(221, '624d591bc926ef3dec5f5722'),
(222, '624d5a12ed3240ead946f292'),
(223, '624d5901c926ef3dec5f56d2'),
(224, '648040036051424d14298576'),
(225, '648040316051424d142986bc');

-- --------------------------------------------------------

--
-- Table structure for table `product_to_distributor`
--

CREATE TABLE `product_to_distributor` (
  `id` int(10) UNSIGNED NOT NULL,
  `pid` int(11) NOT NULL DEFAULT 0,
  `distributor_id` int(11) NOT NULL DEFAULT 0
) ENGINE=InnoDB DEFAULT CHARSET=utf8mb4;

-- --------------------------------------------------------

--
-- Table structure for table `product_to_sales`
--

CREATE TABLE `product_to_sales` (
  `id` int(10) UNSIGNED NOT NULL,
  `pid` int(11) NOT NULL DEFAULT 0,
  `sales_id` int(11) NOT NULL DEFAULT 0
) ENGINE=InnoDB DEFAULT CHARSET=utf8mb4;

-- --------------------------------------------------------

--
-- Table structure for table `role`
--

CREATE TABLE `role` (
  `rid` int(10) UNSIGNED NOT NULL,
  `cat_id` int(11) DEFAULT NULL,
  `name` varchar(64) NOT NULL,
  `weight` int(11) NOT NULL DEFAULT 0,
  `description` varchar(255) DEFAULT NULL
) ENGINE=InnoDB DEFAULT CHARSET=utf8mb4;

--
-- Dumping data for table `role`
--

INSERT INTO `role` (`rid`, `cat_id`, `name`, `weight`, `description`) VALUES
(1, 1, 'Administrator', 0, 'Dies ist die Administrationsrolle der Tineon AG.'),
(2, 3, 'Sales-Administrator', 0, 'Verkaufsleiter Rolle der Tineon AG. test'),
(3, 2, 'Support admin', 0, 'Support-Admin f&#252;r das Support Team.'),
(4, 3, 'Support manager', 0, 'Support-Mitarbeiter der Tineon AG.'),
(6, 5, 'Sales Partner', 4, 'Vertriebspartner der Tineon AG.&#160;'),
(8, 4, 'Customer', 4, 'Kunde&#160; &#160;der Tineon AG.'),
(16, 4, 'SPG-Wechsler', 4, 'Rolle SPG-Wechsler. Zugang zu Sonderkonditionen.'),
(29, 0, 'Super-Admin', 0, 'Super-Admin der Tineon AG.&#160;'),
(30, 2, 'Employee', 0, 'Test description for the role is 32 character 50 m'),
(48, 1, 'test1', 0, 'descriptionxcxcdfsdsdfrefdggdhgjj'),
(49, 6, 'CRM Admin', 0, ''),
(50, 7, 'MV-Admin', 0, 'This role is for member management section'),
(51, 6, 'CRM-User', 0, 'CRM user can only view his profile,club data'),
(52, 6, 'CRM-Customer', 0, 'role have permission to purchase product for club'),
(53, 7, 'MV-User', 0, '');

-- --------------------------------------------------------

--
-- Table structure for table `role_category`
--

CREATE TABLE `role_category` (
  `id` int(10) UNSIGNED NOT NULL,
  `category_name` varchar(255) NOT NULL,
  `created_at` timestamp NULL DEFAULT NULL,
  `modified_at` varchar(255) DEFAULT NULL
) ENGINE=InnoDB DEFAULT CHARSET=utf8mb4;

--
-- Dumping data for table `role_category`
--

INSERT INTO `role_category` (`id`, `category_name`, `created_at`, `modified_at`) VALUES
(1, 'Tineon Admin', '2022-09-27 21:13:40', NULL),
(2, 'Tineon Employees', '2022-09-27 21:13:40', NULL),
(3, 'Support Manager', '2022-09-27 21:13:40', NULL),
(4, 'Customer', '2022-09-27 21:13:40', NULL),
(5, 'Sales Partner', '2022-09-27 21:13:40', NULL),
(6, 'CRM', NULL, NULL),
(7, 'Member', NULL, NULL);



--
-- Dumping data for table `role_permission`
--

INSERT INTO `role_permission` (`id`, `rid`, `permission`, `module`) VALUES
(2, 3, 'ADD', 'product'),
(3, 3, 'VIEW', 'product'),
(4, 3, 'ADD', 'customerAssign'),
(5, 3, 'VIEW', 'customerAssign'),
(6, 4, 'ADD', 'customerAssign'),
(7, 4, 'VIEW', 'customerAssign'),
(8, 6, 'ADD', 'customerAssign'),
(9, 6, 'VIEW', 'customerAssign'),
(11, 6, 'ADD', 'product'),
(12, 6, 'VIEW', 'product'),
(13, 6, 'EDIT', 'product'),
(14, 2, 'ADD', 'productAssign'),
(15, 2, 'VIEW', 'productAssign'),
(16, 2, 'ADD', 'user'),
(17, 2, 'VIEW', 'user'),
(18, 2, 'EDIT', 'user'),
(19, 2, 'DELETE', 'user'),
(20, 2, 'ADD', 'staticWebPage'),
(21, 2, 'VIEW', 'staticWebPage'),
(22, 1, 'ADD', 'role'),
(23, 1, 'VIEW', 'role'),
(24, 1, 'EDIT', 'role'),
(25, 1, 'DELETE', 'role'),
(26, 2, 'VIEW', 'news'),
(27, 3, 'VIEW', 'news'),
(28, 1, 'ADD', 'staticWebPage'),
(29, 1, 'VIEW', 'staticWebPage'),
(30, 1, 'ADD', 'customerAssign'),
(31, 2, 'ADD', 'role'),
(32, 2, 'VIEW', 'role'),
(33, 2, 'EDIT', 'role'),
(34, 2, 'DELETE', 'role'),
(35, 29, 'ADD', 'user'),
(36, 29, 'VIEW', 'user'),
(37, 29, 'EDIT', 'user'),
(38, 29, 'DELETE', 'user'),
(39, 3, 'ADD', 'user'),
(40, 3, 'VIEW', 'user'),
(41, 3, 'EDIT', 'user'),
(42, 3, 'DELETE', 'user'),
(43, 4, 'ADD', 'user'),
(44, 4, 'VIEW', 'user'),
(45, 4, 'EDIT', 'user'),
(48, 8, 'VIEW', 'news'),
(49, 1, 'ADD', 'user'),
(50, 1, 'VIEW', 'user'),
(52, 1, 'VIEW', 'news'),
(53, 1, 'ADD', 'news'),
(54, 1, 'EDIT', 'news'),
(55, 1, 'DELETE', 'news'),
(56, 4, 'ADD', 'user'),
(57, 2, 'VIEW', 'domain'),
(58, 30, 'VIEW', 'news'),
(59, 8, 'VIEW', 'staticWebPage'),
(60, 49, 'ADD', 'crmClubUser'),
(61, 49, 'VIEW', 'crmClubUser'),
(62, 49, 'EDIT', 'crmClubUser'),
(63, 49, 'DELETE', 'crmClubUser');

-- --------------------------------------------------------

--
-- Table structure for table `SalesPartner_club_settings`
--

CREATE TABLE `SalesPartner_club_settings` (
  `id` int(10) UNSIGNED NOT NULL,
  `sales_partner_id` int(11) NOT NULL,
  `sales_partner_mail` varchar(255) NOT NULL,
  `wording` int(11) DEFAULT NULL,
  `mobile_theme` varchar(255) DEFAULT NULL,
  `design_id` int(11) DEFAULT NULL,
  `created_at` datetime NOT NULL DEFAULT current_timestamp(),
  `updated_at` datetime DEFAULT NULL ON UPDATE current_timestamp()
) ENGINE=InnoDB DEFAULT CHARSET=utf8mb4;

--
-- Dumping data for table `SalesPartner_club_settings`
--

INSERT INTO `SalesPartner_club_settings` (`id`, `sales_partner_id`, `sales_partner_mail`, `wording`, `mobile_theme`, `design_id`, `created_at`, `updated_at`) VALUES
(1, 12929, 'tineonDirektvertrieb@yopmail.com', 1, 'mobile-red', 2, '2024-09-02 11:05:54', '2024-09-04 10:06:31'),
(2, 40952, 'test_md2@yopmail.com', 0, 'mobile-green', NULL, '2024-09-03 16:11:02', NULL),
(3, 41573, 'hbshifat30@gmail.com', 0, 'mobile-green', NULL, '2024-09-03 16:11:02', NULL),
(4, 12932, '', 0, 'mobile-green', NULL, '2024-09-03 16:13:04', NULL),
(5, 14369, '', 0, 'mobile-green', NULL, '2024-09-03 16:13:07', NULL);

-- --------------------------------------------------------

--
-- Table structure for table `sales_partner_commission`
--

CREATE TABLE `sales_partner_commission` (
  `id` int(10) UNSIGNED NOT NULL,
  `sales_partner_id` int(11) NOT NULL,
  `product_id` varchar(264) NOT NULL,
  `commission_amount_type` varchar(255) NOT NULL,
  `commission_amount` int(11) NOT NULL,
  `commission_duration_type` varchar(255) NOT NULL,
  `start_date` datetime NOT NULL,
  `created_at` timestamp NOT NULL DEFAULT current_timestamp(),
  `modified_at` datetime DEFAULT NULL ON UPDATE current_timestamp()
) ENGINE=InnoDB DEFAULT CHARSET=utf8mb4;

--
-- Dumping data for table `sales_partner_commission`
--

INSERT INTO `sales_partner_commission` (`id`, `sales_partner_id`, `product_id`, `commission_amount_type`, `commission_amount`, `commission_duration_type`, `start_date`, `created_at`, `modified_at`) VALUES
(16, 11746, '648040036051424d14298576', 'EUR', 15, 'Monthly', '2023-07-09 00:00:00', '2023-07-24 08:26:53', NULL),
(17, 11746, '627e0ed067470c267a3302ec', '%', 99, 'Monthly', '2023-07-09 00:00:00', '2023-07-24 08:26:53', NULL),
(40, 40329, '627e0f43da3431a885f98437', 'EUR', 6, 'Quarterly', '2023-09-26 00:00:00', '2023-09-26 08:38:53', NULL),
(109, 40338, '64df7e2d9847f0e0e3625516', 'EUR', 500, 'Monthly', '2023-09-14 00:00:00', '2023-09-27 10:15:23', NULL),
(112, 40337, '648040036051424d14298576', 'EUR', 12, 'Monthly', '2023-08-25 00:00:00', '2023-09-28 11:27:30', NULL),
(113, 40337, '627e0f43da3431a885f98437', '%', 5, 'Monthly', '2023-08-25 00:00:00', '2023-09-28 11:27:30', NULL),
(114, 40434, '624d5901c926ef3dec5f56d2', 'EUR', 1, 'Monthly', '2023-09-10 00:00:00', '2023-10-05 05:03:45', NULL),
(115, 40434, '627e0ed067470c267a3302ec', 'EUR', 1, 'Monthly', '2023-09-10 00:00:00', '2023-10-05 05:03:45', NULL);

-- --------------------------------------------------------

--
-- Table structure for table `static_pages`
--

CREATE TABLE `static_pages` (
  `id` int(10) UNSIGNED NOT NULL,
  `uid` int(11) NOT NULL,
  `title` varchar(32) NOT NULL,
  `content` longtext NOT NULL,
  `url` varchar(254) NOT NULL,
  `created` varchar(254) DEFAULT '0',
  `modified` varchar(254) DEFAULT NULL,
  `status` tinyint(4) DEFAULT NULL,
  `image` varchar(254) DEFAULT NULL,
  `video` varchar(254) DEFAULT NULL,
  `type` varchar(32) DEFAULT NULL,
  `is_converted` int(11) NOT NULL DEFAULT 0
) ENGINE=InnoDB DEFAULT CHARSET=utf8mb4;

--
-- Dumping data for table `static_pages`
--

INSERT INTO `static_pages` (`id`, `uid`, `title`, `content`, `url`, `created`, `modified`, `status`, `image`, `video`, `type`, `is_converted`) VALUES
(2, 1, 'Impressum', '<p><span>Tineon AG</span></p><p>Sitz der Gesellschaft:<br>Uferpromenade 5, D-88709 Meersburg</p><p>Internet:&#160;<a href=\"http://www.tineon.de/\">www.tineon.de&#160;</a><br>E-Mail:&#160;<a href=\"mailto:info@tineon.de\">info@tineon.de</a></p><p>Eingetragen im Handelsregister<br>Amtsgericht Freiburg i.Br., HRB 706986</p><p>Umsatzsteuer-Identifikationsnummer:<br>DE 203 912 818</p><p><span>Aufsichtsrat:</span><span>Hans-Peter Haubold&#160;(Vorsitzender),&#160;Frank Sattler, Robert Baur, Torsten Bonikowski, Prof. Dr. Dirk Mazurkiewicz</span></p><p class=\"MsoNormal\"><span></span></p><p><br></p><p><span>Vertretungsberechtigt:</span><br>Jean-Claude Parent, Vorstand</p><p>S-Verein ist ein OPDV-zertifizierter Software-as-a-Service-Dienst der Kooperationspartner Tineon AG und Sparkassen-Finanzportal GmbH. &#169;2018 - S-Verein ist eine eingetragene Marke des DSGV-Deutscher Sparkassen- und Giroverband.</p><p><span>Foto-Quellen:</span><br>Wir bedanken uns bei&#160;<a href=\"http://www.fotolia.de/\">www.fotolia.de</a></p><p><span>Rechtshinweis:</span><br>Alle in unseren Internetseiten enthaltenen Angaben und Informationen wurden von der Tineon AG oder Dritten sorgf&#228;ltig recherchiert und gepr&#252;ft. F&#252;r Richtigkeit, Vollst&#228;ndigkeit und Aktualit&#228;t k&#246;nnen weder die Tineon AG, noch dritte Lieferanten die Haftung &#252;bernehmen. Im &#252;brigen ist die Haftung auf Vorsatz oder grobe Fahrl&#228;ssigkeit beschr&#228;nkt.</p><p>F&#252;r Internetseiten Dritter, auf die die auf S-Verein oder auf die Tineon AG durch Hyperlink verweisen, tragen die jeweiligen Anbieter die Verantwortung. Die Tineon AG ist f&#252;r den Inhalt solcher Seiten Dritter nicht verantwortlich.</p><p>Des weiteren kann die Web-Seite von S-Verein oder der Tineon AG ohne unser Wissen von einer anderen Web-Seite mittels Hyperlink angelinkt worden sein. Die Tineon AG &#252;bernimmt keine Verantwortung f&#252;r Darstellungen, Inhalt oder irgendeine Verbindung zu S-Verein oder zur Tineon AG in Web-Seiten Dritter. Au&#223;erdem beh&#228;lt sich die Tineon AG das Recht vor, &#196;nderungen oder Erg&#228;nzungen der bereitgestellten Informationen vorzunehmen.</p><p>Inhalt und Struktur der Web-Seite von S-Verein oder der Tineon AG sind urheberrechtlich gesch&#252;tzt. Die Vervielf&#228;ltigung von Inhalten oder Daten, insbesondere die Verwendung von Texten, Textteilen oder Bildmaterial bedarf der ausdr&#252;cklichen vorherigen Zustimmung der Tineon AG.</p><p>Angabe gem&#228;&#223; &#167; 6 Anbieterkennzeichnung des TDG (Teledienstgesetz)</p>', 'imprint', '1669202886676', '1707733350333', 1, 'https://minio.staging.verein.cloud/tineon/Leipzig/2022/November/Images/v-logo.png', NULL, 'imprint', 1);
INSERT INTO `static_pages` (`id`, `uid`, `title`, `content`, `url`, `created`, `modified`, `status`, `image`, `video`, `type`, `is_converted`) VALUES
(3, 1, 'AGBs', '<div><div>Vertragsbedingungen f&#252;r die Nutzung einer Vereins-Pr&#228;senz auf S-Verein und der&#160;</div><div>verein.cloud-Plattform</div><div><br></div><div>&#220;bersicht</div><div><br></div><div>Vorbemerkung</div><div>1.&#160;Geltungsbereich, Vertragspartner und Allgemeines&#160;</div><div>2.&#160;Rangfolge&#160;</div><div>3.&#160;Zustandekommen des Vertrags&#160;</div><div>4.&#160;Vertragsgegenstand und Leistungsumfang&#160;</div><div>5.&#160;Drittanbieter&#160;</div><div>6.&#160;Verf&#252;gbarkeit der Vereins-Pr&#228;senz auf den Plattformen&#160;</div><div>7.&#160;Grunds&#228;tze der Leistungserbringung&#160;</div><div>8.&#160;Pflichten des Vereins und Freistellung&#160;</div><div>9.&#160;Vertragswidrige Nutzung&#160;</div><div>10.&#160;Subunternehmer&#160;</div><div>11.&#160;Nutzungsrechte&#160;</div><div>12.&#160;Verg&#252;tung</div><div>13.&#160;M&#228;ngelhaftung, Rechte Dritter&#160;</div><div>14.&#160;Haftung</div><div>15.&#160;Verj&#228;hrung</div><div>16.&#160;Geheimhaltung</div><div>17.&#160;Datenschutz und Datensicherheit&#160;</div><div>18.&#160;Laufzeit und Vertragsbeendigung&#160;</div><div>19.&#160;Schlussbestimmungen&#160;</div><div><br></div><div>Vorbemerkung</div><div>Die&#160;Tineon AG, Uferpromenade 5, 88709 Meersburg, Deutschland (nachfolgend &#8222;Tineon&#8220;)&#160;</div><div>betreibt Software-as-a-Service (SaaS)-L&#246;sungen, welche sich vorrangig an Vereine,&#160;</div><div>Verb&#228;nde, Vereinigungen und Gruppen richten.&#160;</div><div><br></div><div>Unter der Marke S-Verein bietet Tineon eine SaaS-L&#246;sung mit digitalen Services zur&#160;</div><div>Vereins-, Mitglieder- Beitrags- und Spendenverwaltung (nachfolgend &#8222;S-Verein&#8220;) an.&#160;</div><div><br></div><div>Daneben bietet Tineon die mit der Vereinsverwaltung in S-Verein verbundene SaaS-</div><div>Plattform verein.cloud&#174; (nachfolgend &#8222;verein.cloud-Plattform&#8220;) an. Eine Nutzung der&#160;</div><div>verein.cloud-Plattform ist nur in Verbindung mit der Nutzung von S-Verein m&#246;glich.&#160;</div><div><br></div><div>Zur Nutzung von S-Verein sowie gegebenenfalls zus&#228;tzlich der verein.cloud-Plattform&#160;</div><div>(nachfolgend S-Verein und verein.cloud-Plattform auch einzeln &#8222;Plattform&#8220; oder gemeinsam&#160;</div><div>&#8222;Plattformen&#8220;) ist die Buchung eines entsprechenden Angebots erforderlich. Tineon bietet&#160;</div><div>verschiedene Angebote auf der jeweiligen Plattform mit jeweils unterschiedlich gro&#223;em&#160;</div><div>Funktionsumfang (nachfolgend einzeln oder gemeinsam &#8222;Produkt(e)&#8220;) zur Buchung an.</div><div><br></div><div>Zur Nutzung von S-Verein werden dabei die verschiedenen Produkte zur Vereinsverwaltung&#160;</div><div>&#8222;Small&#8220;, &#8222;Large&#8220; oder &#8222;Large/Starter App&#8220; zur Buchung angeboten.</div><div><br></div><div>Zur Nutzung der verein.cloud-Plattform k&#246;nnen die verschiedenen Produkte &#8222;Community-</div><div>Plattform&#8220; und/oder &#8222;Finanzbuchhaltung&#8220; jeweils gesondert gebucht werden. Die Produkte&#160;</div><div>zur Nutzung der verein.cloud-Plattform sind dabei modular (z.B. mit den einzelnen Modulen&#160;</div><div>&#8222;Starter Version&#8220;, &#8222;Vollversion&#8220;, &#8222;Spenden- und Crowdfunding-Modul&#8220;, etc.) aufgebaut.</div><div><br></div><div>Das Produkt &#8222;Community-Plattform&#8220; auf der verein.cloud-Plattform erschlie&#223;t mit mobilen und&#160;</div><div>multilingualen Applikationen die Mitglieder-, Fan-, Sponsoren- und F&#246;rderer-Community und&#160;</div><div>vernetzt sie mit- und untereinander. Mit ihr werden beispielsweise vereinsinterne Mitglieder-</div><div>ID, Information, Kommunikation, Organisation und das Ressourcen-Management unterst&#252;tzt.&#160;</div><div>Mit zus&#228;tzlichen Sponsoring- und Commerce-Modulen zum Produkt &#8222;Community-Plattform&#8220;&#160;</div><div>k&#246;nnen zudem gegebenen-falls neue Erl&#246;squellen erschlossen werden. Das Produkt&#160;</div><div>Finanzbuchhaltung unterst&#252;tzt Schatzmeister und Kassierer mit einer&#160;</div><div>Finanzverwaltungsfunktion mit hoher Individualisierbarkeit, einer automatisierten&#160;</div><div>Belegerfassung sowie Banking-Integration und kann diese somit entlasten.&#160;</div><div><br></div><div>Durch die Buchung eines Produkts wird f&#252;r den Vertragspartner von Tineon (nachfolgend&#160;</div><div>auch &#8222;Verein&#8220;) eine &#8222;Vereins-Pr&#228;senz&#8220; in S-Verein sowie je nach gebuchtem Produkt auch&#160;</div><div>auf der verein.cloud-Plattform eingerichtet, in welcher er Verein und Community verwalten&#160;</div><div>kann. Der Umfang der von der Vereins-Pr&#228;senz auf der oder den Plattform(en) jeweils&#160;</div><div>umfassten Funktionen und abrufbaren Inhalte richtet sich nach den jeweils gebuchten&#160;</div><div>Produkten. Der Verein kann im Fall der Buchung eines Produkts zur Vereinsverwaltung in S-</div><div>Verein sowie des Produkts &#8222;Community-Plattform&#8220;, nach der Einrichtung einer Vereins-</div><div>Pr&#228;senz seine Vereinsmitglieder, Sponsoren, Fans, etc. aus der S-Verein Vereinsverwaltung&#160;</div><div>in seine Vereins-Pr&#228;senz auf der verein.cloud-Plattform einladen.&#160;</div><div><br></div><div><br></div><div>1.&#160;Geltungsbereich, Vertragspartner und Allgemeines</div><div><br></div><div>1.1.&#160;Die nachfolgenden Vertragsbedingungen gelten f&#252;r alle Leistungen von Tineon, welche&#160;</div><div>diese gegen&#252;ber dem Vertragspartner im Zusammenhang mit den Plattformen,&#160;</div><div>abrufbar mittels Web-App im Internet unter www.s-verein.de erbringt.</div><div><br></div><div>1.2.&#160;Diese Vertragsbedingungen gelten, soweit sie sich nicht sinngem&#228;&#223; ausschlie&#223;lich auf&#160;</div><div>den Verein (als juristische Peron) beziehen und soweit rechtlich zul&#228;ssig und wirksam&#160;</div><div>(gegebenenfalls unter entsprechender Anwendung), zudem auch f&#252;r die tats&#228;chlichen&#160;</div><div>Nutzer des Vereins, welche f&#252;r den Verein handeln (nachfolgend &#8222;Nutzer&#8220;). F&#252;r Nutzer&#160;</div><div>k&#246;nnen sich neben diesen Vertragsbedingungen zus&#228;tzliche Bedingungen f&#252;r die&#160;</div><div>Nutzung der Vereins-Pr&#228;senz auf den Plattformen durch zus&#228;tzliche Vorgaben des&#160;</div><div>Vereins ergeben. Zus&#228;tzliche Bedingungen eines Vereins gelten ausschlie&#223;lich im&#160;</div><div>Verh&#228;ltnis zwischen dem Verein und seinen Nutzern. Das Verh&#228;ltnis zwischen dem&#160;</div><div>Verein, den Nutzern und Tineon gem&#228;&#223; den vorliegenden Vertragsbedingungen bleibt&#160;</div><div>von derartigen Regelungen unbeschadet.</div><div><br></div><div>1.3.&#160;F&#252;r die Nutzung der Vereins-Pr&#228;senz auf den Plattformen durch Vereinsmitglieder,&#160;</div><div>Verbandsmitglieder, Sponsoren, Fans, G&#246;nnern, Dienstleistern, etc. des Vereins&#160;</div><div>(nachfolgend insgesamt &#8222;Mitglieder&#8220;), gelten gesonderte Nutzungsbedingungen. Diese&#160;</div><div>Nutzungsbedingungen k&#246;nnen in der jeweils aktuellen Version unter www.s-</div><div>verein.de/nutzungsbedingungen eingesehen werden.&#160;</div><div><br></div><div>1.4.&#160;Vertragspartner von Tineon kann nur ein Unternehmer sein, der nicht als Verbraucher&#160;</div><div>handelt. Vereine gelten stets als Unternehmer und nicht als Verbraucher.&#160;</div><div>Vertragspartner von Tineon ist stets der Verein als Rechtssubjekt, nicht jedoch ein&#160;</div><div>einzelnes Mitglied desselben.</div><div>Unternehmer ist gem&#228;&#223; &#167; 14 BGB eine nat&#252;rliche oder juristische Person oder eine&#160;</div><div>rechtsf&#228;hige Personengesellschaft, die bei Abschluss eines Rechtsgesch&#228;fts in&#160;</div><div>Aus&#252;bung ihrer gewerblichen oder selbstst&#228;ndigen beruflichen T&#228;tigkeit handelt.&#160;</div><div>Unternehmer im Sinne dieser Vertragsbedingungen kann zudem auch eine juristische&#160;</div><div>Person des &#246;ffentlichen Rechts oder ein &#246;ffentlich-rechtliches Sonderverm&#246;gen sein.&#160;</div><div>Verbraucher ist jede nat&#252;rliche Person, die ein Rechtsgesch&#228;ft zu Zwecken abschlie&#223;t,&#160;</div><div>die gem&#228;&#223; &#167; 13 BGB &#252;berwiegend weder ihrer gewerblichen noch ihrer&#160;</div><div>selbstst&#228;ndigen beruflichen T&#228;tigkeit zugerechnet werden k&#246;nnen.</div><div><br></div><div>1.5.&#160;Tineon erbringt s&#228;mtliche Leistungen im Zusammenhang mit der Bereitstellung und der&#160;</div><div>Nutzung der Vereins-Pr&#228;senz auf der oder den Plattform(en), deren Funktionen&#160;</div><div>entsprechend dem oder den gebuchten Produkt(en) sowie der &#252;ber die Vereins-</div><div>Pr&#228;senz auf der jeweiligen Plattform abrufbaren Inhalte ausschlie&#223;lich nach Ma&#223;gabe&#160;</div><div>dieser Vertragsbedingungen. Abweichende, entgegenstehende oder erg&#228;nzende&#160;</div><div>Gesch&#228;ftsbedingungen des Vereins werden nicht Vertragsbestandteil, auch wenn&#160;</div><div>Tineon Leistungen erbringen sollte, ohne diesen ausdr&#252;cklich zu widersprechen, es sei&#160;</div><div>denn, Tineon hat ihrer Geltung ausdr&#252;cklich schriftlich zugestimmt. Aus&#160;</div><div>Praktikabilit&#228;tsgr&#252;nden ist der Verein berechtigt, weiterhin standardm&#228;&#223;ig auf seine&#160;</div><div>allgemeinen Gesch&#228;fts- oder Einkaufsbedingungen zu verweisen, ohne dass diese&#160;</div><div>hierdurch Geltung erlangen.</div><div><br></div><div>1.6.&#160;Tineon und der Verein (nachfolgend auch einzeln &#8222;Vertragspartei&#8220; oder gemeinsam&#160;</div><div>&#8222;Vertragsparteien&#8220;) sind sich einig, dass bei Auslegungszweifeln im Zusammenhang&#160;</div><div>mit der Erbringung von Leistungen nach diesen Vertragsbedingungen das Vorliegen&#160;</div><div>eines Dienstvertrages (&#167;&#167; 611 ff. BGB) angenommen werden soll.&#160;</div><div><br></div><div>1.7.&#160;Der Verein wird sicherstellen, dass seine Nutzer die Verpflichtungen aus diesen&#160;</div><div>Vertragsbedingungen einhalten und er wird seine Nutzer entsprechend verpflichten.&#160;</div><div>Der Verein wird zudem sicherstellen, dass seine Mitglieder die Nutzungsbedingungen&#160;</div><div>einhalten und er wird seine Nutzer entsprechend verpflichten.</div><div><br></div><div><br></div><div>2.&#160;Rangfolge</div><div><br></div><div>2.1.&#160;Die nachstehenden Dokumente bilden ein einheitliches Vertragswerk und gelten in&#160;</div><div>folgender, absteigender Rangfolge:</div><div><br></div><div>a)&#160;diese Vertragsbedingungen;</div><div>b)&#160;Anlage 1 zu diesen Vertragsbedingungen: Service Level Agreement (SLA).</div><div><br></div><div>2.2.&#160;Die Bestimmungen der zuerst genannten Dokumente haben bei Widerspr&#252;chen stets&#160;</div><div>Vorrang vor den zuletzt genannten. L&#252;cken werden durch die jeweils nachrangigen&#160;</div><div>Bestimmungen ausgef&#252;llt. Bei Dokumentenversionen in zeitlicher Reihenfolge hat das&#160;</div><div>j&#252;ngere Dokument Vorrang vor dem &#228;lteren Dokument gleicher Bezeichnung.&#160;</div><div>S&#228;mtliche Anlagen sind integraler Bestandteil der Vertragsbedingungen und bed&#252;rfen&#160;</div><div>im Falle einer nachtr&#228;glichen &#196;nderung oder Erg&#228;nzung jeweils einer Unterzeichnung&#160;</div><div>der ge&#228;nderten Passage(n) durch die Vertragsparteien.&#160;</div><div><br></div><div>2.3.&#160;M&#252;ndliche Zusagen von Tineon vor oder nach Abschluss dieser Vertragsbedingungen&#160;</div><div>sind rechtlich unverbindlich. Diese Vertragsbedingungen einschlie&#223;lich ihrer Anlagen&#160;</div><div>ersetzen &#8211; mit Wirkung f&#252;r die Zukunft &#8211; s&#228;mtliche bestehenden Vereinbarungen&#160;</div><div>zwischen den Vertragsparteien im Zusammenhang mit der Nutzung der Vereins-</div><div>Pr&#228;senz auf der oder den Plattform(en), deren Funktionen entsprechend dem oder den&#160;</div><div>gebuchten Produkt(en) sowie der &#252;ber die Vereins-Pr&#228;senz auf der jeweiligen Plattform&#160;</div><div>abrufbaren Inhalte.</div><div><br></div><div><br></div><div>3.&#160;Zustandekommen des Vertrags</div><div><br></div><div>3.1.&#160;Zur Nutzung der Vereins-Pr&#228;senz auf der oder den Plattform(en), deren Funktionen&#160;</div><div>entsprechend dem oder den gebuchten Produkt(en) sowie der &#252;ber die Vereins-</div><div>Pr&#228;senz auf der jeweiligen Plattform abrufbaren Inhalte ist der Abschluss eines&#160;</div><div>Vertrages zwischen dem Verein und Tineon erforderlich. Der Verein bzw. ein&#160;</div><div>entsprechend vertretungsberechtigter Nutzer des Vereins haben dabei die M&#246;glichkeit,&#160;</div><div>f&#252;r den Verein auf der Webseite www.s-verein.de eines von verschiedenen Produkten&#160;</div><div>zu buchen. Dazu ist das gew&#252;nschte Produkt auszuw&#228;hlen und ein entsprechendes&#160;</div><div>Bestellformular ist mit den Daten des Vereins (Name, Adresse, E-Mail-Adresse,&#160;</div><div>Zahlungsdaten, etc.) vollst&#228;ndig und wahrheitsgem&#228;&#223; auszuf&#252;llen und abzusenden.&#160;</div><div>Damit wird ein Angebot auf Abschluss eines Vertrages zu den hier vorliegenden&#160;</div><div>Vertragsbedingungen abgegeben.</div><div><br></div><div>3.2.&#160;Der Nutzer muss f&#252;r den Verein, f&#252;r den er t&#228;tig wird, vertretungsberechtigt sein und ist&#160;</div><div>zur vollst&#228;ndigen und wahrheitsgem&#228;&#223;en Angabe aller im Rahmen der Buchung&#160;</div><div>erforderlichen Daten verpflichtet.</div><div><br></div><div>3.3.&#160;Tineon pr&#252;ft die entsprechende Buchung des Vereins. Sodann geht dem Verein eine&#160;</div><div>Best&#228;tigungs-E-Mail (Buchungsbest&#228;tigung) mit seinen Zugangsdaten zu. Mit Zugang&#160;</div><div>der Buchungsbest&#228;tigung gilt der Vertrag als geschlossen.</div><div><br></div><div>3.4.&#160;Tineon wird den vollst&#228;ndigen Vertragstext nicht speichern. Vor Absenden der&#160;</div><div>Buchung k&#246;nnen die Vertragsdaten elektronisch gespeichert oder &#252;ber die&#160;</div><div>Druckfunktion des Browsers ausgedruckt werden. Nach der Buchung ist der&#160;</div><div>vollst&#228;ndige Vertragstext nicht mehr f&#252;r den Verein zug&#228;nglich. Diese&#160;</div><div>Vertragsbedingungen k&#246;nnen auf der jeweiligen Plattform jedoch jederzeit abgerufen&#160;</div><div>werden.</div><div><br></div><div>3.5.&#160;Vereine, die erstmalig ein Produkt buchen erhalten gegebenenfalls zun&#228;chst die&#160;</div><div>M&#246;glichkeit zu einer drei&#223;ig (30) t&#228;gigen, nicht verg&#252;tungspflichtigen Probenutzung des&#160;</div><div>gebuchten Produkts, beginnend mit der Buchungsbest&#228;tigung. In diesem Fall erfolgt&#160;</div><div>der Vertragsschluss ebenfalls entsprechend den in Ziffer 3.1 &#8211; 3.4 dieser&#160;</div><div>Vertragsbedingungen dargestellten Prozesse. Ein Anspruch auf eine nicht&#160;</div><div>verg&#252;tungspflichtige Probenutzung besteht nicht. Wird die Probenutzung nicht&#160;</div><div>innerhalb der drei&#223;ig (30) t&#228;gigen Vertragslaufzeit der Probenutzung gek&#252;ndigt,&#160;</div><div>schlie&#223;t sich an die Probenutzung unmittelbar die verg&#252;tungspflichtige Nutzung des&#160;</div><div>entsprechend gebuchten Produkts an.</div><div><br></div><div><br></div><div>4.&#160;Vertragsgegenstand und Leistungsumfang</div><div><br></div><div>4.1.&#160;Tineon erbringt auf Grundlage dieser Vertragsbedingungen gegen&#252;ber dem Verein im&#160;</div><div>Einzelnen die folgenden Leistungen:</div><div><br></div><div>a)&#160;Einrichtung und Bereitstellung einer Vereins-Pr&#228;senz auf S-Verein und bei&#160;</div><div>Buchung eines entsprechenden Produkts auch auf der verein.cloud-Plattform;&#160;</div><div><br></div><div>b)&#160;Einrichtung und Bereitstellung eines Zugangs f&#252;r den Verein bzw. seiner&#160;</div><div>tats&#228;chlichen Nutzer und Mitglieder zu der Vereins-Pr&#228;senz auf S-Verein und bei&#160;</div><div>Buchung eines entsprechenden Produkts auch zu der verein.cloud-Plattform;&#160;</div><div><br></div><div>c)&#160;Bereitstellung der von dem jeweils gebuchten Produkt umfassten Funktionen in&#160;</div><div>der Vereins-Pr&#228;senz auf der jeweiligen Plattform;</div><div><br></div><div>d)&#160;Nutzung der &#252;ber die Vereins-Pr&#228;senz auf S-Verein und bei Buchung eines&#160;</div><div>entsprechenden Produkts auch auf der verein.cloud-Plattform abrufbaren Inhalte&#160;</div><div>sowie Einr&#228;umung der hierzu erforderlichen Nutzungsrechte.</div><div><br></div><div>4.2.&#160;Der Zugang des Vereins zum Internet, der f&#252;r die Inanspruchnahme der Leistungen&#160;</div><div>zwingend erforderlich ist, ist nicht Gegenstand des diesen Vertragsbedingungen&#160;</div><div>zugrundeliegenden Vertragsverh&#228;ltnisses. Der Verein tr&#228;gt die alleinige Verantwortung&#160;</div><div>f&#252;r die Funktionsf&#228;higkeit seines Internetzugangs einschlie&#223;lich der &#220;bertragungswege&#160;</div><div>sowie seiner eigenen Rechner und Netzwerkeinrichtungen.&#160;</div><div><br></div><div>4.3.&#160;Nach der Buchung eines Produkts erh&#228;lt der Verein Zugangsdaten zu seiner Vereins-</div><div>Pr&#228;senz auf S-Verein und bei Buchung eines entsprechenden Produkts auch auf der&#160;</div><div>verein.cloud-Plattform. Der Verein kann in seiner Vereins-Pr&#228;senz auf der oder den&#160;</div><div>Plattform(en), beispielsweise seine Adress- und Kommunikationsdaten, sein Logo und&#160;</div><div>seine Social Media Links hinterlegen.</div><div>In seine Vereins-Pr&#228;senz auf der oder den Plattform(en) kann sich der Verein mittels&#160;</div><div>der erhaltenen Zugangsdaten einloggen. Die erhaltenen Zugangsdaten sind zur&#160;</div><div>Verwendung durch lediglich einen tats&#228;chlichen Nutzer des Vereins bestimmt&#160;</div><div>(nachfolgend &#8222;Nutzerzugang&#8220;). In seine Vereins-Pr&#228;senz auf der oder den&#160;</div><div>Plattform(en) kann der Verein bzw. sein/e Administrator/in nun weiteren Nutzern&#160;</div><div>Berechtigungen erteilen sowie seine Mitglieder (Rollenkonzept mit Admins,&#160;</div><div>Functionaries, Secretaries, Members, etc.) einladen.&#160;</div><div>Die weiteren eingeladenen Nutzer k&#246;nnen sich nach Erhalt der Einladung einen&#160;</div><div>eigenen individuellen Nutzerzugang auf die Vereins-Pr&#228;senz auf der oder den&#160;</div><div>Plattform(en) einrichten. Der vorstehende Satz gilt entsprechend f&#252;r die Mitglieder des&#160;</div><div>Vereins, die sich einen eigenen&#160;Mitgliederzugang&#160;auf der verein.cloud-Plattform&#160;</div><div>einrichten k&#246;nnen. Auf die Vereins-Pr&#228;senz eines Vereins auf den Plattformen haben&#160;</div><div>keine Nutzer und Mitglieder anderer Vereine oder andere Gesch&#228;ftspartner von Tineon&#160;</div><div>Zugriff.</div><div><br></div><div>4.4.&#160;Gem&#228;&#223; dem oder den entsprechend gebuchten Produkt(en) f&#252;r die Vereins-Pr&#228;senz&#160;</div><div>auf der oder den Plattform(en), erh&#228;lt der Verein f&#252;r die Laufzeit des jeweiligen&#160;</div><div>Produkts (nachfolgend auch &#8222;Vertragslaufzeit&#8220;) die vertraglich vereinbarten&#160;</div><div>Leistungen, die dem Verein im Rahmen der angebotenen Verf&#252;gbarkeit mittels der&#160;</div><div>Plattformen bereitgestellt werden. Die Buchung eines angebotenen, umfangreicheren&#160;</div><div>Produkts zur Nutzung von S-Verein ist jederzeit m&#246;glich.</div><div><br></div><div>4.5.&#160;Die unterschiedlichen, angebotenen Produkte enthalten verschiedene Funktionen wie&#160;</div><div>beispielsweise die Vereins-, Mitglieder- und Beitragsverwaltung, Informations-,&#160;</div><div>Kommunikations-, Interaktions- oder Chatfunktionen zwischen den Nutzer und/oder&#160;</div><div>Mitgliedern des Vereins (Community) zur Unterst&#252;tzung von Prozessen und Abl&#228;ufen,&#160;</div><div>der Organisation von Kursen, Events, Veranstaltungen jeder Art, der Organisation von&#160;</div><div>Terminen und Aufgaben, der Belegung/Vermietung von R&#228;umen, Pl&#228;tzen, der&#160;</div><div>Buchung von Trainern, Referenten oder &#220;bungsleitern, der Zuweisung von Aufgaben,&#160;</div><div>der Erstellung und Auswertung von Umfragen, einer Dokumentenablage u.v.m.. Eine&#160;</div><div>dynamische Kalenderfunktion verwaltet die jeweiligen Abteilungen, Gruppen, Termine&#160;</div><div>und Aufgaben je Mitglied. Dabei stellt Tineon dem Verein die Vereins-Pr&#228;senz auf der&#160;</div><div>oder den Plattform(en) mit den Funktionen entsprechend dem oder den gebuchten&#160;</div><div>Produkt(en) sowie der &#252;ber die Vereins-Pr&#228;senz auf der jeweiligen Plattform&#160;</div><div>abrufbaren Inhalten bereit.</div><div><br></div><div>4.6.&#160;Weiterhin erlaubt es eine Sponsoring-Funktion dem Verein zur Co-Finanzierung,&#160;</div><div>ausgew&#228;hlten Unternehmenssponsoren die Platzierung eines Logos, Banner-, Video-&#160;</div><div>oder Native Ads (Werbeanzeigen) in der jeweiligen Vereins-Pr&#228;senz auf der&#160;</div><div>verein.cloud-Plattform zu gestatten. F&#252;r den Einsatz und die konkrete Ausgestaltung&#160;</div><div>der entsprechenden Sponsoring-Funktion ist ausschlie&#223;lich der Verein verantwortlich.&#160;</div><div><br></div><div>4.7.&#160;Der Verein hat weiterhin die M&#246;glichkeit, Tineon damit zu beauftragen, f&#252;r den&#160;</div><div>jeweiligen Verein relevante, personalisierte Werbung situativ in seiner Vereins-Pr&#228;senz&#160;</div><div>auf der verein.cloud-Plattform zu platzieren. Weitere Details sind in einer gesondert&#160;</div><div>abzuschlie&#223;enden Vereinbarung zwischen dem Verein und Tineon zu regeln. F&#252;r die&#160;</div><div>Einholung entsprechender Zustimmungen seiner Mitglieder zur Anzeige von Werbung&#160;</div><div>ist der Verein verantwortlich.</div><div><br></div><div>4.8.&#160;Tineon ist berechtigt, ihre dem Verein bereitgestellten Leistungen, insbesondere die&#160;</div><div>Funktionen der einzelnen Produkte sowie die &#252;ber die Vereins-Pr&#228;senz auf der&#160;</div><div>jeweiligen Plattform abrufbaren Inhalte zu ver&#228;ndern, anzupassen und zu aktualisieren,&#160;</div><div>insbesondere bei technologischen Weiterentwicklungen, sofern dies zu keiner&#160;</div><div>wesentlichen Einschr&#228;nkung der vertraglich vereinbarten Leistungen f&#252;hrt, die&#160;</div><div>Erreichung des Vertragszwecks hierdurch nicht gef&#228;hrdet wird und die Anpassung f&#252;r&#160;</div><div>den Verein zumutbar ist. Der Verein wird, dem Charakter des Software-as-a-Service-</div><div>Modells entsprechend, jeweils den von Tineon zur Verf&#252;gung gestellten neusten&#160;</div><div>Versionsstand nutzen.</div><div><br></div><div>4.9.&#160;Tineon kann nach eigenem Ermessen die Erbringung von Leistungen aussetzen oder&#160;</div><div>Leistungen &#228;ndern, um geltendes Recht einzuhalten. Sollte Tineon aufgrund von&#160;</div><div>&#196;nderungen des geltenden Rechts nicht in der Lage sein, Leistungen weiterhin zu&#160;</div><div>erbringen, stellt dies hinsichtlich der betroffenen Leistungen einen wichtigen Grund zur&#160;</div><div>au&#223;erordentlichen K&#252;ndigung gem&#228;&#223; Ziffer 18.11 dieser Vertragsbedingungen f&#252;r&#160;</div><div>Tineon dar.&#160;</div><div><br></div><div>4.10.&#160;Sofern und soweit mit der Bereitstellung einer neuen Version einer beabsichtigten&#160;</div><div>&#196;nderung eine erhebliche Beschr&#228;nkung der Funktionen des vom Verein gebuchten&#160;</div><div>Produkts zur Nutzung seiner Vereins-Pr&#228;senz auf der oder den Plattform(en), der &#252;ber&#160;</div><div>die Vereins-Pr&#228;senz auf der jeweiligen Plattform abrufbaren Inhalte und/oder&#160;</div><div>wesentliche Einschr&#228;nkungen der sonstigen vertraglich vereinbarten Leistungen&#160;</div><div>einhergehen, wird Tineon dies dem Verein sp&#228;testens sechs (6) Wochen vor dem&#160;</div><div>Wirksamwerden einer solchen &#196;nderung schriftlich ank&#252;ndigen. Widerspricht der&#160;</div><div>Verein der &#196;nderung nicht schriftlich innerhalb einer Frist von vier (4) Wochen ab&#160;</div><div>Zugang der &#196;nderungsmitteilung, wird die &#196;nderung Vertragsbestandteil. Tineon wird&#160;</div><div>den Verein bei jeder Ank&#252;ndigung von &#196;nderungen auf die vorgenannte Frist und die&#160;</div><div>Rechtsfolgen ihres Verstreichens bei Nichtwahrnehmung der Widerspruchsm&#246;glichkeit&#160;</div><div>aufmerksam machen.&#160;</div><div><br></div><div><br></div><div>5.&#160;Drittanbieter</div><div><br></div><div>5.1.&#160;Tineon stellt die Plattformen als SaaS-Dienste innerhalb einer von Tineon unter der&#160;</div><div>Verwendung von Leistungen von Drittanbietern verwalteten Infrastruktur bereit. Tineon&#160;</div><div>betont ausdr&#252;cklich, dass in solchen F&#228;llen die jeweiligen Nutzungsbedingungen,&#160;</div><div>Gesch&#228;ftsbedingungen oder Lizenzbedingungen dieser Drittanbieter Anwendung&#160;</div><div>finden. Der Nutzer erkennt diese an, sobald er eine Vereins-Pr&#228;senz auf der jeweiligen&#160;</div><div>Plattform bucht. Auf entsprechende Anforderung stellt Tineon dem Verein die&#160;</div><div>Nutzungsbedingungen der Drittanbieter zur Verf&#252;gung.</div><div><br></div><div>5.2.&#160;Die Nutzer und Mitglieder sind verpflichtet, die Nutzungsbedingungen und&#160;</div><div>Gesch&#228;ftsbedingungen der Drittanbieter zu beachten und einzuhalten. Bei Verst&#246;&#223;en&#160;</div><div>gegen diese Bedingungen beh&#228;lt sich Tineon vor, geeignete Ma&#223;nahmen gegen&#160;</div><div>Verst&#246;&#223;e zu ergreifen, insbesondere die Aussetzung oder Beendigung der&#160;</div><div>Bereitstellung der Vereins-Pr&#228;senz auf der oder den Plattform(en), deren Funktionen&#160;</div><div>entsprechend dem oder den gebuchten Produkt(en) sowie der &#252;ber die Vereins-</div><div>Pr&#228;senz auf der jeweiligen Plattform abrufbaren Inhalte f&#252;r die entsprechenden Nutzer&#160;</div><div>oder Verein.&#160;</div><div><br></div><div><br></div><div>6.&#160;Verf&#252;gbarkeit der Vereins-Pr&#228;senz auf den Plattformen</div><div><br></div><div>6.1.&#160;Einzelheiten zur Verf&#252;gbarkeit der Vereins-Pr&#228;senz auf den jeweiligen Plattformen&#160;</div><div>ergeben sich aus dem Service Level Agreement/SLA, das als Anlage 1 zu diesen&#160;</div><div>Vertragsbedingungen beigef&#252;gt ist.</div><div><br></div><div>6.2.&#160;Die Vereins-Pr&#228;senz auf der oder den Plattform(en), deren Funktionen entsprechend&#160;</div><div>dem oder den gebuchten Produkt(en) sowie der &#252;ber die Vereins-Pr&#228;senz auf der&#160;</div><div>jeweiligen Plattform abrufbaren Inhalte sind mit den g&#228;ngigen Browsern in der jeweils&#160;</div><div>aktuellen Version unter Verwendung der Web-App zug&#228;nglich. Zudem ist&#160;</div><div>gegebenenfalls eine im Nutzungsumfang gegebenenfalls geringf&#252;gig eingeschr&#228;nkte&#160;</div><div>Nutzung per App m&#246;glich. Eine Kompatibilit&#228;t mit anderen Software-Produkten ist nicht&#160;</div><div>gegeben.</div><div><br></div><div><br></div><div>7.&#160;Grunds&#228;tze der Leistungserbringung</div><div><br></div><div>7.1.&#160;Tineon erbringt s&#228;mtliche Leistungen unter Ber&#252;cksichtigung des zum Zeitpunkt des&#160;</div><div>Vertragsschlusses anerkannten Standes der Technik. Tineon f&#252;hrt alle von ihr zu&#160;</div><div>erbringenden Leistungen sorgf&#228;ltig und durch fachlich qualifizierte Mitarbeiter von&#160;</div><div>Tineon sowie gegebenenfalls Subunternehmen aus.</div><div><br></div><div>7.2.&#160;F&#252;r Drittprodukte oder -leistungen, die Tineon dem Verein (mit-)&#252;berl&#228;sst oder als&#160;</div><div>Inhalte &#252;ber die Vereins-Pr&#228;senz auf der oder den Plattform(en) anbietet (z.B. als&#160;</div><div>Stand-Alone-Produkt oder im Bundle mit eigenen Leistungen) oder auf die Tineon bei&#160;</div><div>der Erf&#252;llung ihrer Vertragspflichten zur&#252;ckgreift, gelten vorrangig die Vertrags- und&#160;</div><div>Lizenzbedingungen des jeweiligen Herstellers bzw. Lieferanten des Drittprodukts (auch&#160;</div><div>bei Open-Source-Software), hilfsweise und erg&#228;nzend gelten die Regelungen dieser&#160;</div><div>Vertragsbedingungen. Sofern Tineon im Einzelfall als Vermittlerin von Drittprodukten&#160;</div><div>auftritt, kommt ein Vertrag unmittelbar zwischen dem Verein und dem Hersteller bzw.&#160;</div><div>Lieferanten des Drittprodukts zustande; hierauf wird Tineon den Verein hinweisen. Die&#160;</div><div>Regelungen in Ziffer 5 dieser Vertragsbedingungen bleiben unber&#252;hrt.</div><div><br></div><div>7.3.&#160;Die im Rahmen dieser Vertragsbedingungen erbrachten Leistungen sind nur f&#252;r die&#160;</div><div>eigene gesch&#228;ftliche Verwendung durch den Verein bestimmt.</div><div><br></div><div>7.4.&#160;Bei h&#246;herer Gewalt (z. B. Mobilmachung, Krieg, Terrorakte, Aufruhr, Erdbeben,&#160;</div><div>Gewitter, Naturereignisse, Blockaden, Epidemien, Pandemien oder sonstige&#160;</div><div>unvorhersehbare, unvermeidliche und au&#223;ergew&#246;hnliche Ereignisse), Arbeitskampf&#160;</div><div>oder anderen Betriebsst&#246;rungen, Strom- oder Netzausf&#228;llen, Ausfall anderer&#160;</div><div>Versorgungs- oder Telekommunikationsnetze, Embargos, Unruhen, Ma&#223;nahmen und&#160;</div><div>Anordnungen von Regierungen sowie gesetzlich oder beh&#246;rdlich veranlassten&#160;</div><div>Ma&#223;nahmen im Zusammenhang mit der durch die Weltgesundheitsorganisation am&#160;</div><div>12.03.2020 als Pandemie eingestuften Coronavirus SARS-CoV-2-Pandemie (z. B.&#160;</div><div>Massenquarant&#228;nen/ Lockdowns, Ausgangs- und Versammlungsverbote, etc.), welche&#160;</div><div>die Leistungserbringung von Tineon st&#246;ren, ist Tineon von der Einhaltung von Fristen&#160;</div><div>und Terminen bzw. der Leistungserbringung bis zur Beseitigung des Hindernisses&#160;</div><div>befreit. Soweit Tineon die Leistungserbringung insbesondere aufgrund vorstehender&#160;</div><div>Ereignisse nicht nur f&#252;r einen vor&#252;bergehenden Zeitraum wesentlich erschwert ist, ist&#160;</div><div>Tineon zur au&#223;erordentlichen K&#252;ndigung des Vertrages berechtigt. Das Gleiche gilt f&#252;r&#160;</div><div>den Verein, wenn ihm die Inanspruchnahme der Leistungen infolge der Verz&#246;gerung&#160;</div><div>durch diese Ereignisse nicht zugemutet werden kann.</div><div><br></div><div><br></div><div>8.&#160;Pflichten des Vereins und Freistellung&#160;</div><div><br></div><div>8.1.&#160;Der Verein wird Tineon im erforderlichen Umfang bei der Erbringung der&#160;</div><div>vertragsgegenst&#228;ndlichen Leistungen unterst&#252;tzen und s&#228;mtliche gegebenenfalls&#160;</div><div>erforderlichen Beistellungs- und Mitwirkungspflichten rechtzeitig und vollst&#228;ndig&#160;</div><div>erf&#252;llen.</div><div><br></div><div>8.2.&#160;Der Verein hat sich &#252;ber die wesentlichen Funktionen einer Vereins-Pr&#228;senz auf der&#160;</div><div>jeweiligen Plattform, deren Funktionen entsprechend dem oder den gebuchten&#160;</div><div>Produkt(en) sowie der &#252;ber die Vereins-Pr&#228;senz auf der jeweiligen Plattform&#160;</div><div>abrufbaren Inhalte informiert und pr&#252;ft in eigener Verantwortung deren Geeignetheit&#160;</div><div>und Verwertbarkeit f&#252;r die Erreichung des gew&#252;nschten Zwecks.</div><div><br></div><div>8.3.&#160;Der Verein ist daf&#252;r verantwortlich, dass die f&#252;r die vertragsgem&#228;&#223;e Nutzung der&#160;</div><div>Vereins-Pr&#228;senz auf der oder den Plattform(en), deren Funktionen entsprechend dem&#160;</div><div>oder den gebuchten Produkt(en) sowie der &#252;ber die Vereins-Pr&#228;senz auf der jeweiligen&#160;</div><div>Plattform abrufbaren Inhalte erforderlichen technischen Mindestanforderungen an die&#160;</div><div>von ihm eingesetzte Hard- und Software sowie seine Datenfernverbindung erf&#252;llt sind.&#160;</div><div>Der Verein ist selbst f&#252;r die Beschaffung eines geeigneten Internet-Browsers oder der&#160;</div><div>entsprechenden App verantwortlich, mit denen auf die Vereins-Pr&#228;senz auf der oder&#160;</div><div>den Plattform(en), deren Funktionen entsprechend dem oder den gebuchten&#160;</div><div>Produkt(en) sowie der &#252;ber die Vereins-Pr&#228;senz auf der jeweiligen Plattform&#160;</div><div>abrufbaren Inhalte zugegriffen werden kann. Der Zugriff setzt voraus, dass der Verein&#160;</div><div>die Sicherheitseinstellungen nach den Vorgaben von Tineon vornimmt (z.B. das&#160;</div><div>Setzen von Cookies erlauben) und den Browser und Betriebssysteme der aufrufenden&#160;</div><div>Rechner und sonstiger Endger&#228;te auf dem jeweils technisch aktuellen Stand h&#228;lt;&#160;</div><div>Tineon beh&#228;lt sich das Recht vor, die Vereins-Pr&#228;senz auf der oder den Plattform(en),&#160;</div><div>deren Funktionen entsprechend dem oder den gebuchten Produkt(en) sowie der &#252;ber&#160;</div><div>die Vereins-Pr&#228;senz auf der jeweiligen Plattform abrufbaren Inhalte f&#252;r einen&#160;</div><div>bestimmten Browser zu optimieren. Der Verein darf keine Software oder anderen&#160;</div><div>technischen Einrichtungen verwenden, die das Funktionieren der Vereins-Pr&#228;senz auf&#160;</div><div>der oder den Plattform(en), deren Funktionen entsprechend dem oder den gebuchten&#160;</div><div>Produkt(en) sowie der &#252;ber die Vereins-Pr&#228;senz auf der jeweiligen Plattform&#160;</div><div>abrufbaren Inhalte gef&#228;hrden k&#246;nnen.</div><div><br></div><div>8.4.&#160;Dem Verein ist es nicht gestattet, die Zugangsdaten seines Zugangs f&#252;r die Vereins-</div><div>Pr&#228;senz auf der oder den Plattform(en) Dritten zu &#252;berlassen. Der Verein ist nur&#160;</div><div>berechtigt, weitere Nutzer und Mitglieder zu seiner Vereins-Pr&#228;senz auf der oder den&#160;</div><div>Plattform(en) einzuladen, die sich dann einen eigenen Nutzer-. bzw. Mitgliederzugang&#160;</div><div>zu der Vereins-Pr&#228;senz auf der oder den Plattform(en) anlegen k&#246;nnen. Sogenanntes&#160;</div><div>Account-Sharing ist dem Verein, auch innerhalb des Betriebs des Vereins und dessen&#160;</div><div>verbundener Unternehmen, ausdr&#252;cklich untersagt. Weiterhin wird der Verein&#160;</div><div>sicherstellen, dass er alle ihm zumutbaren Ma&#223;nahmen ergreift, um die Vereins-</div><div>Pr&#228;senz auf der oder den Plattform(en) vor unbefugter Nutzung und unbefugtem&#160;</div><div>Zugriff zu sch&#252;tzen, insbesondere die Zugangsdaten der Nutzerzug&#228;nge geheim zu&#160;</div><div>halten, sodass kein Dritter diese Daten missbrauchen kann. Der Verein steht f&#252;r&#160;</div><div>Handlungen und Unterlassungen seiner Nutzer und Mitglieder wie f&#252;r eigene&#160;</div><div>Handlungen und Unterlassungen ein; entsprechendes gilt f&#252;r etwaige Handlungen&#160;</div><div>unbefugter Dritter. Der Verein wird seine Nutzer und Mitglieder zur vertragsgem&#228;&#223;en&#160;</div><div>Nutzung der Vereins-Pr&#228;senz auf der oder den Plattform(en), deren Funktionen&#160;</div><div>entsprechend dem oder den gebuchten Produkt(en) sowie der &#252;ber die Vereins-</div><div>Pr&#228;senz auf der jeweiligen Plattform abrufbaren Inhalte gem&#228;&#223; Ziffer 1.7 dieser&#160;</div><div>Vertragsbedingungen verpflichten.</div><div><br></div><div>8.5.&#160;Der Verein wird daf&#252;r Sorge tragen, dass zu jeder Zeit nur Nutzer und Mitglieder auf&#160;</div><div>die Vereins-Pr&#228;senz auf der oder den Plattform(en), deren Funktionen entsprechend&#160;</div><div>dem oder den gebuchten Produkt(en) sowie der &#252;ber die Vereins-Pr&#228;senz auf der&#160;</div><div>jeweiligen Plattform abrufbaren Inhalte zugreifen, die auch tats&#228;chlich dem Verein&#160;</div><div>aktuell zugeordnet werden k&#246;nnen. Insbesondere verpflichtet sich der Verein,&#160;</div><div>Personen, die die Vereins-Pr&#228;senz auf der oder den Plattform(en), deren Funktionen&#160;</div><div>entsprechend dem oder den gebuchten Produkt(en) sowie der &#252;ber die Vereins-</div><div>Pr&#228;senz auf der jeweiligen Plattform abrufbaren Inhalte nicht mehr nutzen d&#252;rfen (z.B.&#160;</div><div>ehemalige Angestellte des Vereins), unverz&#252;glich die Nutzungsrechte zu entziehen&#160;</div><div>und deren Nutzerzug&#228;nge bzw. Mitgliederzug&#228;nge zu sperren.</div><div><br></div><div>8.6.&#160;Der Verein verpflichtet sich, keine Inhalte in die Vereins-Pr&#228;senz auf der oder den&#160;</div><div>Plattform(en) einzugeben, zu speichern oder &#252;ber diese zu versenden, deren&#160;</div><div>&#220;bermittlung, Speicherung oder Nutzung gegen geltendes Recht oder Vereinbarungen&#160;</div><div>mit Dritten (z.B. zur Geheimhaltung) verst&#246;&#223;t. Dem Verein ist es insbesondere&#160;</div><div>untersagt, Inhalte einzugeben, zu speichern oder zu versenden, die</div><div><br></div><div>a)&#160;rassistischen, diskriminierenden, pornographischen, den Jugendschutz&#160;</div><div>gef&#228;hrdenden oder politisch extremen Charakter haben;</div><div><br></div><div>b)&#160;gegen geltendes Recht oder beh&#246;rdliche Vorschriften bzw. Auflagen versto&#223;en,&#160;</div><div>ordnungs- oder sittenwidrig sind;</div><div><br></div><div>c)&#160;Marken, Patente, Gebrauchsmuster, Urheberrechte, Designs,&#160;</div><div>Gesch&#228;ftsgeheimnisse oder andere Schutzrechte Dritter verletzen;</div><div><br></div><div>d)&#160;personenbezogene Daten von betroffenen Personen ohne deren ausdr&#252;ckliche&#160;</div><div>Einwilligung oder ohne entsprechende gesetzliche Erlaubnis zum Gegenstand&#160;</div><div>haben.</div><div><br></div><div>8.7.&#160;Der Verein verpflichtet sich, alles zu unterlassen, was die Sicherheit und Stabilit&#228;t der&#160;</div><div>Vereins-Pr&#228;senz auf der oder den Plattform(en), deren Funktionen entsprechend dem&#160;</div><div>oder den gebuchten Produkt(en) sowie der &#252;ber die Vereins-Pr&#228;senz auf der jeweiligen&#160;</div><div>Plattform abrufbaren Inhalte beeintr&#228;chtigen k&#246;nnte. Der Verein wird keinerlei Daten&#160;</div><div>oder Inhalte eingeben oder speichern, die die Vereins-Pr&#228;senz auf der oder den&#160;</div><div>Plattform(en), deren Funktionen entsprechend dem oder den gebuchten Produkt(en)&#160;</div><div>sowie der &#252;ber die Vereins-Pr&#228;senz auf der jeweiligen Plattform abrufbaren Inhalte&#160;</div><div>sowie hiermit verbundene Software und Systeme, die Server, die sonstige IT-</div><div>Infrastruktur und Daten von Tineon, Dritter oder Daten anderer Gesch&#228;ftspartner von&#160;</div><div>Tineon oder anderer Vereine besch&#228;digen oder gef&#228;hrden. Er wird ferner nicht&#160;</div><div>versuchen, auf die Daten anderer Gesch&#228;ftspartner von Tineon und/oder anderer&#160;</div><div>Vereine zuzugreifen.</div><div><br></div><div>8.8.&#160;Der Verein tr&#228;gt die alleinige Verantwortung f&#252;r die Einhaltung aller rechtlichen&#160;</div><div>Anforderungen an die Speicherung, Aufbewahrung und Archivierung seiner Daten.&#160;</div><div>Hierzu z&#228;hlt auch die Beachtung der allgemeinen handels- und steuerrechtlichen&#160;</div><div>Aufbewahrungsfristen sowie der gegebenenfalls anwendbaren spezifischen&#160;</div><div>Aufbewahrungspflichten und -fristen. Der Verein trifft im Rahmen seiner&#160;</div><div>Schadensverh&#252;tungs- und Schadensminderungspflicht angemessene Vorkehrungen&#160;</div><div>f&#252;r den Fall eines Datenverlusts, insbesondere durch regelm&#228;&#223;ige &#220;berpr&#252;fung seiner&#160;</div><div>eigenen IT-Systeme und die regelm&#228;&#223;ige Anfertigung von Sicherungskopien seiner&#160;</div><div>eingegebenen bzw. gespeicherten Daten und der im Zuge der Vertragsabwicklung&#160;</div><div>&#252;berlassenen Unterlagen.</div><div><br></div><div>8.9.&#160;Der Verein wird Tineon erkennbare M&#228;ngel und St&#246;rungen der Leistungen sowie&#160;</div><div>drohende Gefahren (z.B. durch Viren oder Schadsoftware) und Hinweise auf eine&#160;</div><div>missbr&#228;uchliche Nutzung durch Dritte unverz&#252;glich anzeigen. Er trifft im Rahmen des&#160;</div><div>Zumutbaren alle erforderlichen Ma&#223;nahmen zur Feststellung, Eingrenzung und&#160;</div><div>Dokumentation dieser M&#228;ngel und St&#246;rungen. Der Verein verpflichtet sich&#160;</div><div>insbesondere, die Ger&#228;te, mit welchen er auf die Vereins-Pr&#228;senz auf der oder den&#160;</div><div>Plattform(en), deren Funktionen entsprechend dem oder den gebuchten Produkt(en)&#160;</div><div>sowie der &#252;ber die Vereins-Pr&#228;senz auf der jeweiligen Plattform abrufbaren Inhalte&#160;</div><div>zugreift, vor unberechtigtem Zugriff zu sichern und regelm&#228;&#223;ig auf Viren oder andere&#160;</div><div>Schadsoftware zu &#252;berpr&#252;fen. Ger&#228;te, bei denen der Verdacht auf Virenbefall oder&#160;</div><div>&#196;hnliches besteht, d&#252;rfen nicht mehr f&#252;r den Zugriff auf die Vereins-Pr&#228;senz auf der&#160;</div><div>oder den Plattform(en), deren Funktionen entsprechend dem oder den gebuchten&#160;</div><div>Produkt(en) sowie der &#252;ber die Vereins-Pr&#228;senz auf der jeweiligen Plattform&#160;</div><div>abrufbaren Inhalte genutzt werden.&#160;</div><div><br></div><div>8.10.&#160;Der Verein stellt Tineon auf erstes Anfordern frei, verteidigt und h&#228;lt Tineon schadlos&#160;</div><div>von und gegen alle Sch&#228;den aufgrund von Anspr&#252;chen Dritter, die auf einer vertrags-&#160;</div><div>oder rechtswidrigen Verwendung der Vereins-Pr&#228;senz auf der oder den Plattform(en),&#160;</div><div>deren Funktionen entsprechend dem oder den gebuchten Produkt(en) sowie der &#252;ber&#160;</div><div>die Vereins-Pr&#228;senz auf der jeweiligen Plattform abrufbaren Inhalte durch den Verein&#160;</div><div>beruhen oder die sich aus vom Verein verursachten datenschutzrechtlichen,&#160;</div><div>urheberrechtlichen oder sonstigen rechtlichen Streitigkeiten ergeben, die mit der&#160;</div><div>Nutzung der Vereins-Pr&#228;senz auf der oder den Plattform(en), deren Funktionen&#160;</div><div>entsprechend dem oder den gebuchten Produkt(en) sowie der &#252;ber die Vereins-</div><div>Pr&#228;senz auf der jeweiligen Plattform abrufbaren Inhalte verbunden sind.&#160;</div><div><br></div><div><br></div><div>9.&#160;Vertragswidrige Nutzung</div><div><br></div><div>9.1.&#160;Bei Anhaltspunkten oder konkreten Verdachtsmomenten f&#252;r eine widerrechtliche&#160;</div><div>Nutzung der Vereins-Pr&#228;senz auf der oder den Plattform(en), deren Funktionen&#160;</div><div>entsprechend dem oder den gebuchten Produkt(en) sowie der &#252;ber die Vereins-</div><div>Pr&#228;senz auf der jeweiligen Plattform abrufbaren Inhalte ist Tineon berechtigt, die&#160;</div><div>Nutzung zu pr&#252;fen und gegebenenfalls den Zugang zu sperren, sowie bei Vorliegen&#160;</div><div>eines wichtigen Grundes das Vertragsverh&#228;ltnis fristlos zu k&#252;ndigen.&#160;</div><div><br></div><div>9.2.&#160;Tineon kann ungeachtet ihres K&#252;ndigungsrechts den Zugriff des Vereins sowie seiner&#160;</div><div>Nutzer und/oder Mitglieder sperren, sofern und soweit eine hinreichende&#160;</div><div>Wahrscheinlichkeit daf&#252;r besteht, dass die Vereins-Pr&#228;senz auf der oder den&#160;</div><div>Plattform(en), deren Funktionen entsprechend dem oder den gebuchten Produkt(en)&#160;</div><div>sowie der &#252;ber die Vereins-Pr&#228;senz auf der jeweiligen Plattform abrufbaren Inhalte&#160;</div><div>vertragswidrig von diesen genutzt wird/werden oder sich eine vertragswidrige Nutzung&#160;</div><div>der Vereins-Pr&#228;senz auf der oder den Plattform(en), deren Funktionen entsprechend&#160;</div><div>dem oder den gebuchten Produkt(en) sowie der &#252;ber die Vereins-Pr&#228;senz auf der&#160;</div><div>jeweiligen Plattform abrufbaren Inhalte durch den Verein und/oder dessen Nutzer oder&#160;</div><div>Mitglieder (a) nachteilig auf den Betrieb der Plattform(en), (b) auf andere&#160;</div><div>Vertragspartner von Tineon oder (c) auf die Rechte Dritter in einer Weise auswirkt oder&#160;</div><div>gegen anwendbares Recht versto&#223;en k&#246;nnte, das unmittelbares Handeln zur&#160;</div><div>Schadensabwehr erforderlich macht; dies gilt insbesondere f&#252;r Verst&#246;&#223;e des Vereins&#160;</div><div>gegen seine Pflichten aus Ziffer 8 dieser Vertragsbedingungen. Tineon kann dar&#252;ber&#160;</div><div>hinaus den Zugriff des Vereins, seiner Nutzer und Mitglieder auf die Vereins-Pr&#228;senz&#160;</div><div>auf der oder den Plattform(en), deren Funktionen entsprechend dem oder den&#160;</div><div>gebuchten Produkt(en) sowie der &#252;ber die Vereins-Pr&#228;senz auf der jeweiligen Plattform&#160;</div><div>abrufbaren Inhalte auch dann vor&#252;bergehend aussetzen, wenn sich der Verein mit der&#160;</div><div>Bezahlung der Verg&#252;tung f&#252;r die Nutzung der Leistungen von Tineon trotz Mahnung&#160;</div><div>mindestens drei (3) Wochen in Verzug befindet; das K&#252;ndigungsrecht entsprechend&#160;</div><div>Ziffer 18.11 dieser Vertragsbedingungen bleibt hiervon unber&#252;hrt.</div><div><br></div><div>9.3.&#160;Wenn Tineon den Zugriff des Vereins auf die Vereins-Pr&#228;senz auf der oder den&#160;</div><div>Plattform(en), deren Funktionen entsprechend dem oder den gebuchten Produkt(en)&#160;</div><div>sowie der &#252;ber die Vereins-Pr&#228;senz auf der jeweiligen Plattform abrufbaren Inhalte&#160;</div><div>insgesamt oder teilweise sperrt, gilt Folgendes f&#252;r die Zeit der Sperrung:</div><div><br></div><div>a)&#160;die Verg&#252;tungspflicht f&#252;r die Nutzung der Vereins-Pr&#228;senz auf der oder den&#160;</div><div>Plattform(en), deren Funktionen entsprechend dem oder den gebuchten&#160;</div><div>Produkt(en) sowie der &#252;ber die Vereins-Pr&#228;senz auf der jeweiligen Plattform&#160;</div><div>abrufbaren Inhalte besteht fort; und</div><div><br></div><div>b)&#160;es entstehen keine Gew&#228;hrleistungsanspr&#252;che des Vereins aufgrund der durch&#160;</div><div>die Sperrung veranlassten Nichtverf&#252;gbarkeit der Vereins-Pr&#228;senz auf der oder&#160;</div><div>den Plattform(en), deren Funktionen entsprechend dem oder den gebuchten&#160;</div><div>Produkt(en) sowie der &#252;ber die Vereins-Pr&#228;senz auf der jeweiligen Plattform&#160;</div><div>abrufbaren Inhalte.</div><div><br></div><div>9.4.&#160;Insbesondere in den F&#228;llen der Ziffer 8.6 a) und b) dieser Vertragsbedingungen ist&#160;</div><div>Tineon &#8211; unabh&#228;ngig von einem Recht zur Sperrung gem&#228;&#223; Ziffer 9.2 dieser&#160;</div><div>Vertragsbedingungen &#8211; berechtigt, die betroffenen Daten und Inhalte des Vereins zu&#160;</div><div>l&#246;schen oder zu sperren.</div><div><br></div><div>9.5.&#160;Tineon beh&#228;lt sich das Recht zur au&#223;erordentlichen K&#252;ndigung gem&#228;&#223; Ziffer 18.11&#160;</div><div>dieser Vertragsbedingungen sowie die Verfolgung weitergehender Anspr&#252;che,&#160;</div><div>insbesondere sonstiger Schadensersatzanspr&#252;che, ausdr&#252;cklich vor.</div><div><br></div><div><br></div><div>10.&#160;Subunternehmer</div><div><br></div><div>10.1.&#160;Tineon kann zur Ausf&#252;hrung der Leistungen nach diesen Vertragsbedingungen&#160;</div><div>selbstst&#228;ndige Subunternehmer und/oder Drittanbieter einsetzen.&#160;</div><div><br></div><div>10.2.&#160;Tineon ist berechtigt, Subunternehmer und/oder Drittanbieter jederzeit und ohne&#160;</div><div>Zustimmung des Vereins auszutauschen. Tineon wird dabei die Interessen des Vereins&#160;</div><div>ber&#252;cksichtigen.</div><div><br></div><div><br></div><div>11.&#160;Nutzungsrechte</div><div><br></div><div>11.1.&#160;S&#228;mtliche auf den Plattformen vorgehaltenen Inhalte sind zugunsten von Tineon oder&#160;</div><div>des jeweiligen f&#252;r die Leistungserbringung einbezogenen Drittanbieters&#160;</div><div>urheberrechtlich gesch&#252;tzt. Tineon beh&#228;lt sich s&#228;mtliche Rechte hieran vor.</div><div><br></div><div>11.2.&#160;Soweit dem Verein in den Regelungen dieser Vertragsbedingungen nicht ausdr&#252;cklich&#160;</div><div>Nutzungsrechte einger&#228;umt werden, stehen alle urheber- und&#160;</div><div>leistungsschutzrechtlichen Nutzungsrechte sowie Nutzungsrechte an gewerblichen&#160;</div><div>Schutzrechten und schutzrechts&#228;hnlichen Rechtspositionen an den Plattformen, der&#160;</div><div>Vereins-Pr&#228;senz auf der oder den Plattform(en), s&#228;mtlichen Funktionen auf den&#160;</div><div>Plattformen sowie der &#252;ber die Plattformen abrufbaren Inhalten, an gegebenenfalls&#160;</div><div>entstandenen Arbeitsergebnissen sowie an Angebots- und sonstigen zur Verf&#252;gung&#160;</div><div>gestellten Unterlagen, ausschlie&#223;lich Tineon oder gegebenenfalls den f&#252;r die&#160;</div><div>Leistungserbringung einbezogenen Drittanbietern zu.</div><div><br></div><div>11.3.&#160;Der Verein erh&#228;lt mit vollst&#228;ndiger Zahlung der hierf&#252;r f&#228;lligen Verg&#252;tung das auf die&#160;</div><div>vertraglich vereinbarte Laufzeit zeitlich begrenzte, r&#228;umlich auf die Nutzung in&#160;</div><div>Deutschland, &#214;sterreich und der Schweiz begrenzte, nicht-ausschlie&#223;liche und nicht-</div><div>&#252;bertragbare Recht einger&#228;umt, die Vereins-Pr&#228;senz auf der oder den Plattform(en),&#160;</div><div>deren Funktionen entsprechend dem oder den gebuchten Produkt(en) sowie der &#252;ber&#160;</div><div>die Vereins-Pr&#228;senz auf der jeweiligen Plattform abrufbaren Inhalte zu eigenen&#160;</div><div>gesch&#228;ftlichen Zwecken in dem in diesen Vertragsbedingungen inklusive deren&#160;</div><div>Anlagen vereinbarten Umfang sowie in der darin vereinbarten Art und Weise zu&#160;</div><div>nutzen. Der Verein erh&#228;lt jeweils nur ein zeitlich befristetes Recht, die in der Vereins-</div><div>Pr&#228;senz auf der jeweiligen Plattform abrufbaren Inhalte in der dargebotenen Form zu&#160;</div><div>nutzen.&#160;</div><div><br></div><div>11.4.&#160;Die Nutzungsrechte des Vereins umfassen:</div><div><br></div><div>a)&#160;den Zugriff und die Nutzung der Vereins-Pr&#228;senz auf der oder den Plattform(en)&#160;</div><div>sowie deren Funktionen entsprechend dem oder den gebuchten Produkt(en);&#160;</div><div><br></div><div>b)&#160;den Zugriff und die Nutzung der &#252;ber die Vereins-Pr&#228;senz auf der oder den&#160;</div><div>Plattform(en) abrufbaren Inhalte entsprechend der durch die jeweilige Plattform&#160;</div><div>vorgegebenen technischen Funktions- und bestimmungsm&#228;&#223;igen&#160;</div><div>Gebrauchsweise.</div><div><br></div><div>Das einger&#228;umte Nutzungsrecht ist dabei stets auf die Wahrnehmung der in der&#160;</div><div>Vereins-Pr&#228;senz auf der oder den Plattform(en) zum Abruf bereitgestellten Inhalte am&#160;</div><div>Bildschirm beschr&#228;nkt, soweit nicht explizit Funktionen in der Vereins-Pr&#228;senz auf der&#160;</div><div>jeweiligen Plattform zu einer weitergehenden Nutzung (z.B. Herunterladen oder&#160;</div><div>Ausdrucken von Inhalten) vorgesehen sind.&#160;</div><div>Der Verein wird die Vereins-Pr&#228;senz auf der oder den Plattform(en), deren Funktionen&#160;</div><div>entsprechend dem oder den gebuchten Produkt(en) sowie der &#252;ber die Vereins-</div><div>Pr&#228;senz auf der jeweiligen Plattform abrufbaren Inhalte ausschlie&#223;lich nach Ma&#223;gabe&#160;</div><div>und in &#220;bereinstimmung mit den Bestimmungen dieser Vertragsbedingungen nebst&#160;</div><div>Anlagen einschlie&#223;lich den darin vorgesehenen Beschr&#228;nkungen hinsichtlich Art,&#160;</div><div>Umfang und bestimmungsgem&#228;&#223;er Verwendung nutzen. Einzelheiten k&#246;nnen sich&#160;</div><div>gegebenenfalls erg&#228;nzend aus zus&#228;tzlichen Hinweisen von Tineon bei der&#160;</div><div>Bereitstellung der Vereins-Pr&#228;senz auf der jeweiligen Plattform, deren Funktionen&#160;</div><div>entsprechend dem oder den gebuchten Produkt(en) sowie der &#252;ber die Vereins-</div><div>Pr&#228;senz auf der jeweiligen Plattform abrufbaren Inhalte und den gesonderten&#160;</div><div>Nutzungsbedingungen der Vereins-Pr&#228;senz auf der verein.cloud-Plattform ergeben.</div><div><br></div><div>11.5.&#160;F&#252;r Drittleistungen beziehungsweise f&#252;r Open-Source-Software, die Tineon dem&#160;</div><div>Verein gegebenenfalls &#252;ber die Vereins-Pr&#228;senz auf der oder den Plattform bereitstellt,&#160;</div><div>gelten &#8211; sofern nicht anders vereinbart &#8211; erg&#228;nzend die Nutzungsbedingungen des&#160;</div><div>jeweiligen Drittanbieters beziehungsweise die anwendbaren Open-Source-</div><div>Lizenzbedingungen. Auf entsprechende Anforderung stellt Tineon dem Verein die&#160;</div><div>Nutzungsbedingungen der Drittanbieter zur Verf&#252;gung.</div><div><br></div><div>11.6.&#160;Eine anderweitige Nutzung der Vereins-Pr&#228;senz auf der oder den Plattform(en), deren&#160;</div><div>Funktionen entsprechend dem oder den gebuchten Produkt(en) sowie der &#252;ber die&#160;</div><div>Vereins-Pr&#228;senz auf der jeweiligen Plattform abrufbaren Inhalte sowie insbesondere&#160;</div><div>deren kommerzielle Verwertung oder Weitergabe an Dritte ist dem Verein ausdr&#252;cklich&#160;</div><div>untersagt. Insbesondere die Vermietung, &#220;berlassung, Unterlizenzierung oder der&#160;</div><div>Gebrauch durch oder f&#252;r Dritte, Timesharing-, Outsourcing- oder&#160;</div><div>Rechenzentrumsnutzung oder eine sonstige entgeltliche oder unentgeltliche Nutzung&#160;</div><div>der Vereins-Pr&#228;senz auf der oder den Plattform(en), deren Funktionen entsprechend&#160;</div><div>dem oder den gebuchten Produkt(en) sowie der &#252;ber die Vereins-Pr&#228;senz auf der&#160;</div><div>jeweiligen Plattform abrufbaren Inhalte durch oder f&#252;r Dritte ist ohne schriftliche&#160;</div><div>vorherige Zustimmung von Tineon nicht erlaubt. Der systematische automatisierte&#160;</div><div>Abruf der Vereins-Pr&#228;senz auf der oder den Plattform(en), deren Funktionen&#160;</div><div>entsprechend dem oder den gebuchten Produkt(en) sowie &#252;ber die Vereins-Pr&#228;senz&#160;</div><div>auf der jeweiligen Plattform abrufbaren Inhalte, das Erstellen systematischer&#160;</div><div>Sammlungen aus abgerufenen Inhalten, manuelles Speichern, Abfilmen,&#160;</div><div>systematisches Anfertigen von Screenshots, die Weitergabe oder Zug&#228;nglichmachung&#160;</div><div>von &#252;ber die Vereins-Pr&#228;senz auf der jeweiligen Plattform abrufbaren Inhalten an Dritte&#160;</div><div>sowie die Nutzung dieser Inhalte zum Zweck der gesch&#228;ftsm&#228;&#223;igen Informations- oder&#160;</div><div>Dienstleistungsvermittlung sind ebenfalls nicht gestattet. Auch Bearbeitungen oder&#160;</div><div>sonstige &#196;nderungen sowie andere Nutzungs- und Verwertungsformen (insbesondere&#160;</div><div>Vervielf&#228;ltigungen) der &#252;ber die Vereins-Pr&#228;senz auf der jeweiligen Plattform&#160;</div><div>abrufbaren Inhalte sind, soweit diese jeweils &#252;ber die von Tineon konkret vorgesehene&#160;</div><div>Art und Weise oder den vorgesehenen Umfang hinausgeht, ausdr&#252;cklich untersagt.</div><div><br></div><div>11.7.&#160;In allen F&#228;llen der Beendigung seiner Nutzungsberechtigung (z.B. durch K&#252;ndigung&#160;</div><div>oder anderweitige Vertragsbeendigung) stellt der Verein die Nutzung der Vereins-</div><div>Pr&#228;senz auf der oder den Plattform(en), deren Funktionen entsprechend dem oder den&#160;</div><div>gebuchten Produkt(en) sowie der &#252;ber die Vereins-Pr&#228;senz auf der jeweiligen Plattform&#160;</div><div>abrufbaren Inhalte unverz&#252;glich ein. Der Verein vernichtet bzw. l&#246;scht auch alle in&#160;</div><div>seinem Besitz befindlichen Vervielf&#228;ltigungen von &#252;ber die Vereins-Pr&#228;senz auf der&#160;</div><div>oder den Plattform(en) im Rahmen der vorgesehenen Funktionen heruntergeladenen&#160;</div><div>Inhalten, soweit er nicht gesetzlich zur l&#228;ngeren Aufbewahrung verpflichtet ist oder&#160;</div><div>dem Verein ein berechtigtes Interesse am weiteren Besitz zusteht. Die Erledigung der&#160;</div><div>vorstehenden Verpflichtungen wird der Verein gegen&#252;ber Tineon auf Anforderung&#160;</div><div>schriftlich versichern und nachweisen.</div><div><br></div><div>11.8.&#160;Der Verein r&#228;umt Tineon die erforderlichen einfachen, &#252;bertragbaren sowie&#160;</div><div>unterlizenzierbaren urheber- und leistungsschutzrechtlichen Nutzungsrechte sowie&#160;</div><div>Nutzungsrechte an gewerblichen Schutzrechten und schutzrechts&#228;hnlichen&#160;</div><div>Rechtspositionen an den vom Verein f&#252;r die Erbringung der vertragsgegenst&#228;ndlichen&#160;</div><div>Leistungen bereitgestellten Inhalten ein. Die einger&#228;umten Nutzungsrechte umfassen&#160;</div><div>insbesondere das Recht zur Vervielf&#228;ltigung, Verbreitung, &#246;ffentlichen&#160;</div><div>Zug&#228;nglichmachung sowie Bearbeitungen, und zwar zeitlich, &#246;rtlich und inhaltlich in&#160;</div><div>dem f&#252;r die Durchf&#252;hrung des Vertrages erforderlichen Umfang. Die&#160;</div><div>Rechteeinr&#228;umung umfasst auch das Recht, die vorgenannten Nutzungsrechte an zur&#160;</div><div>Vertragserf&#252;llung beauftragte Dritte sowie Drittanbieter zu &#252;bertragen und&#160;</div><div>unterzulizenzieren.</div><div><br></div><div>11.9.&#160;S-Verein ist eine eingetragene Marke des DSGV (Deutscher Sparkassen- und&#160;</div><div>Giroverband). Tineon ist Inhaberin der ausschlie&#223;lichen Nutzungsrechte an der Marke&#160;</div><div>S-Verein. Im Rahmen der Markenkooperation mit der Sparkassen Finanzgruppe ist es&#160;</div><div>den teilnehmenden Instituten zur Co-Finanzierung des angebotenen Lizenzpreises f&#252;r&#160;</div><div>S-Verein gestattet, ihre lokale Marke in der Vereinsverwaltung des Vereins abzubilden.&#160;</div><div>Keines der Institute hat ausschlie&#223;lich aufgrund dieser Kooperation Zugriff auf die in&#160;</div><div>der Vereins-Pr&#228;senz auf der oder den Plattform(en) hinterlegten Daten des Vereins&#160;</div><div>oder seiner Mitglieder.</div><div><br></div><div><br></div><div>12.&#160;Verg&#252;tung</div><div><br></div><div>12.1.&#160;Die Verg&#252;tung f&#252;r die von Tineon zu erbringenden Leistungen ergibt sich aus den bei&#160;</div><div>der Buchung der verschiedenen Produkte jeweils angegebenen (monatlichen) Preise.</div><div><br></div><div>12.2.&#160;Alle Preisangaben verstehen sich in Euro rein netto zuz&#252;glich der jeweils g&#252;ltigen&#160;</div><div>gesetzlichen Umsatzsteuer. Tineon beh&#228;lt sich vor, die Preise im Fall von k&#252;nftigen&#160;</div><div>Vertragsverl&#228;ngerungen und neuen Vertragsabschl&#252;ssen bei Bedarf anzupassen.</div><div><br></div><div>12.3.&#160;Die Rechnungsbetr&#228;ge w&#228;hrend der Vertragslaufzeit sind zu Beginn eines jeden&#160;</div><div>Monats ohne Abzug zur Zahlung f&#228;llig.</div><div><br></div><div>12.4.&#160;Die Daten&#252;bermittlung ist nicht Vertragsgegenstand, weshalb die in diesem&#160;</div><div>Zusammenhang anfallenden Kosten vom Verein zu tragen sind.</div><div><br></div><div>12.5.&#160;Der Verein ist grunds&#228;tzlich zur Vorleistung verpflichtet, wobei zu entrichtende&#160;</div><div>Verg&#252;tung grunds&#228;tzlich im Voraus, jeweils f&#252;r einen Monat, in Rechnung gestellt wird.</div><div><br></div><div>12.6.&#160;Die Bezahlung, erfolgt per SEPA-Lastschriftmandat.</div><div><br></div><div>12.7.&#160;W&#228;hrend des Verzugs hat der Verein Tineon auf die offene Forderung Verzugszinsen&#160;</div><div>in H&#246;he von neun (9) Prozentpunkten &#252;ber dem jeweiligen Basiszinssatz zu entrichten.&#160;</div><div>Tineon beh&#228;lt sich die Geltendmachung eines h&#246;heren Zinsschadens vor.</div><div><br></div><div>12.8.&#160;Der Verein kann gegen Zahlungsanspr&#252;che von Tineon nur mit eigenen Forderungen&#160;</div><div>aufrechnen, wenn diese rechtskr&#228;ftig festgestellt, entscheidungsreif, von Tineon&#160;</div><div>schriftlich anerkannt oder unbestritten sind. Ein Zur&#252;ckbehaltungsrecht oder die&#160;</div><div>Einrede des nicht erf&#252;llten Vertrages stehen dem Verein nur innerhalb dieses&#160;</div><div>Vertragsverh&#228;ltnisses und nur f&#252;r den Fall zu, dass die Gegenforderung des Vereins&#160;</div><div>unbestritten oder rechtskr&#228;ftig festgestellt oder von Tineon anerkannt ist.</div><div><br></div><div>12.9.&#160;Im Falle einer Probenutzung erfolgt die Leistungserbringung durch Tineon f&#252;r den&#160;</div><div>drei&#223;ig (30) t&#228;gigen Probezeitraum unentgeltlich.</div><div><br></div><div><br></div><div>13.&#160;M&#228;ngelhaftung, Rechte Dritter</div><div><br></div><div>13.1.&#160;Die nachfolgenden Bestimmungen dieser Ziffer 13 dieser Vertragsbedingungen gelten&#160;</div><div>nur f&#252;r der M&#228;ngelhaftung zug&#228;ngliche Leistungen.&#160;</div><div><br></div><div>13.2.&#160;Tineon &#252;bernimmt in diesen F&#228;llen die Gew&#228;hr daf&#252;r, dass die der Gew&#228;hrleistung&#160;</div><div>zug&#228;nglichen Vertragsgegenst&#228;nde der Leistungsbeschreibung (insbesondere in Ziffer&#160;</div><div>4 dieser Vertragsbedingungen) entsprechen und sorgt im Rahmen des wirtschaftlich&#160;</div><div>Zumutbaren gem&#228;&#223; dem als Anlage 1 zu diesen Vertragsbedingungen beigef&#252;gten&#160;</div><div>SLA f&#252;r deren Verf&#252;gbarkeit. Ein Selbstbeseitigungsrecht des Vereins sowie eine&#160;</div><div>verschuldensunabh&#228;ngige Haftung von Tineon nach &#167; 536a Abs. 1 BGB wegen&#160;</div><div>M&#228;ngeln, die bereits zum Zeitpunkt des Vertragsschlusses vorhanden waren, werden&#160;</div><div>ausgeschlossen; Ziffer 14.1 a) und Ziffer 14.5 dieser Vertragsbedingungen gelten&#160;</div><div>entsprechend. Auf die Mitverantwortlichkeit und insbesondere die Pflichten des Vereins&#160;</div><div>wird verwiesen (Ziffer 8 dieser Vertragsbedingungen).</div><div><br></div><div>13.3.&#160;Anspr&#252;che k&#246;nnen nur geltend gemacht werden wegen M&#228;ngeln, die reproduzierbar&#160;</div><div>sind oder vom Verein nachvollziehbar beschrieben werden k&#246;nnen. Keinen Mangel&#160;</div><div>stellen Funktionsbeeintr&#228;chtigungen der Leistungen dar, die aus der Hardware- oder&#160;</div><div>Softwareumgebung des Vereins, fehlerhaften Daten, unsachgem&#228;&#223;er Benutzung oder&#160;</div><div>aus sonstigen aus dem Verantwortungsbereich des Vereins stammenden Umst&#228;nden&#160;</div><div>resultieren. Die Gew&#228;hrleistung f&#252;r M&#228;ngel setzt ferner voraus, dass der Verein die&#160;</div><div>vertragsgegenst&#228;ndlichen Leistungen nicht selbst oder durch Dritte unautorisiert&#160;</div><div>ver&#228;ndert oder entgegen den vertraglichen Vorgaben oder entgegen etwaigen&#160;</div><div>Instruktionen genutzt hat, es sei denn, der Verein weist nach, dass der jeweilige&#160;</div><div>Mangel hiervon unabh&#228;ngig ist und auch die Fehleranalyse bzw. -beseitigung durch&#160;</div><div>Tineon dadurch nicht beeintr&#228;chtigt wird.&#160;</div><div><br></div><div>13.4.&#160;Die Nacherf&#252;llung bei M&#228;ngeln erfolgt nach Wahl von Tineon durch Beseitigung der&#160;</div><div>St&#246;rung, &#220;berlassen eines neuen Programmstandes oder dadurch, dass Tineon&#160;</div><div>zumutbare M&#246;glichkeiten aufzeigt, die Auswirkungen einer St&#246;rung zu vermeiden.&#160;</div><div>Keine M&#228;ngelhaftung begr&#252;nden unerhebliche Beeintr&#228;chtigungen beim Zugriff auf die&#160;</div><div>Vereins-Pr&#228;senz auf der oder den Plattform(en), deren Funktionen entsprechend dem&#160;</div><div>oder den gebuchten Produkt(en) sowie der &#252;ber die Vereins-Pr&#228;senz auf der jeweiligen&#160;</div><div>Plattform abrufbaren Inhalte und/oder beim Datenabruf, die die Nutzung der Vereins-</div><div>Pr&#228;senz auf der oder den Plattform(en), deren Funktionen entsprechend dem oder den&#160;</div><div>gebuchten Produkt(en) sowie der &#252;ber die Vereins-Pr&#228;senz auf der jeweiligen Plattform&#160;</div><div>abrufbaren Inhalte nicht wesentlich beeintr&#228;chtigen. Tineon wird jedoch bem&#252;ht sein,&#160;</div><div>auch solche Fehler im Rahmen der Kulanz zu beseitigen.&#160;</div><div><br></div><div>13.5.&#160;Bei M&#228;ngeln von bereitgestellten Drittleistungen von Drittanbietern wird Tineon nach&#160;</div><div>ihrer Wahl ihre M&#228;ngelhaftungsanspr&#252;che gegen den Drittanbieter im Namen des&#160;</div><div>Vereins geltend machen oder an den Verein abtreten. Der Verein wird Anspr&#252;che bei&#160;</div><div>derartigen M&#228;ngeln zun&#228;chst gegen den Drittanbieter &#8211; gegebenenfalls auch&#160;</div><div>gerichtlich &#8211; durchsetzen.</div><div><br></div><div>13.6.&#160;F&#252;r Anspr&#252;che auf Schadensersatz und Ersatz vergeblicher Aufwendungen aufgrund&#160;</div><div>von Sach- und/oder Rechtsm&#228;ngeln gilt ausschlie&#223;lich Ziffer 14 dieser&#160;</div><div>Vertragsbedingungen.</div><div><br></div><div>13.7.&#160;Falls Dritte Anspr&#252;che aus der Verletzung ihrer Schutzrechte gegen den Verein geltend&#160;</div><div>machen, wird der Verein Tineon hier&#252;ber unverz&#252;glich schriftlich und umfassend&#160;</div><div>unterrichten. Tineon ist berechtigt, aber nicht verpflichtet, die Auseinandersetzung mit&#160;</div><div>dem Dritten gerichtlich und au&#223;ergerichtlich allein zu f&#252;hren. Macht Tineon von dieser&#160;</div><div>Berechtigung Gebrauch, wird der Verein Tineon in angemessenem Umfang&#160;</div><div>unentgeltlich bei der Rechtsverteidigung unterst&#252;tzen. Der Verein wird von sich aus die&#160;</div><div>Anspr&#252;che des Dritten nicht anerkennen.</div><div><br></div><div>13.8.&#160;Weisen die vertraglich vereinbarten Leistungen einen Rechtsmangel auf, wird Tineon&#160;</div><div>nach eigener Wahl dem Verein (a) eine rechtlich einwandfreie Nutzungsm&#246;glichkeit an&#160;</div><div>dieser Leistung verschaffen oder (b) die Leistung rechtsverletzungsfrei gestalten oder&#160;</div><div>(c) die Leistung unter Erstattung der daf&#252;r von dem Verein geleisteten Verg&#252;tung&#160;</div><div>abz&#252;glich einer angemessenen Nutzungsentsch&#228;digung zur&#252;cknehmen, wenn Tineon&#160;</div><div>keine andere Abhilfe mit angemessenem Aufwand erzielen kann. Tineon kann die&#160;</div><div>betroffenen Leistungen alternativ auch ganz oder teilweise gegen gleichwertige&#160;</div><div>austauschen, wenn dies f&#252;r den Verein zumutbar ist. Die Interessen des Vereins&#160;</div><div>werden dabei angemessen ber&#252;cksichtigt.</div><div><br></div><div>13.9.&#160;Tineon wird den Verein im Rahmen der Haftungsgrenzen der Ziffer 14 dieser&#160;</div><div>Vertragsbedingungen von allen durch die Schutzrechtsverletzung entstandenen&#160;</div><div>Sch&#228;den freistellen, soweit diese auf einem von Tineon zu vertretenden Rechtsmangel&#160;</div><div>beruhen.</div><div><br></div><div>13.10.&#160;Soweit die Leistungserbringung f&#252;r den Verein im Rahmen der Probenutzung&#160;</div><div>unentgeltlich erfolgt, &#252;bernimmt Tineon keine Gew&#228;hrleistung.</div><div><br></div><div><br></div><div>14.&#160;Haftung</div><div><br></div><div>14.1.&#160;Tineon haftet f&#252;r entstandene Sch&#228;den und den Ersatz vergeblicher Aufwendungen,&#160;</div><div>gleich aus welchem Rechtsgrund, auch wegen Unm&#246;glichkeit oder aufgrund Verzugs&#160;</div><div>mit einer Leistungspflicht sowie bei M&#228;ngeln und aus unerlaubter Handlung, nur in&#160;</div><div>folgendem Umfang:</div><div><br></div><div>a)&#160;bei Vorsatz, grober Fahrl&#228;ssigkeit und bei Fehlen einer Beschaffenheit, f&#252;r die&#160;</div><div>Tineon ausdr&#252;cklich eine Garantie &#252;bernommen hat, in voller H&#246;he;</div><div><br></div><div>b)&#160;in F&#228;llen einfacher Fahrl&#228;ssigkeit nur bei Verletzung einer wesentlichen Pflicht,&#160;</div><div>ohne die das Erreichen des Vertragszwecks gef&#228;hrdet w&#228;re und auf deren&#160;</div><div>Erf&#252;llung der Verein deshalb regelm&#228;&#223;ig vertrauen darf (sog. Kardinalpflicht), und&#160;</div><div>zwar begrenzt auf den Ersatz des typischen und vorhersehbaren Schadens.&#160;</div><div><br></div><div>c)&#160;Soweit die Leistungserbringung f&#252;r den Verein unentgeltlich erfolgt, haftet Tineon&#160;</div><div>nicht f&#252;r leicht fahrl&#228;ssig verursachte Sch&#228;den und f&#252;r grob fahrl&#228;ssig verursachte&#160;</div><div>Sch&#228;den nur, soweit sie auf der Verletzung wesentlicher Vertragspflichten&#160;</div><div>beruhen, ohne die das Erreichen des Vertragszwecks gef&#228;hrdet w&#228;re und auf&#160;</div><div>deren Erf&#252;llung der Verein deshalb regelm&#228;&#223;ig vertrauen darf (sog.&#160;</div><div>Kardinalpflichten). In derartigen F&#228;llen ist die Haftung von Tineon auf den Ersatz&#160;</div><div>des vertragstypischen und vorhersehbaren Schadens beschr&#228;nkt.</div><div><br></div><div>14.2.&#160;In den F&#228;llen von Ziffer 14.1 b) dieser Vertragsbedingungen ist die Haftung von Tineon&#160;</div><div>f&#252;r alle Schadensf&#228;lle pro Vertragsjahr insgesamt in der Summe der H&#246;he nach&#160;</div><div>begrenzt auf die doppelte Verg&#252;tung, die f&#252;r das jeweilige Vertragsjahr vom Verein&#160;</div><div>gezahlt oder geschuldet wird.</div><div><br></div><div>14.3.&#160;Bei dem Verlust von Daten haftet Tineon in den Grenzen der vorstehenden Abs&#228;tze&#160;</div><div>nur f&#252;r solche von ihr schuldhaft verursachten Sch&#228;den, die auch bei&#160;</div><div>ordnungsgem&#228;&#223;er, d. h. dem jeweils aktuellen Stand der Technik entsprechender, und&#160;</div><div>risikoad&#228;quater Datensicherung durch den Verein entstanden w&#228;ren.</div><div><br></div><div>14.4.&#160;Die vorstehenden Haftungsbeschr&#228;nkungen gelten auch zugunsten der Organe,&#160;</div><div>gesetzlichen Vertreter, Angestellten und Erf&#252;llungsgehilfen von Tineon.</div><div><br></div><div>14.5.&#160;Die Haftung f&#252;r Sch&#228;den aus der Verletzung des Lebens, des K&#246;rpers oder der&#160;</div><div>Gesundheit sowie nach dem Produkthaftungsgesetz bleibt von den vorstehenden&#160;</div><div>Regelungen unber&#252;hrt.</div><div><br></div><div>14.6.&#160;Sofern im Rahmen der &#252;ber die Vereins-Pr&#228;senz auf der oder den Plattform(en), deren&#160;</div><div>Funktionen entsprechend dem oder den gebuchten Produkt(en) sowie der &#252;ber die&#160;</div><div>Vereins-Pr&#228;senz auf der jeweiligen Plattform abrufbaren Inhalte ausnahmsweise auch&#160;</div><div>Leistungen und/oder Inhalte von Drittanbietern gesondert erworben werden k&#246;nnen,&#160;</div><div>&#252;bernimmt Tineon grunds&#228;tzlich keine Haftung f&#252;r Leistungen und/oder Inhalte, die von&#160;</div><div>den Drittanbietern bereitgestellt werden (sog. Fremdinhalte) und haftet nicht f&#252;r die&#160;</div><div>Korrektheit der Leistungen und/oder Inhalte sowie f&#252;r Sch&#228;den oder Folgesch&#228;den, die&#160;</div><div>aus der Verwendung dieser Leistungen und/oder Inhalte entstehen. Die alleinige&#160;</div><div>Verantwortung f&#252;r diese Leistungen und/oder Inhalte tr&#228;gt der die Fremdleistungen&#160;</div><div>und/oder Fremdinhalte bereitstellende Drittanbieter. Fremdleistungen/Fremdinhalte&#160;</div><div>sind klar gekennzeichnet, sodass der Nutzer eindeutig erkennen kann, dass es sich um&#160;</div><div>solche handelt.</div><div><br></div><div><br></div><div>15.&#160;Verj&#228;hrung</div><div><br></div><div>15.1.&#160;Die Verj&#228;hrungsfrist f&#252;r s&#228;mtliche Anspr&#252;che des Vereins wegen M&#228;ngeln sowie f&#252;r&#160;</div><div>alle Anspr&#252;che auf Schadensersatz und Ersatz vergeblicher Aufwendungen betr&#228;gt ein&#160;</div><div>(1) Jahr. Die Verj&#228;hrung beginnt gem&#228;&#223; den jeweils anwendbaren gesetzlichen&#160;</div><div>Vorschriften und tritt &#8211; im Falle einer gesetzlichen H&#246;chstfrist &#8211; sp&#228;testens mit Ablauf&#160;</div><div>von f&#252;nf (5) Jahren ab Entstehung des Anspruchs ein.</div><div><br></div><div>15.2.&#160;Unber&#252;hrt bleibt die gesetzliche Verj&#228;hrung von Anspr&#252;chen gegen Tineon aufgrund&#160;</div><div>vors&#228;tzlicher oder grob fahrl&#228;ssiger Pflichtverletzungen, im Falle des arglistigen&#160;</div><div>Verschweigens eines Mangels, bei ausdr&#252;cklicher &#220;bernahme eines anderslautenden&#160;</div><div>Garantieversprechens durch Tineon sowie bei Sch&#228;den aus der Verletzung des&#160;</div><div>Lebens, des K&#246;rpers oder der Gesundheit und nach dem Produkthaftungsgesetz.</div><div><br></div><div><br></div><div>16.&#160;Geheimhaltung</div><div><br></div><div>16.1.&#160;Tineon und der Verein verpflichten sich, &#252;ber s&#228;mtliche ihnen im Zusammenhang der&#160;</div><div>Durchf&#252;hrung des Vertragsverh&#228;ltnisses anvertrauten, zug&#228;nglich gemachten oder&#160;</div><div>sonst bekannt gewordenen vertraulichen Informationen, die angemessenen&#160;</div><div>Geheimhaltungsma&#223;nahmen unterliegen und an denen ein berechtigtes Interesse an&#160;</div><div>Geheimhaltung besteht, Stillschweigen zu bewahren, solche vertraulichen&#160;</div><div>Informationen nur f&#252;r den vertraglich vorgesehenen Zweck zu nutzen und sie Dritten&#160;</div><div>nicht zu offenbaren. Die Vertragsparteien werden nur solchen Mitarbeitern und&#160;</div><div>Subunternehmern Zugang zu den vertraulichen Informationen verschaffen, die f&#252;r die&#160;</div><div>Zwecke der Vertragserf&#252;llung Kenntnis von diesen haben m&#252;ssen und die zuvor&#160;</div><div>entsprechend dieser Ziffer 16 dieser Vertragsbedingungen zur Vertraulichkeit&#160;</div><div>verpflichtet worden sind. Die Geheimhaltungspflicht gilt f&#252;r einen Zeitraum von drei (3)&#160;</div><div>Jahren &#252;ber die Beendigung des Vertragsverh&#228;ltnisses hinaus.</div><div><br></div><div>16.2.&#160;Die Verpflichtung zur Geheimhaltung gilt nicht f&#252;r vertrauliche Informationen, die dem&#160;</div><div>Empf&#228;nger bereits vorher ohne Verpflichtung zur Geheimhaltung bekannt waren oder&#160;</div><div>die allgemein bekannt sind oder werden, ohne dass der Empf&#228;nger dies zu vertreten&#160;</div><div>hat, oder die dem Empf&#228;nger von einem Dritten rechtm&#228;&#223;ig und ohne&#160;</div><div>Geheimhaltungspflicht mitgeteilt werden oder die vom Empf&#228;nger nachweislich&#160;</div><div>unabh&#228;ngig entwickelt worden sind.</div><div><br></div><div>16.3.&#160;Die Vertragsparteien werden auf Verlangen der jeweils anderen Vertragspartei bei&#160;</div><div>Beendigung dieses Vertrages vertrauliche Informationen der jeweils anderen&#160;</div><div>Vertragspartei zur&#252;ckgeben oder im Rahmen des technisch M&#246;glichen vernichten,&#160;</div><div>soweit dem keine gesetzlichen Aufbewahrungsfristen entgegenstehen.</div><div><br></div><div><br></div><div>17.&#160;Datenschutz und Datensicherheit</div><div><br></div><div>17.1.&#160;Die Vertragsparteien beachten die f&#252;r die Nutzung der Vereins-Pr&#228;senz auf der oder&#160;</div><div>den Plattform(en), deren Funktionen entsprechend dem oder den gebuchten&#160;</div><div>Produkt(en) sowie der &#252;ber die Vereins-Pr&#228;senz auf der jeweiligen Plattform&#160;</div><div>abrufbaren Inhalte relevanten datenschutzrechtlichen Bestimmungen.</div><div><br></div><div>17.2.&#160;Der Verein wird gegebenenfalls mittels gesonderter Datenschutzhinweise, die nicht&#160;</div><div>Bestandteil dieser Vertragsbedingungen sind, davon unterrichtet, wie Tineon seine&#160;</div><div>Daten sowie die Daten seiner Nutzer und Mitglieder auf der Grundlage der&#160;</div><div>gesetzlichen Bestimmungen zum Datenschutz verarbeitet. Der Verein hat solche&#160;</div><div>Datenschutzhinweise gegebenenfalls Nutzern und Mitgliedern, die von der&#160;</div><div>Datenverarbeitung durch Tineon betroffen sind, zur Kenntnis zu bringen. Insbesondere&#160;</div><div>bei der Verarbeitung personenbezogener Daten wird Tineon ihre Mitarbeiter schriftlich&#160;</div><div>auf die Vertraulichkeit verpflichten.</div><div><br></div><div>17.3.&#160;Die Vertragsparteien schlie&#223;en bei Vorliegen der gesetzlichen Voraussetzungen eine&#160;</div><div>Vereinbarung zur Auftragsverarbeitung, die den jeweils geltenden gesetzlichen&#160;</div><div>Anforderungen (insbesondere Art. 28 Abs. 3 DSGVO) gen&#252;gt.</div><div><br></div><div><br></div><div>18.&#160;Laufzeit und Vertragsbeendigung&#160;</div><div><br></div><div>18.1.&#160;Die Buchung eines Produkts zur Nutzung der verein.cloud-Plattform ist nicht ohne&#160;</div><div>bestehende oder zeitgleich neu abzuschlie&#223;ende Buchung eines Produkts zur Nutzung&#160;</div><div>von S-Verein m&#246;glich. Die Buchung eines Produkts zur Nutzung von S-Verein ist&#160;</div><div>hingegen ohne bestehende oder neu abzuschlie&#223;ende Buchung eines Produkts zur&#160;</div><div>Nutzung der verein.cloud-Plattform m&#246;glich.</div><div><br></div><div>18.2.&#160;F&#252;r die Buchung jedes Produkts auf den Plattformen gilt eine eigene, gesonderte&#160;</div><div>Vertragslaufzeit.</div><div><br></div><div>18.3.&#160;Die Vertragslaufzeit beginnt grunds&#228;tzlich mit der Buchung des jeweiligen Produkts&#160;</div><div>und der damit verbundenen Einrichtung der Vereins-Pr&#228;senz auf der jeweiligen&#160;</div><div>Plattform. Die Vertragslaufzeit betr&#228;gt zw&#246;lf (12) Monate (nachfolgend&#160;</div><div>&#8222;Grundlaufzeit&#8220;) und verl&#228;ngert sich anschlie&#223;end um jeweils weitere zw&#246;lf (12)&#160;</div><div>Monate (nachfolgend &#8222;Folgelaufzeit&#8220;), sofern der Vertrag nicht von einer&#160;</div><div>Vertragspartei mit einer K&#252;ndigungsfrist von einem (1) Monat zum jeweiligen&#160;</div><div>Vertragsende gek&#252;ndigt wird.</div><div><br></div><div>18.4.&#160;Wird w&#228;hrend der Laufzeit (Grundlaufzeit oder einer Folgelaufzeit) eines Produkts zur&#160;</div><div>Nutzung von S-Verein zus&#228;tzlich ein Produkt zur Nutzung der verein.cloud-Plattform&#160;</div><div>gebucht (nachfolgend &#8222;Zubuchung&#8220;), so richtet sich die Vertragslaufzeit f&#252;r die&#160;</div><div>Zubuchung in Abweichung der Regelungen in Ziffer 18.3. dieser Vertragsbedingungen&#160;</div><div>zun&#228;chst ausschlie&#223;lich nach der bestehenden Restlaufzeit (Grundlaufzeit oder einer&#160;</div><div>Folgelaufzeit) des bereits gebuchten Produkts zur Nutzung von S-Verein. Nach dem&#160;</div><div>Ablauf der Restlaufzeit (Grundlaufzeit oder einer Folgelaufzeit) des Produktes zur&#160;</div><div>Nutzung von S-Verein gelten die Regelungen in Ziffer 18.3. dieser&#160;</div><div>Vertragsbedingungen sowohl f&#252;r das gebuchte Produkt zur Nutzung von S-Verein als&#160;</div><div>auch f&#252;r das gebuchte Produkt zur Nutzung der verein.cloud-Plattform.</div><div><br></div><div>18.5.&#160;Die K&#252;ndigung eines Produkts, l&#228;sst alle Vertr&#228;ge &#252;ber weitere Produkte, vorbehaltlich&#160;</div><div>der Regelungen in Ziffer 18.6. dieser Vertragsbedingungen, unber&#252;hrt.</div><div><br></div><div>18.6.&#160;Endet die Laufzeit, unabh&#228;ngig vom Beendigungsgrund, des gebuchten Produkts zur&#160;</div><div>Nutzung von S-Verein vor dem Ablauf der Vertragslaufzeit der gebuchten Produkte zur&#160;</div><div>Nutzung der verein.cloud-Plattform, so endet die Laufzeit aller Produkte zur Nutzung&#160;</div><div>der verein.cloud-Plattform in Abweichung von den Regelungen in Ziffer 18.3. und 18.5.&#160;</div><div>dieser Vertragsbedingungen zeitgleich mit dem Ende der Laufzeit des Produkts zur&#160;</div><div>Nutzung von S-Verein.</div><div><br></div><div>18.7.&#160;Die Buchung eines angebotenen, umfangreicheren Produkts zur Nutzung von S-Verein&#160;</div><div>ist jederzeit m&#246;glich.&#160;</div><div><br></div><div>18.8.&#160;Wird w&#228;hrend der Laufzeit eines Produkts nur Nutzung von S-Verein ein angebotenes,&#160;</div><div>umfangreicheres Produkt zur Nutzung von S-Verein gebucht, beginnt eine neue&#160;</div><div>Laufzeit von zw&#246;lf (12) Monaten zur Nutzung des umfangreicheren Produkts zur&#160;</div><div>Nutzung von S-Verein im Zeitpunkt mit dem Upgrade auf das angebotene,&#160;</div><div>umfangreichere Produkt.</div><div><br></div><div>18.9.&#160;Jede K&#252;ndigung bedarf zu ihrer Wirksamkeit der Textform.</div><div><br></div><div>18.10.&#160;Eine K&#252;ndigung der Probenutzung innerhalb der drei&#223;ig (30) t&#228;tigen Vertragslaufzeit&#160;</div><div>der Probenutzung ist jederzeit m&#246;glich. Auf die Regelungen in Ziffer 3.5 dieser&#160;</div><div>Vertragsbedingungen wird verwiesen.</div><div><br></div><div>18.11.&#160;Die au&#223;erordentliche K&#252;ndigung des Vertrages aus wichtigem Grund bleibt f&#252;r beide&#160;</div><div>Vertragsparteien vorbehalten. Ein wichtiger Grund f&#252;r Tineon liegt insbesondere dann&#160;</div><div>vor, wenn der Verein</div><div><br></div><div>a)&#160;sich mit einem nicht unerheblichen Teil der Verg&#252;tung trotz Mahnung l&#228;nger als&#160;</div><div>sechs (6) Wochen in Verzug befindet,</div><div><br></div><div>b)&#160;unbefugten Dritten Zugang zur Vereins-Pr&#228;senz auf der oder den Plattform(en)&#160;</div><div>gew&#228;hrt oder diesen die hierf&#252;r erforderlichen Zugangsdaten eines&#160;</div><div>Nutzerzugangs oder Mitgliederzugangs &#252;berl&#228;sst (Ziffer 8.4 dieser&#160;</div><div>Vertragsbedingungen),</div><div><br></div><div>c)&#160;den Umfang der einger&#228;umten Nutzungsrechte (Ziffern 11.3 und 11.4 dieser&#160;</div><div>Vertragsbedingungen) vors&#228;tzlich oder fahrl&#228;ssig &#252;berschreitet,</div><div><br></div><div>d)&#160;gegen die Geheimhaltung (Ziffer 16 dieser Vertragsbedingungen) verst&#246;&#223;t.</div><div><br></div><div>18.12.&#160;Mit Vertragsende (a) wird die Zugriffsm&#246;glichkeit des Vereins auf die Vereins-Pr&#228;senz&#160;</div><div>auf der oder den Plattform(en) beendet und (b) enden seine Nutzungsrechte an den&#160;</div><div>&#252;ber die Vereins-Pr&#228;senz auf der jeweiligen Plattform abrufbaren Inhalten (c) werden&#160;</div><div>alle zum Zeitpunkt der K&#252;ndigung oder Beendigung von dem Verein geschuldeten&#160;</div><div>Betr&#228;ge sofort f&#228;llig, soweit die Vertragsparteien nicht ausdr&#252;cklich eine abweichende&#160;</div><div>Vereinbarung treffen.</div><div><br></div><div><br></div><div>19.&#160;Schlussbestimmungen</div><div><br></div><div>19.1.&#160;Es gilt deutsches Recht unter Ausschluss der Kollisionsnormen des internationalen&#160;</div><div>Privatrechts und des Gesetzes zum &#220;bereinkommen der Vereinten Nationen &#252;ber den&#160;</div><div>internationalen Warenverkauf (CISG).</div><div><br></div><div>19.2.&#160;Die Vertragssprache ist Deutsch. &#220;bersetzungen in andere Sprachen dienen lediglich&#160;</div><div>der Information des Vereins. Bei Widerspr&#252;chen zwischen dem deutschen Text und&#160;</div><div>der &#220;bersetzung hat der deutsche Text Vorrang.</div><div><br></div><div>19.3.&#160;Nebenabreden bestehen nicht. Die Vertragsparteien werden &#196;nderungen und&#160;</div><div>Erg&#228;nzungen dieser Vertragsbedingungen nach M&#246;glichkeit schriftlich in einem&#160;</div><div>Nachtrag festhalten, um eine nachvollziehbare Dokumentation des Vertragsstandes zu&#160;</div><div>gew&#228;hrleisten.</div><div><br></div><div>19.4.&#160;Erf&#252;llungsort ist der Sitz von Tineon. Soweit gesetzlich zul&#228;ssig, ist Gerichtsstand f&#252;r&#160;</div><div>alle Streitigkeiten aus oder im Zusammenhang mit dem Vertragsverh&#228;ltnis und diesen&#160;</div><div>Vertragsbedingungen &#220;berlingen. Gleiches gilt, wenn der Verein keinen allgemeinen&#160;</div><div>Gerichtsstand im Inland hat. Tineon kann den Verein wahlweise am Ort seines Sitzes&#160;</div><div>oder jedem anderen zul&#228;ssigen Gerichtsstand in Anspruch nehmen.</div><div><br></div><div>19.5.&#160;Sollten einzelne Bestimmungen der Vertragsbedingungen ganz oder teilweise&#160;</div><div>unwirksam sein oder werden oder eine Regelungsl&#252;cke aufweisen, wird die G&#252;ltigkeit&#160;</div><div>der &#252;brigen Regelungen im &#220;brigen nicht ber&#252;hrt.</div><div><br></div><div>Stand: Juli 2023</div><div><br></div></div>', 'conditions', '1669202928422', '1695893499646', 1, 'https://minio.staging.verein.cloud/tineon/Leipzig/2022/November/Images/v-logo.png', NULL, 'conditions', 1);
INSERT INTO `static_pages` (`id`, `uid`, `title`, `content`, `url`, `created`, `modified`, `status`, `image`, `video`, `type`, `is_converted`) VALUES
(6, 1, 'CIS Templates', 'Lorem ipsum dolor sit amet.', 'cis-templates', '1691580580176', '1691656929147', 1, 'https://minio.staging.verein.cloud/tineon/Leipzig/2023/August/Images/v-logo.png', NULL, 'test', 1),
(9, 1, 'Email Statistics', 'Lorem ipsum dolor sit amet. Ut distinctio nihil et consectetur accusantium ut vero labore est vitae incidunt eum corporis delectus.', 'email-statistics', '1691658234003', '1695894872306', 1, 'https://minio.staging.verein.cloud/tineon/Leipzig/2023/August/Images/S-Verein_01.jpeg', NULL, 'test', 0),
(32, 1, 'Datenschutz', '<p class=\"MsoNormal\"><span>Datenschutzerkl&#228;rung der Tineon AG</span></p><div><br></div><p>Datenschutzbeauftragter:&#160;Hans-J&#252;rgen Schwarz, E-Mail:&#160;<a href=\"mailto:datenschutz@tineon.de\">datenschutz@tineon.de</a></p><div><p>Die nachfolgende Erkl&#228;rung gibt Ihnen einen &#220;berblick dar&#252;ber, wie wir diesen Schutz gew&#228;hrleisten und welche Art von Daten zu welchem Zweck erhoben werden.&#160;</p><p>S&#228;mtliche personenbezogene Datenverarbeitungsvorg&#228;nge (Erhebung, Verarbeitung und Nutzung) durch die Tineon AG erfolgen unter strikter Beachtung der gesetzlichen Datenschutzvorschriften. Wir erheben, verarbeiten und nutzen personenbezogene Daten u.a. um Bestellungen durchzuf&#252;hren, Services anzubieten und um Inhalte und Funktionalit&#228;ten unserer Produkte, Internetangebote und Dienstleistungen auszuf&#252;hren und weiter zu verbessern sowie, nur soweit Sie hierin eingewilligt haben, f&#252;r Zwecke der Werbung und Marktforschung.</p><p>Mit dieser Datenschutzerkl&#228;rung m&#246;chten wir Sie &#252;ber den Umgang mit Ihren personenbezogenen Daten informieren. Sie gilt f&#252;r die Erhebung, Verarbeitung und Nutzung von personenbezogenen Daten im Rahmen der Nutzung der Vereinsanwendungen der Tineon AG. Daneben gilt sie auch f&#252;r die &#252;ber unsere Webseiten - ggf. nach einer Registrierung und Anmeldung f&#252;r das jeweilige Produkt - abrufbaren Online-Produkte der Tineon AG. Unter den Begriff der Online-Produkte fallen solche Produkte, die als Software as a Service (&#8222;SaaS&#8220;) betrieben werden. Dies bedeutet, dass ein Produkt nicht auf dem Einzelplatzrechner des Nutzers als Software gespeichert ist. Vielmehr ist die Software &#252;ber das Internet erreichbar, sodass die Leistungen bedarfsabh&#228;ngig erbracht werden k&#246;nnen. Schlie&#223;lich gilt diese Datenschutzerkl&#228;rung auch f&#252;r von der Tineon AG &#252;ber deren Webseiten oder externe App-Stores abrufbare Mobile-Apps</p><p>Nur mit Ihrer gesonderten Zustimmung zu dieser Datenschutzerkl&#228;rung (bspw. durch Anklicken einer Checkbox auf einer Webseite, die auf diese Datenschutzerkl&#228;rung verweist) willigen Sie ein, dass die jeweilige verantwortliche Stelle die auf Ihren Webseiten erhobenen Daten f&#252;r Zwecke der Werbung und Marktforschung auf den Webseiten verwendet.</p><p><br></p><p>1. Personenbezogene Daten und deren Verwendung</p><p>In folgenden F&#228;llen ben&#246;tigen wir personenbezogene Daten:</p><ul><li>bei der Bestellung</li><li>bei der Benutzung unserer Onlineangebote und Produkte</li><li>bei der Benutzung unserer Communities und Foren</li><li>beim Abonnieren/Abbestellen von Newslettern</li><li>bei der Kontaktaufnahme mit uns</li><li>um Komfort- und Sicherheitsfunktionen in unseren Shops anbieten zu k&#246;nnen</li></ul><p>Personenbezogene Daten speichern wir vornehmlich zur Gesch&#228;fts- und Bestellabwicklung. Zu diesem Zweck geben wir personenbezogene Daten auch an Dritte weiter, die f&#252;r oder im Auftrag der Tineon AG handeln (&#167; 28 DSGVO, sog. Auftragsdatenhaltung). Diese Unternehmen sind nicht autorisiert, die von uns weitergegebenen Daten f&#252;r andere Zwecke zu nutzen, als diejenigen, &#252;ber die wir Sie in dieser Erkl&#228;rung informieren.</p><p>Ihre schutzw&#252;rdigen Belange werden gem&#228;&#223; den gesetzlichen Bestimmungen ber&#252;cksichtigt.</p><p>Die TINEON&#160;und ihre Vertriebspartner sind berechtigt, die &#252;bermittelten Daten des Vereins (Rechtsform, Organe, Adressen und Kommunikationsdaten) nur soweit zu verarbeiten oder zu nutzen, soweit dies zur Beratung der Vereine und zur Marktforschung f&#252;r eigene Zwecke erforderlich ist.</p><p>Die Verarbeitung und Nutzung von personenbezogenen Daten ist insbesondere auch f&#252;r den exklusiven pers&#246;nlichen Zugriff auf die Bestellabwicklung notwendig, um beispielsweise individuelle Benutzereinstellungen festlegen und &#228;ndern zu k&#246;nnen. Der Zugang zu diesen Informationen ist durch ein pers&#246;nliches Kunden-Login und ein Passwort gesch&#252;tzt.</p><p>Um dem Missbrauch unserer Internetangebote und Foren vorzubeugen, speichern wir beim Besuch unserer Internetangebote standardm&#228;&#223;ig verschiedene Informationen (wie z.B. die IP-Adresse, Uhrzeit und Dauer, Betriebssystem, Browser, Seitenaufruf).</p><p>Nur soweit Sie zus&#228;tzlich durch das Setzen eines Hakens in eine Checkbox hierin gesondert eingewilligt haben, versenden wir verschiedene Newsletter an Sie, um Sie &#252;ber die von Ihnen gew&#252;nschten Themen zu informieren. Die Einwilligung in die Versendung der Newsletter k&#246;nnen Sie jederzeit durch die Widerrufsm&#246;glichkeit, die am Ende eines jeden Newsletters durch einen Link aufgezeigt wird, widerrufen.</p><p>Sie k&#246;nnen der Erhebung, Verarbeitung bzw. Nutzung Ihrer personenbezogenen Daten zum Zwecke der Newsletter-Versendung auch, wie unter 2. beschrieben, widerrufen.</p><p><br></p><p>2. Verantwortliche Stelle und Daten&#252;bermittlung an Dritte</p><p>Verantwortliche Stelle und Diensteanbieter dieses Internetangebots ist die Tineon AG. Durch Anklicken des entsprechenden Links, der die Bezeichnung &#8222;Impressum&#8220; tr&#228;gt und am unteren Bildschirmrand dieser Erkl&#228;rung platziert ist, k&#246;nnen Sie das Impressum mit den weitergehenden Informationen aufrufen.</p><p>Die Tineon AG verarbeitet s&#228;mtliche personenbezogene Daten zentral als Datenverarbeiter. Eine Weitergabe von Daten an Dritte, die nicht zur Tineon AG geh&#246;ren, findet zu Werbe- und Marktforschungszwecken nicht statt.</p><p>Sofern und soweit wir hierf&#252;r Ihre gesonderte Einwilligung erhalten haben, werden wir Ihre Daten auch verwenden, um Ihnen individuelle Angebote und Informationen sowie Newsletter &#252;ber Produkte, Dienstleistungen und &#252;ber Marketingangebote per E-Mail zuzusenden.</p><p>Diese Einwilligungen k&#246;nnen Sie jederzeit f&#252;r die Zukunft widerrufen.</p><p>Hinweis</p><p>Sie k&#246;nnen der Erhebung, Verarbeitung bzw. Nutzung Ihrer personenbezogenen Daten zum Zwecke der Werbung oder der Markt- und Meinungsforschung jederzeit durch eine formlose Mitteilung an&#160;Tineon AG,&#160;Uferpromenade 3, 88709 Meersburg, E-Mail:<a href=\"mailto:info@tineon.de\">info@tineon.de</a>&#160;widersprechen bzw. Ihre Einwilligung widerrufen. Nach Erhalt Ihres Widerspruchs bzw. Widerrufs werden diese Daten nicht mehr zu Werbe-, Markt- und Meinungsforschungszwecken genutzt.</p><p><br></p><p>3. Sicherheit von Daten</p><p>Zum Schutz der personenbezogenen Daten unserer Kunden benutzen wir ein sicheres Online-&#220;bertragungsverfahren. Dieses &#220;bertragungsverfahren wird von den meisten Browsern unterst&#252;tzt. Alle mit dieser sicheren Methode &#252;bertragenen Informationen werden verschl&#252;sselt, bevor sie gesendet werden. Ihre personenbezogenen Daten werden ausschlie&#223;lich auf durch Sicherheitstechnologien gesch&#252;tzte, dem Industriestandard entsprechenden (z. B. Firewalls, Passwortschutz, Zutrittskontrollen etc.) Rechenzentren und Rechnern verarbeitet.</p><p>Wir speichern personenbezogene Daten nur so lange, wie dies f&#252;r die Zwecke, f&#252;r die sie gewonnen wurden, notwendig sind oder um rechtlichen Anforderungen &#252;ber Berichterstattung oder Aufbewahrung von Dokumenten zu gen&#252;gen.</p><p>Bitte beachten Sie in diesem Zusammenhang, dass die Mitarbeiter/innen der Tineon AG nicht berechtigt sind, von Ihnen telefonisch oder schriftlich Ihr Passwort abzufragen. Nennen Sie daher nie Ihr Passwort, falls Ihnen derartige Anfragen zugehen. Bitte beachten Sie zur Sicherheit Ihrer eigenen Daten bei der Wahl Ihres Passwortes die allgemein bekannten Regeln und &#252;bermitteln Sie Passw&#246;rter nicht per E-Mail sondern nehmen Sie diese &#196;nderungen direkt online innerhalb unseres Internetangebotes vor.</p><p>Beim Erbringen von SaaS-L&#246;sungen k&#246;nnen wir Zugang zu personenbezogenen Daten erhalten. Bei der Verarbeitung und Nutzung personenbezogener Daten handeln wir u.U. im Auftrag und sind nach &#167; 28 DSGVO verpflichtet ausschlie&#223;lich den Weisungen des Kunden zu folgen. Die Weisung bedarf der Schriftform. F&#252;r die Zul&#228;ssigkeit der Datenerhebung, -verarbeitung und -nutzung sowie f&#252;r die Wahrnehmung der Rechte der Betroffenen ist der Kunde verantwortlich.</p><p>Wir d&#252;rfen Zugriffsberechtigungen f&#252;r die zur Verf&#252;gung gestellten Daten nur an eigene Mitarbeiter in dem f&#252;r ihre jeweilige Aufgabe erforderlichen Umfang vergeben. Sollte ein Mitarbeiter von uns aus dem Unternehmen ausscheiden oder erfolgt ein Wechsel in der T&#228;tigkeit, mit der Folge, dass der Mitarbeiter keinen Zugriff auf die Daten des Anwenders mehr ben&#246;tigt, so ist die Zugriffsberechtigung dieses Mitarbeiters unverz&#252;glich zu l&#246;schen.</p><p>Wir verpflichten uns, keinerlei Kopien oder andere Aufzeichnungen von den zur Verarbeitung &#252;bergebenen bzw. zur Verf&#252;gung gestellten personenbezogenen Daten anzufertigen oder der Anfertigung durch Dritte zu dulden bzw. an Dritte weiterzugeben. Hiervon ausgenommen sind Kopien oder andere Aufzeichnungen, die im Zuge einer ordnungsgem&#228;&#223;en Datenverarbeitung zwingend notwendig sind.</p><p>Au&#223;erhalb von Weisungen d&#252;rfen wir die zur Verarbeitung oder Nutzung &#252;berlassenen Daten weder f&#252;r eigene Zwecke noch f&#252;r Zwecke Dritter verwenden oder Dritten den Zugang zu diesen Daten erm&#246;glichen. Soweit der Kunde aufgrund geltender datenschutzrechtlicher Bestimmungen gegen&#252;ber einer Person verpflichtet ist, Ausk&#252;nfte zur Erhebung, Verarbeitung oder Nutzung von Daten dieser Person zu geben, werden wir dabei unterst&#252;tzen, diese Informationen bereitzustellen.</p><p>Wir setzen ausschlie&#223;lich Mitarbeiter und Subunternehmer ein, die auf das Datengeheimnis verpflichtet sind.</p><p>Wir sichern s&#228;mtliche Daten, soweit dies mit technisch und wirtschaftlich vertretbarem Aufwand m&#246;glich ist, wirksam gegen unberechtigten Zugriff, Ver&#228;nderung, Zerst&#246;rung oder Verlust, unerlaubter &#220;bermittlung, anderweitiger unerlaubter Verarbeitung und sonstigem Missbrauch. Sofern eine Gef&#228;hrdung von Daten und SaaS-L&#246;sung auf andere Weise nicht mit technisch und wirtschaftlich angemessenem Aufwand oder nicht Erfolg versprechend beseitigt werden kann, sind wir berechtigt, mit sch&#228;digendem Inhalt versehene Daten zu l&#246;schen. Wir werden den Kunden per E-Mail an die uns genannte E-Mail-Adresse von dieser Absicht in Kenntnis setzen.</p><p><br></p><p>4. Auskunftsrecht sowie Berichtigung, L&#246;schung und Sperrung</p><p>Nach dem Bundesdatenschutzgesetz haben Sie ein Recht auf unentgeltliche Auskunft &#252;ber Ihre gespeicherten Daten sowie ggf. ein Recht auf Berichtigung, Sperrung oder L&#246;schung dieser Daten. Ausgenommen hiervon bleiben Daten, deren Berichtigung, Sperrung oder L&#246;schung gesetzliche, satzungsm&#228;&#223;ige oder vertragliche Aufbewahrungsfristen entgegenstehen, au&#223;erdem Daten, die f&#252;r die Begr&#252;ndung, inhaltliche Ausgestaltung oder &#196;nderung Ihres Vertragsverh&#228;ltnisses mit uns erforderlich sind oder f&#252;r Zwecke der Abrechnung gespeichert werden m&#252;ssen.</p><p>Wenn Sie Fragen zur Verwendung Ihrer Daten haben, richten Sie sich bitte an unseren Datenschutzbeauftragten.</p><p>Herrn Andreas Winnes, c/o Tineon AG, Uferpromenade 3, 88709 Meersburg, E-Mail:&#160;<u><a href=\"mailto:datenschutz@tineon.de\">datenschutz@tineon.de</a></u></p><p><br></p><p>5. &#220;bermittlung von erhobenen Daten an Dritte</p><p>Um unsere Produkte, Internetangebote und Dienstleistungen weiter zu verbessern und bedarfsgerecht zu gestalten, erheben wir statistische Daten &#252;ber das Nutzerverhalten; personenbezogene Daten werden hierbei nicht oder nur anonymisiert in &#220;bereinstimmung mit den datenschutzrechtlichen Bestimmungen erhoben und ggf. &#252;bermittelt. Konkrete Eingaben der Nutzer werden dabei nicht erfasst. Wir verwenden hierf&#252;r die nachfolgenden L&#246;sungen und Technologien. Konkrete Eingaben der Nutzer werden dabei nicht erfasst.</p><p>Google Inc. (&#34;Google&#34;): Auf unseren Webseiten kann es auch zur einer Verwendung von Google Analytics, einem Webanalysedienst der Google Inc., Amphitheatre Parkway, Mountain View, CA 94043, USA (im Folgenden &#8222;Google&#8220;), kommen. Google Analytics verwendet Cookies, die eine Analyse der Benutzung unserer Webseiten durch Sie erm&#246;glichen. Die durch den Cookie erzeugten Informationen &#252;ber Ihre Benutzung dieser Webseite werden in der Regel an einen Server von Google in den USA &#252;bertragen und dort gespeichert. Im Falle der Aktivierung der IP-Anonymisierung auf dieser Webseite, wird Ihre IP-Adresse von Google jedoch innerhalb von Mitgliedstaaten der EU oder in anderen Vertragsstaaten des Abkommens &#252;ber den EWR zuvor gek&#252;rzt. Nur in Ausnahmef&#228;llen wird die volle IP-Adresse an einen Server von Google in den USA &#252;bertragen und dort gek&#252;rzt. Im Auftrag des Betreibers dieser Website wird Google diese Informationen benutzen um Ihre Nutzung der Website auszuwerten, um Reports &#252;ber die Websiteaktivit&#228;ten zusammenzustellen und um weitere mit der Webseitennutzung und der Internetnutzung verbundene Dienstleistungen gegen&#252;ber uns zu erbringen. Die im Rahmen von Google Analytics von Ihrem Browser &#252;bermittelte IP-Adresse wird nicht mit anderen Daten von Google zusammengef&#252;hrt. Sie k&#246;nnen die Speicherung der Cookies durch eine entsprechende Einstellung Ihrer Browser-Software verhindern; wir weisen Sie jedoch darauf hin, dass Sie in diesem Fall gegebenenfalls nicht s&#228;mtliche Funktionen dieser Webseite vollumf&#228;nglich werden nutzen k&#246;nnen. Sie k&#246;nnen dar&#252;ber hinaus die Erfassung der durch das Cookie erzeugten und auf Ihre Nutzung der Website bezogenen Daten (inkl. Ihrer IP-Adresse) an Google sowie die Verarbeitung dieser Daten durch Google verhindern, indem sie das unter dem folgenden Link verf&#252;gbare Browser-Plugin herunterladen und installieren (<u><a href=\"http://tools.google.com/dlpage/gaoptout?hl=de\">http://tools.google.com/dlpage/gaoptout?hl=de</a></u>). Diese Website verwendet die Erweiterung &#34;_anonymizeIp()&#34;. Es werden IP-Adressen nur gek&#252;rzt weiterverarbeitet.</p><p>Auf unserer Internetseite wird der Webanalysedienst Piwik eingesetzt. Piwik ist eine Open-Source-Software, welche die Zugriffe der Webseitenbesucher auswertet. Die Analyse wird mittels Cookies, das sind Textdateien, erm&#246;glicht. Die Cookies sammeln Informationen hinsichtlich Ihrer Nutzung unserer Internetseite. Diese werden auf einem Server von Piwik in Deutschland gespeichert. Ihre IP-Adresse wird noch zuvor anonymisiert. Sie haben allerdings die M&#246;glichkeit, zu verhindern, dass Cookies von Piwik auf Ihrem Computer gespeichert werden. Hierzu m&#252;ssen Sie die Einstellungen an Ihrem Internetbrowser entsprechend modifizieren. Dies kann dazu f&#252;hren, dass Sie unsere Internetseite nicht im kompletten Umfang verwenden k&#246;nnen.</p><p><br></p><p>6. Erhebung, Verarbeitung und Nutzung personenbezogener Daten bei der Nutzung unserer Online-Produkte</p><p>Soweit Sie Online-Produkte von uns nutzen, ist die Erhebung, Verarbeitung und Nutzung (personenbezogener) Daten notwendig. Diese bei der Nutzung der Online-Produkte erhobenen, verarbeiteten und genutzten Daten werden ausschlie&#223;lich zur Ausf&#252;hrung der Funktionalit&#228;ten der Produkte genutzt. Ihre zur Nutzung eines Online-Produkts eingegebenen (personenbezogenen) Daten werden in Rechenzentren unserer Provider gespeichert und verarbeitet. Die Provider verwenden die Daten nur f&#252;r die Bereitstellung der Dienste. Hierzu geh&#246;ren insbesondere Wartungs- und Reparaturarbeiten. Bei der Durchf&#252;hrung dieser Arbeiten l&#228;sst sich im Einzelfall nicht ausschlie&#223;en, dass die betreffenden Mitarbeiter des Providers oder seiner Tochtergesellschaften sowie Subunternehmern von Ihren (personenbezogenen) Daten Kenntnis erlangen.</p><p>Au&#223;erdem verwenden alle Online-Produkte zur Verbesserung der Anwendung auch eigene Cookies. Der Verwendung dieser Cookies k&#246;nnen Sie widersprechen. Hierf&#252;r gehen Sie bitte wie oben unter 5. erl&#228;utert vor.</p><p><br></p><p>7. Hyperlinks zu anderen Websites</p><p>Manche unserer Internetangebote enthalten Hyperlinks zu anderen Websites, die nicht von der Tineon AG betrieben werden. Wir &#252;berwachen diese Websites nicht und sind weder f&#252;r deren Inhalt noch deren Umgang mit pers&#246;nlichen Daten verantwortlich.</p><p><br></p><p>8. &#196;nderungen dieser Datenschutzerkl&#228;rung</p><p>Aufgrund aktueller Gegebenheiten, wie z. B. einer &#196;nderung der einschl&#228;gigen datenschutzrechtlichen Bestimmungen, werden wir - falls n&#246;tig - diese Datenschutzerkl&#228;rung aktualisieren.</p><p>&#160;</p><p>Stand der Erkl&#228;rung: Mai 2021</p></div><br>', 'privacy', '1697029775823', '1697030171747', 1, NULL, NULL, 'privacy', 0);

-- --------------------------------------------------------

--
-- Table structure for table `static_pages_images`
--

CREATE TABLE `static_pages_images` (
  `id` int(11) NOT NULL,
  `page_id` int(11) NOT NULL,
  `page_image` longtext NOT NULL,
  `created_at` timestamp NOT NULL DEFAULT current_timestamp(),
  `updated_at` timestamp NULL DEFAULT NULL ON UPDATE current_timestamp()
) ENGINE=InnoDB DEFAULT CHARSET=utf8mb4;

--
-- Dumping data for table `static_pages_images`
--

INSERT INTO `static_pages_images` (`id`, `page_id`, `page_image`, `created_at`, `updated_at`) VALUES
(1, 6, '[encoded data, 94492 characters]', '2023-08-09 11:29:40', '2023-08-10 08:42:09');
INSERT INTO `static_pages_images` (`id`, `page_id`, `page_image`, `created_at`, `updated_at`) VALUES
(3, 2, '[encoded data, 14148 characters]', '2023-08-10 05:36:36', NULL),
(4, 3, '[encoded data, 14148 characters]', '2023-08-10 05:36:36', NULL);
INSERT INTO `static_pages_images` (`id`, `page_id`, `page_image`, `created_at`, `updated_at`) VALUES
(6, 9, '[encoded data, 68104 characters]', '2023-08-10 09:03:54', NULL);

-- --------------------------------------------------------

--
