--
-- Host: localhost    Database: tineon
-- ------------------------------------------------------


--
-- Table structure for table `appointment`
--

CREATE TABLE `appointment` (
  `id` int(10) unsigned NOT NULL AUTO_INCREMENT,
  `appointment_type` varchar(255) NOT NULL,
  `title` varchar(255) NOT NULL,
  `description` text DEFAULT NULL,
  `start_date` datetime NOT NULL,
  `end_date` datetime NOT NULL,
  `created_at` timestamp NOT NULL DEFAULT current_timestamp(),
  `updated_at` datetime DEFAULT current_timestamp(),
  `organizer_id` int(11) NOT NULL,
  PRIMARY KEY (`id`)
) ENGINE=InnoDB DEFAULT CHARSET=utf8mb4;

--
-- Dumping data for table `appointment`
--


--
-- Table structure for table `appointment_groups`
--

CREATE TABLE `appointment_groups` (
  `id` int(10) unsigned NOT NULL AUTO_INCREMENT,
  `title` varchar(255) NOT NULL,
  `description` text DEFAULT NULL,
  `created_by` varchar(255) NOT NULL,
  `updated_by` varchar(255) NOT NULL,
  `appointment_id` int(11) NOT NULL,
  `group_id` int(11) NOT NULL,
  PRIMARY KEY (`id`)
) ENGINE=InnoDB DEFAULT CHARSET=utf8mb4;

--
-- Dumping data for table `appointment_groups`
--


--
-- Table structure for table `banner`
--

CREATE TABLE `banner` (
  `id` int(10) unsigned NOT NULL AUTO_INCREMENT,
  `bannerName` varchar(255) NOT NULL,
  `description` text NOT NULL,
  `bannerStartDate` datetime NOT NULL,
  `bannerEndDate` datetime NOT NULL,
  `image` varchar(500) DEFAULT NULL,
  `redirectLink` varchar(500) NOT NULL,
  `status` int(11) NOT NULL,
  `invoice` int(11) NOT NULL,
  `category` varchar(255) NOT NULL,
  `placement` varchar(255) NOT NULL,
  `display` varchar(255) NOT NULL,
  `author` int(11) NOT NULL,
  `team_id` int(11) NOT NULL,
  `is_image_converted` int(11) NOT NULL DEFAULT 0,
  `created_at` timestamp NOT NULL DEFAULT current_timestamp(),
  `updated_at` timestamp NULL DEFAULT current_timestamp() ON UPDATE current_timestamp(),
  PRIMARY KEY (`id`)
) ENGINE=InnoDB AUTO_INCREMENT=8 DEFAULT CHARSET=utf8mb4;

--
-- Dumping data for table `banner`
--

INSERT INTO `banner` VALUES
(2,'LOEV YOUR FUTURE','<ul class=\"i8Z77e\"><li class=\"TrT0Xe\">Electric cars can travel less distance. AEVs on average have a shorter range than gas-powered cars. ...</li><li class=\"TrT0Xe\">Electric cars can take a long time to recharge. Fueling an all-electric car can also be an issue. ...</li><li class=\"TrT0Xe\">Electric cars can be expensive</li></ul>','2023-02-28 00:00:00','2023-03-10 00:00:00','\"https://minio.staging.verein.cloud/tineon/Leipzig/2023/March/Documents/WhatsApp%20Image%202023-02-20%20at%2013.46.46.jpeg\"','https://www.google.com/',0,2,'[\"1\"]','[\"1\",\"2\",\"3\",\"4\",\"5\"]','[\"4\"]',1,141,1,'2023-02-28 04:32:51','2023-08-07 05:41:38'),
(3,'Vinyl Banners','<p><a href=\"https://www.signsbytomorrow.com/vinyl-banners\">Vinyl banners</a>&#160;are an old standby, and for good reason. It&#8217;s hard to argue with the durability of their material; they can be used both indoors and outdoors, and they are tear-resistant.</p><p><br></p>','2023-03-17 00:00:00','2023-03-22 00:00:00','\"https://minio.staging.verein.cloud/tineon/Leipzig/2023/March/Images/HealthInsurance.png\"','https://www.signsbytomorrow.com/blog/what-are-the-different-types-of-banners',0,2,'[\"1\",\"2\",\"3\"]','[\"1\",\"2\",\"3\",\"4\",\"5\"]','[\"4\"]',1,141,1,'2023-03-17 09:35:36','2023-08-07 05:41:38'),
(4,'Chassis on the wheels','<span>The chassis must be strong enough to bear the weight of the car, yet somewhat flexible in order to sustain the shocks and tension caused by turning and road conditions.&#160;</span><span>Attached to the chassis are the wheels and steering assembly, the suspension, the brakes, and the body</span><span>.</span>','2023-03-20 00:00:00','2023-04-02 00:00:00','\"https://minio.staging.verein.cloud/tineon/Leipzig/2023/March/Images/pexels-cottonbro-studio-7019607.jpg\"','https://www.google.com/',0,1,'[\"1\"]','[\"1\",\"2\",\"3\",\"4\",\"5\"]','[\"2\"]',1,141,1,'2023-03-20 06:27:48','2023-08-07 05:41:38'),
(5,'Zahnzusatz','<h2>Zahnzusatzversicherung von AXA</h2><h1><span class=\"teaser-product-title\">Falls Sie sich mal die F&#252;llung rausziehen.</span></h1>','2023-05-07 00:00:00','2024-03-07 00:00:00','\"https://minio.staging.verein.cloud/tineon/Leipzig/2023/May/Documents/Bildschirmfoto%202023-05-07%20um%2019.02.06.png\"','www.axa-betreuer.de/claus_decker/landingpages/regional/',0,0,'[\"1\"]','[\"1\"]','[\"4\"]',33,2684,1,'2023-05-07 17:04:23','2023-08-07 05:41:38'),
(6,'Continental','<font face=\"Arial\" size=\"2\">DFB-Sponsor Continental</font>','2023-06-21 00:00:00','2023-06-30 00:00:00','\"https://minio.staging.verein.cloud/tineon/Leipzig/2023/June/Images/Bannertest_1.png\"','https://www.continental-reifen.de/',0,0,'[\"2\"]','[\"1\",\"2\",\"3\",\"4\",\"5\"]','[\"4\"]',43,2661,1,'2023-06-21 10:11:30','2023-08-07 05:41:38'),
(7,'IST FE admin banner','<div><p><strong>Lorem Ipsum</strong>&#160;is simply dummy text of the printing and typesetting industry. Lorem Ipsum has been the industry\'s standard dummy text ever since the 1500s, when an unknown printer took a galley of type and scrambled it to make a type specimen book. It has survived not only five centuries, but also the leap into electronic typesetting, remaining essentially unchanged. It was popularised in the 1960s with the release of Letraset sheets containing Lorem Ipsum passages, and more recently with desktop publishing software like Aldus PageMaker including versions of Lorem Ipsum.</p><p><br></p></div><div></div>','2023-08-08 00:00:00','2023-08-11 00:00:00','\"https://minio.staging.verein.cloud/tineon/Leipzig/2023/August/Images/pexels-valentin-perret-1209890.jpg\"','https://www.lipsum.com/',0,1,'[\"3\"]','[\"1\",\"3\",\"5\",\"2\",\"4\"]','[\"4\"]',1,141,0,'2023-08-08 12:22:51','2023-08-08 12:22:51');

--
-- Table structure for table `banner_image`
--

CREATE TABLE `banner_image` (
  `id` int(10) unsigned NOT NULL AUTO_INCREMENT,
  `banner_id` int(11) NOT NULL,
  `banner_image` longtext NOT NULL,
  `created_at` timestamp NOT NULL DEFAULT current_timestamp(),
  `updated_at` timestamp NULL DEFAULT current_timestamp() ON UPDATE current_timestamp(),
  PRIMARY KEY (`id`)
) ENGINE=InnoDB AUTO_INCREMENT=7 DEFAULT CHARSET=utf8mb4;

--
-- Dumping data for table `banner_image`
--

INSERT INTO `banner_image` VALUES
(1,6,'izXlAyyv6Ifah6FfdtnXUklGRogJAABXRUJQVlA4IHwJAAAQNACdASrwALQAPm02l0gkIyIhI3a6MIANiU3cLlIf0+P8d2+IPOy/lPzWHHXjvo6SWddn7b+0fkr71f9n7Dvyr/u/cA/s38y6S3mA/W79fPdD/wH7De5L0AP12/+frAexH6GH7Yemr+4fwj/uV+4/tD///WiPGf9A7Xf8B0R3pf2nzj310/Mf2Hyz8A9q//G/zrfnwAfmv9A/wnhZaine3WoPHfYA/R3n0f7X3Ve2j6i9g39butCPVLGCkICUyCxftqWMFIQEpkFi/bUsYKHd9lEbZ5/0PHjA+SlZgWWYlswVu90RhbWMpBvpuvtebs1zy9itjVCS4KkU+ed2ZiGrbWaYC7oWxTi8+6YS40dUbdUemQWsblzdQybVGmOqjOBR7Hk87SlhDTCTNhG/4PLEicKG36w0/DpB4PPL0e6BaPIMRIpQq0HyZl3lk48RxBvAPi4CzjO89UHs0whjf744AzyDPCcKWgy0puFmXj7GT3nfVppw9nNE0MaUNEa95l7RQORsqOEJSWWNs8/5w73yfutSxgpCAlMgsX7aljBSEBKZBYv21LGBwAD+/3DgAAADYsjo4aJ38WFmk/WV1mob/wD+d4FeH/dN+h7dPX66iQh3DGRinGC0D6x1kN8w5EkAVlsdyb76Sy2O5UeqT2TSpQ6nHxBOQc1kwy7awJfkZzgM+0jwBHyw0rU5vljfy48ms6WGHkwjr3y925thgnvTopSCaoFrkvpPaiJynA1YKJiMoUKfwutuLM5ayHaYSo6Rm+z1CKbLWfx2tRruP1izM4yqZak2M/yFI68Ckcp5DXMb6hoKW4ZiwOWW3Aw1P/wf92AMd+xuuXzVZZ+dLzR5eT8Zbe9+Wg90NbtvhWaVFeXq4QfF43jQX3+pRLswKIbDG/w//cuWuVink3xIEBy4qP8QhuqQUKfXN/5yvc78o/PVvj3OYrfyKcZamyzmdqwM/XYGQmxg45eS50+mzQHo5Zni7BwpkednsHfPUeSEUiNKJhdF4LHMU6/cucujBDxeR/kIMaYfXjqe6Vcw76JKU69/eAr0FcAXADqeP6RDEVzrE8IGLeSm+FCQ6/E3qpwup+udy2aInyIhjxH7Tu4OxTk547557t+PbWvGNzR2rTbS78vEwmdo6zp5cYidqJIBmkhKDwanCLZRlyN1kKauMEzM+n3Uc2KSzjeeNmLrIY+jz2Jxtq5x1eNgM3kY7k70GWQVQluYX04sD+Qprq780KaF9PTB/id5hAZ/outDdGtBUVZzeOmlYb0ox5IIfdFv2v0sI1Jo08KssPr7H0vqDRM5ZkdKzC6xUc+LO2j7VC109E7fucETbKc4q6g3gmopcEnUQEix9JX6x94tdfa12dMZ53pk0om97Bd864b4AeL6TtQLDC8Wdvm8hHC1m4rAOvQuFlDGjQE1RS/bL3BVJYkHxA5GIRYh5LtzbBWF9cBx/m+x9ar5ZuM1wHO5TPMFI/xFlgV4TL6TKrT6S0JeawYwksnLaNNTYRzSH7WHSLngukoIMh2OQQDqHaSQdWB6+i89tYZ774M9malojd4fXXY0mZouawXjOOH65ZYW1bNKsmpf7j9Ng8fZxACc7kW6BO3PZRan8XkcRWyfpoh/O1ocDhKiYrE2lbgP9FR5HIjXG+MuLkX8iSHAZzjJ/tFx4u3J4s2McyTFKBfPhSktIaJvNzhqHl71D+Eyx6V9Ou2+Yqg6gyFKGUELjuaOg2l7Iqa3MozYXL0KqTUX+i1kEQZvRklsuQUyPHoyf0Lqbyjuau/h43/azfHU+1My1aalDfci1To8dxL9vWj3hSwlZ8RHa4YQM+HlRYiI6iOaz6gg0O+ij37WDMbd4I7LX0E/oefr8Uvd4Ja+cuYf46RCPhhsd405isTmga+P/S4wa4qseSO7K0AumkvDGVzGN52IPp9Zvw1WX3iRlBjEmFLYC7BQgc0RLz0huY4RhrVvYoSxUqPBtGCCJC8tcncxwxktc3awe3mfFtV6OJD4kbkZm5q2mlT1FUtTSNnBfyeP7TJ/ectyLT5KFTIdN3D8hHaFyYjJYOr+HHJQLEpbZRJyhHzBGW2Xn5SRfI+lqI1C9z9y16g2xz8+eQB9HpRocTbqtSw8b8ayw8FF1T3bpayy/FLUxpiRln5yB+GqId+XSw3Kvi+xxFzVRqzbOFmMVAkM8jk9g9TowzF0nweU57wVyZ9pPaJM79NJ3daMQd9pOVE/n8JE+/rmnxv8xH8HwiDBUsjNLmYbIYpAhobcbKaq2zBp2fJqCs38WM40Cx8YVGoyyZO54Ytc6bAEA6DG4FUFNSwTgJLj2/OUzhi2K+85PlzYaGL+JJm3pNUuxAK2Oo3qFoxVp5NnZBCbwbzHaoj36EbcAfo75gVIJE6QA7l4BAqmHXKS66SUdmGiN+gZPdPSIZJAp+W8g1N1tiHXhkyrttiP2DTv8yI79pw6Bp8+bML9m/wBOA2lA9Np2aMQFikaAxjACPfCamPRAOtcR3OVgWGrTefWuiZIRroxhWr2zT/SndVC9KyMli3+lCgFjqPDZtPAGnMglb4aq6R7AAmsuITC96VYnSCD5oNlSyoDCxInf+BCUBjgzkaX1zWK4fNRnMkOZtk7FGnGkZyG0qFv+HPipED6b/8TIBsEBwXSKetwlh+Y9UClGqEa7uGZe19cOtNaf5a2JylWFzo5qgr6SilWUzkp6BB8VOBp8MZ2OVRZCjPNrSbLIl08AU2Pnt3AE7IyXILE9jHXIihJw/Fs6lIFBD4/P6lwz47JdcwB/lmRUX5jKZ08X/BPzyX1qi8G/1mM3YQoM1N1+uqJAlhgM7cyJyC0fbyybZX6iROtRV8RBQZlUpCSG/Z9kmNiKr0axorO+9/FAlhhf/B1HOy3IpUBJuAbscZraERkqKG/3fQuxE/0JZrfp8nh0OaWmnJkaqtFU7dwkoMrcv1R7JsBD1XT+ZJ86QBtVEFX7VHr9CjKB6/qtlVuWp3yf6+pvqaYDRH1/tdv+6BJAyORok2xBhUleASptvCkMe831bwL7/yy3e47cFPGYF+/Saj84A/2JoyfOz/mVhNPjpEsyPTlW41N0fx9CdW6O5q10+3yvfi5MS8/KclT8G7KoY4q/iiw9MCrOMZqKKIP7WPgC31asojJoALWFgZQBHLZAtZ57b+GHrfU5TiYX+FVmNHrRpUErWtAwVtC0FsiGTrWzrWzrW2gEnsRXnFGyeDlCWdim+73kwcoAAAAAAAA','2023-08-07 05:41:38','2023-08-07 05:41:38'),
(2,5,'[encoded data, 21100 characters]','2023-08-07 05:41:38','2023-08-07 05:41:38'),
(3,4,'[encoded data, 10760 characters]','2023-08-07 05:41:38','2023-08-07 05:41:38'),
(4,3,'[encoded data, 11612 characters]','2023-08-07 05:41:38','2023-08-07 05:41:38'),
(5,2,'[encoded data, 24908 characters]','2023-08-07 05:41:38','2023-08-07 05:41:38'),
(6,7,'[encoded data, 42980 characters]','2023-08-08 12:22:51','2023-08-08 12:22:51');

--
-- Table structure for table `banner_statistics`
--

CREATE TABLE `banner_statistics` (
  `id` int(10) unsigned NOT NULL AUTO_INCREMENT,
  `user_id` int(11) NOT NULL,
  `banner_id` int(11) NOT NULL,
  `gender` varchar(20) NOT NULL,
  `display_mode` int(11) NOT NULL,
  `count` int(11) NOT NULL,
  `created_at` datetime NOT NULL DEFAULT current_timestamp(),
  `updated_at` datetime DEFAULT current_timestamp() ON UPDATE current_timestamp(),
  PRIMARY KEY (`id`)
) ENGINE=InnoDB AUTO_INCREMENT=13 DEFAULT CHARSET=utf8mb4;

--
-- Dumping data for table `banner_statistics`
--

INSERT INTO `banner_statistics` VALUES
(1,1,2,'M',1,1,'2023-02-28 05:20:46','2023-02-28 05:20:46'),
(2,1,2,'M',0,1,'2023-02-28 05:50:14','2023-02-28 05:50:14'),
(3,8,3,'U',0,5,'2023-03-20 06:25:28','2023-03-20 06:37:08'),
(4,1,3,'M',0,1,'2023-03-20 06:28:27','2023-03-20 06:28:27'),
(5,1,4,'M',0,3,'2023-03-20 06:30:23','2023-03-23 04:42:56'),
(6,9,3,'U',0,1,'2023-03-20 08:16:05','2023-03-20 08:16:05'),
(7,8,4,'U',0,2,'2023-03-20 08:32:34','2023-03-20 08:33:45'),
(8,33,5,'U',0,6,'2023-05-07 18:34:39','2023-06-19 13:05:54'),
(9,34,5,'U',0,1,'2023-06-12 13:49:58','2023-06-12 13:49:58'),
(10,43,6,'M',0,2,'2023-06-21 10:11:46','2023-06-21 17:14:34'),
(11,31,6,'U',0,3,'2023-06-21 10:43:20','2023-06-21 11:08:02'),
(12,44,6,'M',1,1,'2023-06-26 08:27:15','2023-06-26 08:27:15');

--
-- Table structure for table `birthdays`
--

CREATE TABLE `birthdays` (
  `id` int(10) unsigned NOT NULL AUTO_INCREMENT,
  `date` datetime NOT NULL,
  `created_by` varchar(255) NOT NULL,
  `updated_by` varchar(255) NOT NULL,
  `user_id` int(11) NOT NULL,
  `appointment_id` int(11) NOT NULL,
  PRIMARY KEY (`id`)
) ENGINE=InnoDB DEFAULT CHARSET=utf8mb4;

--
-- Dumping data for table `birthdays`
--


--
-- Table structure for table `chat`
--

CREATE TABLE `chat` (
  `id` int(10) unsigned NOT NULL AUTO_INCREMENT,
  `room_id` varchar(600) DEFAULT NULL,
  `message` text DEFAULT NULL,
  `sender_id` varchar(255) DEFAULT NULL,
  `receiver_id` varchar(255) DEFAULT NULL,
  `created_at` timestamp NOT NULL DEFAULT current_timestamp(),
  PRIMARY KEY (`id`)
) ENGINE=InnoDB AUTO_INCREMENT=127 DEFAULT CHARSET=utf8mb4;

--
-- Dumping data for table `chat`
--

INSERT INTO `chat` VALUES
(1,'1,6','{\"message\":\"fdgf\",\"timestamp\":1665117212170,\"senderUid\":\"1\",\"read\":false,\"readers\":[],\"messageType\":\"text\"}','1','6','2022-10-07 04:33:32'),
(2,'1,6','{\"message\":\"server\",\"timestamp\":1665117850456,\"senderUid\":\"1\",\"read\":false,\"readers\":[],\"messageType\":\"text\"}','1','6','2022-10-07 04:44:10'),
(3,'1,6','{\"message\":\"hel\",\"timestamp\":1665119175892,\"senderUid\":\"1\",\"read\":false,\"readers\":[],\"messageType\":\"text\"}','1','6','2022-10-07 05:06:15'),
(4,'1,6','{\"message\":\"hiii Aditya\",\"timestamp\":1665120943867,\"senderUid\":\"1\",\"read\":false,\"readers\":[],\"messageType\":\"text\"}','1','6','2022-10-07 05:35:43'),
(5,'1,6','{\"message\":\"ewfasdfasd\",\"timestamp\":1665120989402,\"senderUid\":\"1\",\"read\":false,\"readers\":[],\"messageType\":\"text\"}','1','6','2022-10-07 05:36:29'),
(6,'1,6','{\"message\":\"what are you doing\",\"timestamp\":1665121037477,\"senderUid\":\"1\",\"read\":false,\"readers\":[],\"messageType\":\"text\"}','1','6','2022-10-07 05:37:17'),
(7,'1,6','{\"message\":\"wow\",\"timestamp\":1665121059450,\"senderUid\":\"1\",\"read\":false,\"readers\":[],\"messageType\":\"text\"}','1','6','2022-10-07 05:37:39'),
(8,'1,6','{\"message\":\"superb\",\"timestamp\":1665121067463,\"senderUid\":\"1\",\"read\":false,\"readers\":[],\"messageType\":\"text\"}','1','6','2022-10-07 05:37:47'),
(9,'1,6','{\"message\":\"h\",\"timestamp\":1666254099082,\"senderUid\":\"1\",\"read\":false,\"readers\":[],\"messageType\":\"text\"}','1','6','2022-10-20 08:21:39'),
(10,'1,6','{\"message\":\"hgfh hh ghg gh efr\",\"timestamp\":1666254117990,\"senderUid\":\"1\",\"read\":false,\"readers\":[],\"messageType\":\"text\"}','1','6','2022-10-20 08:21:57'),
(11,'1,6','{\"message\":\"Hallo Tarun, check if chat is working.\",\"timestamp\":1666778039106,\"senderUid\":\"1\",\"read\":false,\"readers\":[],\"messageType\":\"text\"}','1','6','2022-10-26 09:53:59'),
(12,'1,6','{\"message\":\"Hi\",\"timestamp\":1669094062173,\"senderUid\":\"1\",\"read\":false,\"readers\":[],\"messageType\":\"text\"}','1','6','2022-11-22 05:14:22'),
(13,'8,9','{\"message\":\"test editor\",\"timestamp\":1670998307868,\"senderUid\":\"8\",\"read\":false,\"readers\":[],\"messageType\":\"text\"}','8','9','2022-12-14 06:11:47'),
(14,'1,7','{\"message\":\"Hello\",\"timestamp\":1672088831267,\"senderUid\":\"1\",\"read\":false,\"readers\":[],\"messageType\":\"text\"}','1','7','2022-12-26 21:07:11'),
(15,'1,8','{\"message\":\"Hii Good morning ,\\nHow are doing?\",\"timestamp\":1672203081089,\"senderUid\":\"1\",\"read\":true,\"readers\":[],\"messageType\":\"text\"}','1','8','2022-12-28 04:51:21'),
(16,'1,8','{\"message\":\"Heyy\",\"timestamp\":1672203176808,\"senderUid\":\"1\",\"read\":true,\"readers\":[],\"messageType\":\"text\"}','1','8','2022-12-28 04:52:56'),
(17,'21,22','{\"message\":\"Salü\",\"timestamp\":1674811744986,\"senderUid\":\"21\",\"read\":true,\"readers\":[],\"messageType\":\"text\"}','21','22','2023-01-27 09:29:04'),
(18,'21,22','{\"message\":\"Hi\",\"timestamp\":1674811772145,\"senderUid\":\"22\",\"read\":true,\"readers\":[],\"messageType\":\"text\"}','22','21','2023-01-27 09:29:32'),
(19,'21,22','{\"message\":\"https://firebasestorage.googleapis.com/v0/b/friendlychat-97fd3.appspot.com/o/21%2F22%2F23_01_verein_cloud_produktwelt.png?alt=media&token=123123123123\",\"timestamp\":1674811822356,\"senderUid\":\"21\",\"read\":true,\"readers\":[],\"messageType\":\"image\"}','21','22','2023-01-27 09:30:22'),
(20,'21,22','{\"message\":\"Bild kam an\",\"timestamp\":1674811860171,\"senderUid\":\"22\",\"read\":true,\"readers\":[],\"messageType\":\"text\"}','22','21','2023-01-27 09:31:00'),
(21,'21,22','{\"message\":\"des isch ja huralässig\",\"timestamp\":1674812028513,\"senderUid\":\"21\",\"read\":true,\"readers\":[],\"messageType\":\"text\"}','21','22','2023-01-27 09:33:48'),
(22,'1,8','{\"message\":\"hello\",\"timestamp\":1674825915750,\"senderUid\":\"8\",\"read\":true,\"readers\":[],\"messageType\":\"text\"}','8','1','2023-01-27 13:25:15'),
(23,'1,6','{\"message\":\"Hello Helge how are you\\n\",\"timestamp\":1674825944299,\"senderUid\":\"6\",\"read\":false,\"readers\":[],\"messageType\":\"text\"}','6','1','2023-01-27 13:25:44'),
(24,'1,7','{\"message\":\"Fine\",\"timestamp\":1674825962875,\"senderUid\":\"1\",\"read\":false,\"readers\":[],\"messageType\":\"text\"}','1','7','2023-01-27 13:26:02'),
(25,'1,8','{\"message\":\"yes\",\"timestamp\":1674825969542,\"senderUid\":\"8\",\"read\":true,\"readers\":[],\"messageType\":\"text\"}','8','1','2023-01-27 13:26:09'),
(26,'1,6','{\"message\":\"Hyyyyy\",\"timestamp\":1674825995036,\"senderUid\":\"1\",\"read\":false,\"readers\":[],\"messageType\":\"text\"}','1','6','2023-01-27 13:26:35'),
(27,'1,8','{\"message\":\"hey \",\"timestamp\":1674826002074,\"senderUid\":\"8\",\"read\":true,\"readers\":[],\"messageType\":\"text\"}','8','1','2023-01-27 13:26:42'),
(28,'1,6','{\"message\":\"Hello tarun\",\"timestamp\":1674827331438,\"senderUid\":\"1\",\"read\":false,\"readers\":[],\"messageType\":\"text\"}','1','6','2023-01-27 13:48:51'),
(29,'1,6','{\"message\":\"hello\",\"timestamp\":1674827592272,\"senderUid\":\"6\",\"read\":false,\"readers\":[],\"messageType\":\"text\"}','6','1','2023-01-27 13:53:12'),
(30,'1,6','{\"message\":\"hyyy\",\"timestamp\":1674827694344,\"senderUid\":\"6\",\"read\":false,\"readers\":[],\"messageType\":\"text\"}','6','1','2023-01-27 13:54:54'),
(31,'1,8','{\"message\":\"ji\",\"timestamp\":1675330763653,\"senderUid\":\"8\",\"read\":true,\"readers\":[],\"messageType\":\"text\"}','8','1','2023-02-02 09:39:23'),
(32,'1,8','{\"message\":\"hii\",\"timestamp\":1675330801045,\"senderUid\":\"1\",\"read\":true,\"readers\":[],\"messageType\":\"text\"}','1','8','2023-02-02 09:40:01'),
(33,'1,8','{\"message\":\"ko\",\"timestamp\":1675330801411,\"senderUid\":\"8\",\"read\":true,\"readers\":[],\"messageType\":\"text\"}','8','1','2023-02-02 09:40:01'),
(34,'1,8','{\"message\":\"lo\",\"timestamp\":1675330815110,\"senderUid\":\"8\",\"read\":true,\"readers\":[],\"messageType\":\"text\"}','8','1','2023-02-02 09:40:15'),
(35,'1,8','{\"message\":\"pop\",\"timestamp\":1675330827542,\"senderUid\":\"8\",\"read\":true,\"readers\":[],\"messageType\":\"text\"}','8','1','2023-02-02 09:40:27'),
(36,'1,8','{\"message\":\"hii\",\"timestamp\":1675330830617,\"senderUid\":\"1\",\"read\":true,\"readers\":[],\"messageType\":\"text\"}','1','8','2023-02-02 09:40:30'),
(37,'1,8','{\"message\":\"lp\",\"timestamp\":1675330837025,\"senderUid\":\"8\",\"read\":true,\"readers\":[],\"messageType\":\"text\"}','8','1','2023-02-02 09:40:37'),
(38,'1,8','{\"message\":\"hii\",\"timestamp\":1675330890628,\"senderUid\":\"1\",\"read\":true,\"readers\":[],\"messageType\":\"text\"}','1','8','2023-02-02 09:41:30'),
(39,'1,8','{\"message\":\"lpo\",\"timestamp\":1675330893563,\"senderUid\":\"8\",\"read\":true,\"readers\":[],\"messageType\":\"text\"}','8','1','2023-02-02 09:41:33'),
(40,'1,8','{\"message\":\"\'\'\'\",\"timestamp\":1675330983734,\"senderUid\":\"8\",\"read\":true,\"readers\":[],\"messageType\":\"text\"}','8','1','2023-02-02 09:43:03'),
(41,'1,8','{\"message\":\"New message\",\"timestamp\":1675331674909,\"senderUid\":\"8\",\"read\":true,\"readers\":[],\"messageType\":\"text\"}','8','1','2023-02-02 09:54:34'),
(42,'1,8','{\"message\":\"hello world\",\"timestamp\":1675331690663,\"senderUid\":\"8\",\"read\":true,\"readers\":[],\"messageType\":\"text\"}','8','1','2023-02-02 09:54:50'),
(43,'1,6','{\"message\":\"hello tarun\",\"timestamp\":1675331794987,\"senderUid\":\"1\",\"read\":false,\"readers\":[],\"messageType\":\"text\"}','1','6','2023-02-02 09:56:34'),
(44,'1,6','{\"message\":\"hi\",\"timestamp\":1675331823762,\"senderUid\":\"6\",\"read\":true,\"readers\":[],\"messageType\":\"text\"}','6','1','2023-02-02 09:57:03'),
(45,'1,6','{\"message\":\"fine\",\"timestamp\":1675331868350,\"senderUid\":\"1\",\"read\":true,\"readers\":[],\"messageType\":\"text\"}','1','6','2023-02-02 09:57:48'),
(46,'1,6','{\"message\":\"het\",\"timestamp\":1675331901106,\"senderUid\":\"6\",\"read\":true,\"readers\":[],\"messageType\":\"text\"}','6','1','2023-02-02 09:58:21'),
(47,'1,6','{\"message\":\"one\",\"timestamp\":1675331913229,\"senderUid\":\"6\",\"read\":true,\"readers\":[],\"messageType\":\"text\"}','6','1','2023-02-02 09:58:33'),
(48,'1,8','{\"message\":\"hi\",\"timestamp\":1675331946928,\"senderUid\":\"1\",\"read\":true,\"readers\":[],\"messageType\":\"text\"}','1','8','2023-02-02 09:59:06'),
(49,'1,8','{\"message\":\"Hi helge\",\"timestamp\":1675331971712,\"senderUid\":\"8\",\"read\":true,\"readers\":[],\"messageType\":\"text\"}','8','1','2023-02-02 09:59:31'),
(50,'1,6','{\"message\":\"ji\",\"timestamp\":1675333796401,\"senderUid\":\"6\",\"read\":true,\"readers\":[],\"messageType\":\"text\"}','6','1','2023-02-02 10:29:56'),
(51,'1,6','{\"message\":\"ghf\",\"timestamp\":1675333842396,\"senderUid\":\"6\",\"read\":true,\"readers\":[],\"messageType\":\"text\"}','6','1','2023-02-02 10:30:42'),
(52,'1,6','{\"message\":\"new msg\",\"timestamp\":1675334507705,\"senderUid\":\"6\",\"read\":true,\"readers\":[],\"messageType\":\"text\"}','6','1','2023-02-02 10:41:47'),
(53,'1,6','{\"message\":\"once again\",\"timestamp\":1675334543680,\"senderUid\":\"6\",\"read\":true,\"readers\":[],\"messageType\":\"text\"}','6','1','2023-02-02 10:42:23'),
(54,'1,6','{\"message\":\"let me reply\",\"timestamp\":1675334582569,\"senderUid\":\"6\",\"read\":true,\"readers\":[],\"messageType\":\"text\"}','6','1','2023-02-02 10:43:02'),
(55,'1,6','{\"message\":\"once check\",\"timestamp\":1675334631354,\"senderUid\":\"6\",\"read\":true,\"readers\":[],\"messageType\":\"text\"}','6','1','2023-02-02 10:43:51'),
(56,'1,8','{\"message\":\"hy\",\"timestamp\":1675334729924,\"senderUid\":\"1\",\"read\":true,\"readers\":[],\"messageType\":\"text\"}','1','8','2023-02-02 10:45:29'),
(57,'1,6','{\"message\":\"yes\",\"timestamp\":1675334745723,\"senderUid\":\"6\",\"read\":true,\"readers\":[],\"messageType\":\"text\"}','6','1','2023-02-02 10:45:45'),
(58,'1,6','{\"message\":\"five\",\"timestamp\":1675334824346,\"senderUid\":\"6\",\"read\":true,\"readers\":[],\"messageType\":\"text\"}','6','1','2023-02-02 10:47:04'),
(59,'1,6','{\"message\":\"six\",\"timestamp\":1675334836757,\"senderUid\":\"6\",\"read\":true,\"readers\":[],\"messageType\":\"text\"}','6','1','2023-02-02 10:47:16'),
(60,'1,6','{\"message\":\"hyy tarun\",\"timestamp\":1675420649262,\"senderUid\":\"1\",\"read\":true,\"readers\":[],\"messageType\":\"text\"}','1','6','2023-02-03 10:37:29'),
(61,'1,6','{\"message\":\"I am fine how are you\",\"timestamp\":1675420829404,\"senderUid\":\"6\",\"read\":true,\"readers\":[],\"messageType\":\"text\"}','6','1','2023-02-03 10:40:29'),
(62,'1,6','{\"message\":\"ok\",\"timestamp\":1675420851296,\"senderUid\":\"1\",\"read\":true,\"readers\":[],\"messageType\":\"text\"}','1','6','2023-02-03 10:40:51'),
(63,'1,6','{\"message\":\"hii\",\"timestamp\":1675420987554,\"senderUid\":\"1\",\"read\":true,\"readers\":[],\"messageType\":\"text\"}','1','6','2023-02-03 10:43:07'),
(64,'1,6','{\"message\":\"Where is your message\",\"timestamp\":1675421006392,\"senderUid\":\"6\",\"read\":true,\"readers\":[],\"messageType\":\"text\"}','6','1','2023-02-03 10:43:26'),
(65,'1,6','{\"message\":\"ok got it\",\"timestamp\":1675421013234,\"senderUid\":\"6\",\"read\":true,\"readers\":[],\"messageType\":\"text\"}','6','1','2023-02-03 10:43:33'),
(66,'1,6','{\"message\":\"Refresh karna padra h\",\"timestamp\":1675421045224,\"senderUid\":\"1\",\"read\":true,\"readers\":[],\"messageType\":\"text\"}','1','6','2023-02-03 10:44:05'),
(67,'1,6','{\"message\":\"no actually its taking time\",\"timestamp\":1675421079407,\"senderUid\":\"6\",\"read\":true,\"readers\":[],\"messageType\":\"text\"}','6','1','2023-02-03 10:44:39'),
(68,'1,6','{\"message\":\"Wait for a while\",\"timestamp\":1675421116623,\"senderUid\":\"6\",\"read\":true,\"readers\":[],\"messageType\":\"text\"}','6','1','2023-02-03 10:45:16'),
(69,'6,8','{\"message\":\"hi\",\"timestamp\":1675421164442,\"senderUid\":\"8\",\"read\":true,\"readers\":[],\"messageType\":\"text\"}','8','6','2023-02-03 10:46:04'),
(70,'6,8','{\"message\":\"Hi Tarun\",\"timestamp\":1675421177631,\"senderUid\":\"8\",\"read\":true,\"readers\":[],\"messageType\":\"text\"}','8','6','2023-02-03 10:46:17'),
(71,'1,6','{\"message\":\"trail 2\",\"timestamp\":1675421190932,\"senderUid\":\"1\",\"read\":true,\"readers\":[],\"messageType\":\"text\"}','1','6','2023-02-03 10:46:30'),
(72,'6,8','{\"message\":\"Hello\",\"timestamp\":1675421211749,\"senderUid\":\"6\",\"read\":true,\"readers\":[],\"messageType\":\"text\"}','6','8','2023-02-03 10:46:51'),
(73,'1,6','{\"message\":\"Ya we have refresh the page\",\"timestamp\":1675421232333,\"senderUid\":\"6\",\"read\":true,\"readers\":[],\"messageType\":\"text\"}','6','1','2023-02-03 10:47:12'),
(74,'6,8','{\"message\":\"gghhh\",\"timestamp\":1675421245703,\"senderUid\":\"8\",\"read\":true,\"readers\":[],\"messageType\":\"text\"}','8','6','2023-02-03 10:47:25'),
(75,'6,8','{\"message\":\"hyyyyy\",\"timestamp\":1675421258777,\"senderUid\":\"6\",\"read\":true,\"readers\":[],\"messageType\":\"text\"}','6','8','2023-02-03 10:47:38'),
(76,'6,8','{\"message\":\"How are you\",\"timestamp\":1675421279894,\"senderUid\":\"6\",\"read\":true,\"readers\":[],\"messageType\":\"text\"}','6','8','2023-02-03 10:47:59'),
(77,'1,6','{\"message\":\"seee the magic\",\"timestamp\":1675421293617,\"senderUid\":\"6\",\"read\":true,\"readers\":[],\"messageType\":\"text\"}','6','1','2023-02-03 10:48:13'),
(78,'6,8','{\"message\":\"hello are you able to see\",\"timestamp\":1675421317080,\"senderUid\":\"6\",\"read\":true,\"readers\":[],\"messageType\":\"text\"}','6','8','2023-02-03 10:48:37'),
(79,'6,8','{\"message\":\"Helllo\",\"timestamp\":1675421342496,\"senderUid\":\"6\",\"read\":true,\"readers\":[],\"messageType\":\"text\"}','6','8','2023-02-03 10:49:02'),
(80,'6,8','{\"message\":\"how are you\",\"timestamp\":1675421352269,\"senderUid\":\"6\",\"read\":true,\"readers\":[],\"messageType\":\"text\"}','6','8','2023-02-03 10:49:12'),
(81,'6,8','{\"message\":\"fgg\",\"timestamp\":1675421355579,\"senderUid\":\"8\",\"read\":true,\"readers\":[],\"messageType\":\"text\"}','8','6','2023-02-03 10:49:15'),
(82,'6,8','{\"message\":\"hyyyy\",\"timestamp\":1675421368123,\"senderUid\":\"6\",\"read\":true,\"readers\":[],\"messageType\":\"text\"}','6','8','2023-02-03 10:49:28'),
(83,'6,8','{\"message\":\"hello\",\"timestamp\":1675421385429,\"senderUid\":\"8\",\"read\":true,\"readers\":[],\"messageType\":\"text\"}','8','6','2023-02-03 10:49:45'),
(84,'6,8','{\"message\":\"hyyyyyyyyyyyy\",\"timestamp\":1675421406874,\"senderUid\":\"6\",\"read\":true,\"readers\":[],\"messageType\":\"text\"}','6','8','2023-02-03 10:50:06'),
(85,'6,8','{\"message\":\"hello tarun\",\"timestamp\":1675421458950,\"senderUid\":\"8\",\"read\":true,\"readers\":[],\"messageType\":\"text\"}','8','6','2023-02-03 10:50:58'),
(86,'1,6','{\"message\":\"hyyyy\",\"timestamp\":1675421470830,\"senderUid\":\"6\",\"read\":true,\"readers\":[],\"messageType\":\"text\"}','6','1','2023-02-03 10:51:10'),
(87,'1,6','{\"message\":\"hyyyyyyy\",\"timestamp\":1675421491329,\"senderUid\":\"6\",\"read\":true,\"readers\":[],\"messageType\":\"text\"}','6','1','2023-02-03 10:51:31'),
(88,'1,6','{\"message\":\"helloo helge\",\"timestamp\":1675421525443,\"senderUid\":\"6\",\"read\":true,\"readers\":[],\"messageType\":\"text\"}','6','1','2023-02-03 10:52:05'),
(89,'1,6','{\"message\":\"hi\",\"timestamp\":1675421537240,\"senderUid\":\"1\",\"read\":true,\"readers\":[],\"messageType\":\"text\"}','1','6','2023-02-03 10:52:17'),
(90,'1,6','{\"message\":\"hhyyyyyyyyyyyyyyyyyyyyyyyyyyyyyyyyyyyyyyy\",\"timestamp\":1675421548800,\"senderUid\":\"6\",\"read\":true,\"readers\":[],\"messageType\":\"text\"}','6','1','2023-02-03 10:52:28'),
(91,'1,6','{\"message\":\"klklk\",\"timestamp\":1675421566291,\"senderUid\":\"1\",\"read\":true,\"readers\":[],\"messageType\":\"text\"}','1','6','2023-02-03 10:52:46'),
(92,'6,9','{\"message\":\"test\",\"timestamp\":1675421649471,\"senderUid\":\"9\",\"read\":true,\"readers\":[],\"messageType\":\"text\"}','9','6','2023-02-03 10:54:09'),
(93,'6,8','{\"message\":\"hii\",\"timestamp\":1675421650610,\"senderUid\":\"8\",\"read\":true,\"readers\":[],\"messageType\":\"text\"}','8','6','2023-02-03 10:54:10'),
(94,'6,9','{\"message\":\"hyyy\",\"timestamp\":1675421666974,\"senderUid\":\"6\",\"read\":true,\"readers\":[],\"messageType\":\"text\"}','6','9','2023-02-03 10:54:26'),
(95,'6,9','{\"message\":\"hello\",\"timestamp\":1675421689932,\"senderUid\":\"9\",\"read\":true,\"readers\":[],\"messageType\":\"text\"}','9','6','2023-02-03 10:54:49'),
(96,'6,9','{\"message\":\"See in taruns \",\"timestamp\":1675421694099,\"senderUid\":\"6\",\"read\":true,\"readers\":[],\"messageType\":\"text\"}','6','9','2023-02-03 10:54:54'),
(97,'6,8','{\"message\":\"helllo\",\"timestamp\":1675421703995,\"senderUid\":\"6\",\"read\":true,\"readers\":[],\"messageType\":\"text\"}','6','8','2023-02-03 10:55:04'),
(98,'6,9','{\"message\":\"hhhyyy\",\"timestamp\":1675421729119,\"senderUid\":\"6\",\"read\":true,\"readers\":[],\"messageType\":\"text\"}','6','9','2023-02-03 10:55:29'),
(99,'6,8','{\"message\":\"hyy\",\"timestamp\":1675421743372,\"senderUid\":\"6\",\"read\":true,\"readers\":[],\"messageType\":\"text\"}','6','8','2023-02-03 10:55:43'),
(100,'6,9','{\"message\":\"hyyyyyy\",\"timestamp\":1675421762210,\"senderUid\":\"6\",\"read\":true,\"readers\":[],\"messageType\":\"text\"}','6','9','2023-02-03 10:56:02'),
(101,'6,9','{\"message\":\"join the chat\",\"timestamp\":1675421793545,\"senderUid\":\"9\",\"read\":true,\"readers\":[],\"messageType\":\"text\"}','9','6','2023-02-03 10:56:33'),
(102,'6,8','{\"message\":\"join chat\",\"timestamp\":1675421817935,\"senderUid\":\"6\",\"read\":true,\"readers\":[],\"messageType\":\"text\"}','6','8','2023-02-03 10:56:57'),
(103,'6,9','{\"message\":\"got the same\",\"timestamp\":1675421834400,\"senderUid\":\"6\",\"read\":true,\"readers\":[],\"messageType\":\"text\"}','6','9','2023-02-03 10:57:14'),
(104,'6,9','{\"message\":\"hjk\",\"timestamp\":1675421861829,\"senderUid\":\"9\",\"read\":true,\"readers\":[],\"messageType\":\"text\"}','9','6','2023-02-03 10:57:41'),
(105,'6,8','{\"message\":\"kya kare\",\"timestamp\":1675421899932,\"senderUid\":\"8\",\"read\":true,\"readers\":[],\"messageType\":\"text\"}','8','6','2023-02-03 10:58:19'),
(106,'6,9','{\"message\":\"hyyy\",\"timestamp\":1675421900534,\"senderUid\":\"6\",\"read\":true,\"readers\":[],\"messageType\":\"text\"}','6','9','2023-02-03 10:58:20'),
(107,'6,8','{\"message\":\"still not confirmed\",\"timestamp\":1675421931729,\"senderUid\":\"6\",\"read\":true,\"readers\":[],\"messageType\":\"text\"}','6','8','2023-02-03 10:58:51'),
(108,'6,8','{\"message\":\"some time its working \",\"timestamp\":1675421945011,\"senderUid\":\"6\",\"read\":true,\"readers\":[],\"messageType\":\"text\"}','6','8','2023-02-03 10:59:05'),
(109,'6,9','{\"message\":\"I think its taking timme\",\"timestamp\":1675421969866,\"senderUid\":\"6\",\"read\":true,\"readers\":[],\"messageType\":\"text\"}','6','9','2023-02-03 10:59:29'),
(110,'6,8','{\"message\":\"this two were recived without reload\",\"timestamp\":1675421975641,\"senderUid\":\"8\",\"read\":true,\"readers\":[],\"messageType\":\"text\"}','8','6','2023-02-03 10:59:35'),
(111,'6,8','{\"message\":\"i think so\",\"timestamp\":1675421989203,\"senderUid\":\"6\",\"read\":true,\"readers\":[],\"messageType\":\"text\"}','6','8','2023-02-03 10:59:49'),
(112,'6,8','{\"message\":\"ask aditya sir to have a look in it\",\"timestamp\":1675422006793,\"senderUid\":\"6\",\"read\":true,\"readers\":[],\"messageType\":\"text\"}','6','8','2023-02-03 11:00:06'),
(113,'6,8','{\"message\":\"Hello sir\",\"timestamp\":1675422063942,\"senderUid\":\"6\",\"read\":true,\"readers\":[],\"messageType\":\"text\"}','6','8','2023-02-03 11:01:03'),
(114,'6,8','{\"message\":\"this should not be done\",\"timestamp\":1675422090491,\"senderUid\":\"8\",\"read\":true,\"readers\":[],\"messageType\":\"text\"}','8','6','2023-02-03 11:01:30'),
(115,'6,8','{\"message\":\"ya we are gonna work on it\",\"timestamp\":1675422111084,\"senderUid\":\"6\",\"read\":true,\"readers\":[],\"messageType\":\"text\"}','6','8','2023-02-03 11:01:51'),
(116,'6,8','{\"message\":\"it should not be account baised\",\"timestamp\":1675422116150,\"senderUid\":\"8\",\"read\":true,\"readers\":[],\"messageType\":\"text\"}','8','6','2023-02-03 11:01:56'),
(117,'6,8','{\"message\":\"this are his comment\",\"timestamp\":1675422134299,\"senderUid\":\"8\",\"read\":true,\"readers\":[],\"messageType\":\"text\"}','8','6','2023-02-03 11:02:14'),
(118,'6,8','{\"message\":\"i know that but we are gonna check for the same\",\"timestamp\":1675422153789,\"senderUid\":\"6\",\"read\":true,\"readers\":[],\"messageType\":\"text\"}','6','8','2023-02-03 11:02:33'),
(119,'6,8','{\"message\":\"please login with our sever \",\"timestamp\":1675422165146,\"senderUid\":\"6\",\"read\":true,\"readers\":[],\"messageType\":\"text\"}','6','8','2023-02-03 11:02:45'),
(120,'1,6','{\"timestamp\":1676013068054,\"senderUid\":\"1\",\"read\":false,\"readers\":[],\"messageType\":\"image\",\"message\":\"https://firebasestorage.googleapis.com/v0/b/friendlychat-97fd3.appspot.com/o/1%2F6%2Fpexels-pixabay-261060.jpg?alt=media&token=123123123123\"}','1','6','2023-02-10 07:11:08'),
(121,'21,22','{\"message\":\"Find ich auch…\",\"timestamp\":1676014872866,\"senderUid\":\"22\",\"read\":false,\"readers\":[],\"messageType\":\"text\"}','22','21','2023-02-10 07:41:12'),
(122,'1,6','{\"message\":\"test\",\"timestamp\":1677571816342,\"senderUid\":\"1\",\"read\":false,\"readers\":[],\"messageType\":\"text\"}','1','6','2023-02-28 08:10:16'),
(123,'1,6','{\"message\":\"Test\",\"timestamp\":1678809238850,\"senderUid\":\"1\",\"read\":false,\"readers\":[],\"messageType\":\"text\"}','1','6','2023-03-14 15:53:58'),
(124,'31,32','{\"message\":\"Hallo Steffen, hier das neue Bild aus dem Vereinsheim.\\n\\nViele Grüße\\nMax\",\"timestamp\":1680290010735,\"senderUid\":\"32\",\"read\":true,\"readers\":[],\"messageType\":\"text\"}','32','31','2023-03-31 19:13:30'),
(125,'31,32','{\"message\":\"https://firebasestorage.googleapis.com/v0/b/friendlychat-97fd3.appspot.com/o/32%2F31%2FBildschirm­foto 2023-03-18 um 09.38.48.png?alt=media&token=123123123123\",\"timestamp\":1680290033203,\"senderUid\":\"32\",\"read\":true,\"readers\":[],\"messageType\":\"image\"}','32','31','2023-03-31 19:13:53'),
(126,'33,34','{\"message\":\"Hallo Torsten, hast Du die Anwendung schon einmal getestet? \\nBitte um Feedback, was aus Deiner Sicht für eine erste Präsentation bei einem potenziellen Investor darstellbar sein sollte. \\n\\nHG \\n\\nJörn \",\"timestamp\":1686301066671,\"senderUid\":\"33\",\"read\":true,\"readers\":[],\"messageType\":\"text\"}','33','34','2023-06-09 08:57:46');

--
-- Table structure for table `chat_delete`
--

CREATE TABLE `chat_delete` (
  `id` int(10) unsigned NOT NULL AUTO_INCREMENT,
  `room_id` varchar(20) DEFAULT NULL,
  `user_id` varchar(20) DEFAULT NULL,
  `delete_date` timestamp NOT NULL DEFAULT current_timestamp(),
  PRIMARY KEY (`id`)
) ENGINE=InnoDB AUTO_INCREMENT=3 DEFAULT CHARSET=utf8mb4;

--
-- Dumping data for table `chat_delete`
--

INSERT INTO `chat_delete` VALUES
(1,'1,6','1','2023-02-02 09:57:33'),
(2,'10,11','11','2023-02-02 09:58:06');

--
-- Table structure for table `club_folder`
--

CREATE TABLE `club_folder` (
  `id` int(10) unsigned NOT NULL AUTO_INCREMENT,
  `title` varchar(255) NOT NULL,
  `description` text DEFAULT NULL,
  `user_id` int(11) NOT NULL,
  `group_id` int(11) NOT NULL,
  `organizer_id` int(11) NOT NULL,
  PRIMARY KEY (`id`)
) ENGINE=InnoDB DEFAULT CHARSET=utf8mb4;

--
-- Dumping data for table `club_folder`
--


--
-- Table structure for table `club_theme_images`
--

CREATE TABLE `club_theme_images` (
  `id` int(10) unsigned NOT NULL AUTO_INCREMENT,
  `club_theme_id` int(11) NOT NULL,
  `theme_url` longtext NOT NULL,
  `created_at` timestamp NOT NULL DEFAULT current_timestamp(),
  `updated_at` timestamp NULL DEFAULT current_timestamp() ON UPDATE current_timestamp(),
  PRIMARY KEY (`id`)
) ENGINE=InnoDB AUTO_INCREMENT=13 DEFAULT CHARSET=utf8mb4;

--
-- Dumping data for table `club_theme_images`
--

INSERT INTO `club_theme_images` VALUES
(1,13,'[encoded data, 15612 characters]','2023-08-07 05:06:48','2023-08-07 05:06:48'),
(2,12,'[encoded data, 21204 characters]','2023-08-07 05:06:48','2023-08-07 05:06:48'),
(3,11,'kO7A2S4gWOrpPnfImpe6UklGRmgHAABXRUJQVlA4IFwHAAAQLQCdASoyAXMAPm02l0ekIyIhJbSaMIANiWdu4XB5uvF17zdGfA0mw7JZyO2n8wHlQesneTPQa6Z/IV/JPY//o+jb9IpI/vr+54V/iTkg3ccAHUyalKrb9p/2fsAfnD0Rc7j1j06XsKJW+nuarl3NVy7mq5dU6qABdU2bbNVy7mq5dzVGS96LiU/ku1hxQ7SE0s7AwH/UyPF9RcNRb96DvWD3Ztzu/9bikG/a750m42mCSlb62SyrrxyJMe0cZbCyjpvLKnA2cNNyEbLpkXiqVbrp6iz6T5C9RtKERC2vTcpcc7rihosCozVvmUm8oF+4NOwkq/f3IoI/e713z53yUPA/W6A5xMwUsjNG+oamOOGpHmjLXrKVjfxwmPHbDZD1xTODfyM9GhHTy6hv0tVt9o/I+5ZQk65Qdu8/tn6ImGqASD9k6P33+UiK3ukP3dKPNjJ0fD2P7x97Kn3SXz49t1/qASVcu5quXc1XLuarlQAA/v85wBGx5echnbVPBjvLGPeMrduQRzNeP64MqvRgqfruspvuWs9lZ4CmMN9HsCbAzqpikuLK2fMUwm6aEt7n76GuDh7c3DXQKPtrnb/xvf9irPnpl8Ht/w6ipRIiotxOvoZflCXbygxmNIqVyvxuBj6C2HZ0hfXQoVkw5aSjHBwmClu+ueuhGEA1MMMDJea6X9ozkSrbjIYZA9O8LUoOsblB+gLJKOAazLkpee2hdgxxesi4aM+kPrybeQysYBvpW3o1hwj6zdyomgzfmfx04qXxUfa4Wn54hKNO2bUUUyNRnBcesVuWTGY05zAYh+62kXrpjARjBCxtlO/LjalUBmY1M7bYttfgFOkDOLdxMdbADMYHdPWtFDOG9SdkjbnDzI7//xy/wQzF7ts5f5hkFIeF7ksU4uN3051hDRTbWgk3GcvubLCEleEPy0jkkQ7mK+u0QPK+IyFwRHGqhUT2HZtcLvc0pAuFETTQM/+qwoiuSSK0z7A+oNDOu0F3scDQFmgNnZana2h9nv19DEBhUh6LLkirzZX/K0cV+CKsCAjeHBxth0sMG2DkenbTP04AGBNQTv7c/U7mZA/lAXn1lsSqgS3Z/4vF/sGjXH9OgHSYAphuyYJOLi9x+nLNg+A//xYL+Yy7c9WeNKRRh1+HeCraw2LF4FCI1Riy7zHdh/E9P9VZzEV9FbAgHA/JK4hQ8Gv9yr8WeUQLfdpyRVYVQlSWds76AIm7pfKlzDJugGAclZE29FcpGHCKfEZ0K/iCigwjyLqgpqQdumY6+C6S7IMpXd57nyMhHdJeTUedDVKakzjxeBIH5/p82D+Rkc+booDa12xNg3mblzejajmO5tsZqla0zWLIgUlPVJ9au4c3en7z/+EALR0am66d8ZCMtdHGh003OhCfbPsKZfYLbfVk095QSZgUuMDrFOkBT4ydwi2HmAZZsYI32PGGs/0rr+FeNiLdNNc9Von79xDy5kOKOCo+xXV/zr5IeN1ZEUeMsuDGqt9xRtUXt2VoPV+3slT7XBFRoVTiJIIN2Rr0l10W/75O2daWWsgKIMz42nN8BQSzS1jPoggEZRp6QQCLKfp17RY0HGPh/NCC0YT81rSlHxJti4nM64F6U7TVd2KGO0VUkCD2TNIKrEmDjK4ABW/6M3v5R+g9JADUR7hLi3JfT9jqXF09pZXzcqgfnFveoIw2wgAIkLnSeScnV9PH2QxqvKqJN2j2saNd1bjBsKwzhvZR8ZCRmn/DhlgWnFKQ+m4FDgeVVfs/lwCttvvBkeqPAuKEuoyMb+k7+RS4yeRfj2BAOXynCtz98XBMEC/u8J77sYe4FW6+DTXjsaU0jHox1JJFvKBnpIKhyDsLlGldsM19YgzwbX+B4MCgre5WzJ6XSWfV0+3jx449zZkjrPeJGg3O2XyopBTZXS5KwrWchl2FLGcSsGMh5kok18eb+X2r7/Kd4soGkC21JvJF0fXbi9Nvp+9nokqfELDk7BZCO0+0ggVfycxK3DQvvxl8dgc9StPa/2EGDBWhHJwShXvdal4v1/pU5hVqFhXJSSMhBVjQpl20kR6ow0XBRTG8/kGwqGz0vMZG1L00MrJgsZ2tPOy8RuqIMUt3PMxG9xdl2LipQRA8iHCPjUrKt9sCv9tECA127thxm2ro2v+KcrpZQQJt3SK0QeTHf9dsI5law1Peof+fp2P19YsbuaUwc51LQHxEOl507cWdeYEuKdHgmMI8KGWyJE9W2hIQwpl/8WsLokp67pssreKCiSqM1t5HX2+0olugebTPTKWN0T+2eCEmGcXy4kQG4mYGGdA+/8s1pcTu5yyfQ+ym5Lirgc8s2DxKNXX+Adt905sVVUI4fZP3saQ0FgQLPengs3qcGmeArGD3CHQZyV6mUchpLo6d3PUxsbpCVRSc9Aaj5cJIa3fZOmw8cp4FANqT1jOP6snOPYvblPicjBP3XpPHn0rtDYAn6c0ulUP8Reqtz6ACIr5W1jmHEMP43Q+B1b12VRAgAAAAAAA=','2023-08-07 05:06:48','2023-08-07 05:06:48'),
(4,10,'[encoded data, 4916 characters]','2023-08-07 05:06:49','2023-08-07 05:06:49'),
(5,9,'[encoded data, 23444 characters]','2023-08-07 05:06:49','2023-08-07 05:06:49'),
(6,8,'LGPiJ23vC0KlSE9hyKowUklGRnwKAABXRUJQVlA4WAoAAAAQAAAAfAAAHwAAQUxQSKYGAAABsIbtv/FI0u+8ccUVl21Xdcq2jamtrSm0SymzbdsarG3btjW2jUpyPuS8pzK9+hoRE4D/46VGtkGrkhEWUbGVcgJAouJWSP7DZH2P+d2vfXB3W5iSYVo97HtwpT8IIPGHuHfE/IepoJyevw8afaKfouw3PySH0Ei5f1L5n8jr9XoppfS1Q3qfJ71er5dSSn+dIOIV5SB3AbkbiI/n97/93Z8ff91L6ctTUiD85w899NBjr1Pq/aWI5/lfsR/IZRltgojCovWTEKoWU8mJn2QxPm/nJKYWb7n1KKXef6YDmubu7v59f6P0zQ8S1tsfj2A7VD6C0DGlFglqTucQBELElNviRUhDspxDkAgcjo/7vKUDAOX4U5S+cQW+cucHKH3nZ01gvXUHvMSWV7T/sBZSjVEFGNJDAaVeQQC7syQrWQ+o9HICWZkdUOkUBI7PzQcLEHQGCRBRWFZuIoBaIwDhv+aB5hSl7h/7KAo/R6n7b1sg8vaDaqZKAsA0fPPEF05pEdy3XAwkrzYCJTP5Mmi2XTl77XI2UOtKl0H74VKgcrxAhYIffSxbBuO2BTuRL587+4175cDQmGlD0kJK6d8VgBDzRUrpuz8fiBFZ/8kEsy8SQPWJTWT0iBb5X353D5C81gQce3eXBrlHy9BzOge49sqWAGg/Ugqcf363Gbi/WQXE/n09W9Duaqg9fUMD/P2NFLIREkEpfdgMSCso88XzoSzxXzUCaDsZSfpXtYh2XWsR6bnZokTdPiepOpgDDJwtkrPuOdusAR5oUQG2IzfCSfjBXfs/e78G2HsuaGOxlNKHjIC08JlnnnlhndKnlwWW18P8RQOA2NmZmlNHNGAnLTeA7VhdaDl2PRtszQdKIHphb6wEzPyvtZaf/KAG7LCfccnqKfX+WQoIobOzs2ufpdTzoyiG+x8fYB7MBEAyx7e6ahUitspEEWXHsuvaqWQRxfuixGoX0mQs3czw4OhWpYjRxUOsH6B0/dsQlbdSSv/Vx3j7I3amSYH3MqB3bOD4+00i3DIJ/O7zphoglqqTb1D66j6ORkrpw4OMt+7grnSObB+MJP5oS5W/J+sH9+7df+VHbkrdP0+AsnSv74EPU+r9ebI/FEZeg8F4N94eDjZymoy8Oh/qdrvdHkqp5x99gH7VzfRQ+spFiR+Esqu8R49d5b185SrnkXNXOf/4lZtXOa9d5T3MYHtf/kCvAtDvoqKvfzoLfpCMeXgffsTD++66h/OfL3s4vW4P7zse3n+VvsF8/aV/fuXUcLwEgH436+3fH8klfhmnvI8+RnnX3ZTzoVcpr4fyrlPeh+0D7L6mbIcUvopcl8vlmto5VO0gAEk4evTowW4eIXuZd2JimXdxaZlzfHaZ8ycf3L3MubLMu5NIRAUCNpEF+CqlAnwVNpvNquOBXM+r0+n9rdPpOW8NOvScBj2vFv8NXaVK+F+i34DEwCLaOJmGR20jDKV2AxoNEGzbgCmAK1AGBOsFPxgJDASApZclr2QYBlnmnhhbPYc0vhjMjMYN1FaT/OaNjDm5tofDz0NSDCghnRh2FVY0NMgaY2/GDiY4m/PPtXbGtDQJyXc6O4aSF4eGe3xMTf1Rofk5rpL6uWQDoDdFJ5ZNOVOqz2wXdix29iT1jUyO9jpzIsqbUi4sdHbGjSTEtTcm9XdcHB4LS45LHe1sje50xUrS2nbrJid7XfIHO2sXejYnDaXOHh7YMa7cablgX22cCAzZE3+2Z2QI0Sdzx0ZyFvOq20OdEqiTyjIT24s2Z0x9zBVdaLWGZBW2DG26Mrd9UNg5MrDScGF0bWCtp7to50zL/e2Lzc5tQ5sWxupPOY/m7sypdJYfTpiaztqaJp2NOKafbm9YNB6zri5FrJguTS7ucNX1Lp03fCB9bmloe+1q0IXKlWZEHUt3bcmeTMitkenCM5SR6VX7Jwr7k5bXmovVUmXJke7m7pyVhaujwti9/fsKjg6u9RwY662fWiq4WLO7eKnmYO72uU3Hk/bPnohf2ttxPGiudu5ajqx16rPGHZUV05aPjG1Z0S4LwRajNkijDrVKQgLsRq1DGyg1qxx6yMwKg15hkCkCoLDriEyuDTEotfJAQ4AaIPoQrVqr1FtDdTDoNEE6sy5QYzKadHqHxhIQqDSpTEpdkNosD3TYZDab1iw1mErPRwmRZef1epXKKHEEaQNJIAgBCEAAAgIQ+BICbiIQAISAlxD4EgJfQsAkBIRAnBAAhIAQAJCkRMkQkB4swJcQ/JcVCACB4H9HVlA4ILADAADwFACdASp9ACAAPm0yk0akIyGhLBVaaIANiWIAzxu4qn+wYtXy+47tBB5gP0r/RrfYPQA9jP0APLB/ZL4ZvJmwUnc3+Lrs/DOlV91z/QY9zFP5mn+Z92/tr+e/YR/UH0IPWf6GX6xM3LD2wO9VrbZbmkyDuk2haOHwTaA1pJEf/3YqIA2sZNSQd/fvogo+D/P5P3UnfLmYmeuFgKRZKw1x3o6cAVr0vMiIFRKbnvMLwAD+/keeRvrM6YfXGOPrurk/sVzF5MXYAw+/JSXDyBy/sNYUL6J5ufuYApUAqbooXkUIL4glsNdXyvG4lf/RHB8/iG4tDS+/4OB64Mha3RHBs++1WJJxnD0V6Of5zyWAZc6qR4N9L44Jp6flTccIfZPxgIC1hdatsZKcbIyIwbdeX+oHrDN1Ruy9Ci0pFfsgzNd2mL/Pe0oe+pnZPOsC9L+bnhiRc3uJNgl3P/FxuP/C45zAjKCH7J5ipSI9srv+3XHrrt2PIJeGD3lhFZVk7h0jTBZXpAkK0K63jODl5S31YiXnNeaSKWIx50ikEuCnOU8wh/ggf2Ff+gT//pzCtjzeGtjoWEEGcE6pXSb+sTKLWx3huoXXmCIg7TuUm9nZldYvE8jxC/XNtiaZupNvqezM5HrA9YBUsGM6/olJbmP4oe1/zYPhzD2VXbPxekJyDaf1TrBpl+T3FuRwUn9vOj/PDN9p5/TfLbLWXH1e9ii/9c8GuQ/5HL10x9AyhJyOQ3enVpNMfFhl9lP7cC8ABQvyEhVv48Xr2q315lj9DLLDBTf/8lAYL/11Kclg+8n1M7Oai54BTz+Tmg00NXuL8I+Sul41sKkxJ+6aKyrFn9AZaI+ili5xTbItovK6i9XNX1H7c4qFbFHJ/mCRr+GfCAYAPOC+o4knNht6VFdoag9l+J6gL88SJMygSHmrRMZSQLS3WhK91luqRhS/p/YDubDCOyz/B7TEcsy70PPE/jV82l8yBq54qsfz+PTvD+pWSxyzL/5/MnVQgYUZw+yIuFifI0qV5HV6LhdX46UF7h9Ss7DQLSqidw9hfEf5BCSZndlmOJ44UyAW3ID0lbZFt93ufiZ+G0UhgS9vj67O/Rrlet1Z/uirdABOXJRUTDOEdOw4h0L0P+xJVDIeaRkX2/9880kgGWgRYgKICvSJxbAMJtHCPzSjp+1Uw0Ydxic+RwbIoQSmvdJz+8DkM7rMRgX02rpArs2mWkSAKDSugi6rahKmMqjfYYWhmdoijgAAAA==','2023-08-07 05:06:49','2023-08-07 05:06:49'),
(7,7,'m74X4yViz5yT40cAq7XtUklGRhAFAABXRUJQVlA4IAQFAADwHwCdASrOADwAPmksk0WkIqIXbAZIQAaEsoBrTgMXPfBC6dTE5jbAc7R/cLzLuEf/FdtH+fwAG9//LeR24x3jUAH0x7xaQc/3vkq8gJ+PPWS/TP/b4L3sj/3n+Pehn0ACjXXva+EN0I1lDi8QDsvV8VGNlnXq9pTvXnBvY2S0K1XQqcA2foOUx8+GX8pvcwfzWF6vRH766FOcNSn6g9cBZ87pflx2LWYg4EYfoH+ldboGdZHehrBNuGqgiYxoKGsywKOZ6KJ7e8s1VAYC8hJMtxqXw8KLDWSS25E/231DJeeQkw6k96oynYo8bFh6ycN1eCMCgBj+TZtarZtn5KS3LheTbcYqXoAA/vz0TyYxm3r9rtpw9XyQ3C9Ra0ewjOAJ0Albrdo7j/8ZghJvVvG48OXsT//kE+oLUm/YHAW8yn/QbyBd+0bIPSA6LbcuFdkhX1xgRqAdp1Awd+eJ+ud/tSaqe73GxEECeaObx326nm262hEWFHIkO4KOzD4txaVv4W3xozILGlGGBVP/9amyHB0OcW47NunXSjFYwKrvw3tdeLDLTXsIvgvCFGlMjAjayCaJx7RbkDyPafKBDyTBkHfh8nkHHh74NAMFBnyh1wMazOW5YjLe7nYdk25t8XofzdZFAvzmR6CmSWzw3EXRH4cGG+HhI2vickQNzxIXfbxBNjTvCVd9WyDbznw2MKbSpz+oIzy+DIB2Mz+9ELZRuFNk0ouija9+pCEB1hTlS5E/Weu+pel/RXtVp9eT1yrpyjryMqrLXFyoWvkoMQc4PLHQtvZIGCODbwi1HaSTiajaQH6uf6iILWY1JIvGbTgnxiBZjXo1ErEgCPVvEJelPuDq2+Z6+X8e8WaGFfASLn9QZIkXE8si7b83Z0HemKMMeWalZ/V/jFMuD/hz6ZGJAjzxOErPWkk8drkQb49kdP85vG8GbLvTLtBunZoV1I61VMyFZAe9Sm0YPuV4mZXnxA3elG2OSlJrmSX1xXyxnybPm38JPP8UKYbjMysuJboc7oLgCFcrKVS/4bFjA8C2EGlO8UmgJfrQkbmWsp81s7+ZgYmYOU+8F1iDZ5KWthSODP96e+ZPE4kVyex+YbFJbSPe15/M+tFEYar94UpIfuKb7CnQQFBox0IJv+yU9Rnz0WD+7NgvsqPnuHCHOrJu9nQSGfMVn0Fsq36+EGJdumJDyAPrc9CUEMSDbTpXpXgGch7XTSWFCi/5Dxt9XjOVpFn3Axkz1orTk2yN2dMsjjs3AlntkItr4CEYpo/yIKZXlLSln3Yf7Gtn6afa5e2X0475GTpf5qcWL68ArTwVGueTUzerKmeTTzpwIPvJZF+gsCu0XR3CK9vQYO8JTJK7NKsQ0iIi3TOznpu97Ha3hMoTI1Bp7C8nv/sim0+npc6zlFnSxy/YaBS3NlgA25V/u3YMdH1OeGNUd+xrp19HwwzXgDrxX+eT33v7jOuxkRB00Tsi95tN9mx7PAfgrG0V/leMtzQdgb567V05ZEu94bHs1D0LZl5kiWLhMesqQDqLiqzCxSK1FVfm+7wwdT6H5Re1MxDpHP/swW0fmL47x+UF4rGtGsEb7uqK4Gr3dDrn9c3RDRFqnSwAiIfthNIPrXhQK9+WFwg+171rQhs7kxVoBX4qH3GC8NkbBZhWkkCcLXD9G0ckzveSsc1bNzMDOtvf+7LxtWJ1R+g23unKSA+sAAA=','2023-08-07 05:06:49','2023-08-07 05:06:49'),
(8,6,'9YpLlqBP7O2IIlS8AbNRUklGRkwKAABXRUJQVlA4IEAKAADQMgCdASr7AD8APmkskkWkIqGYOyZwQAaEsQBpNxWfJ/qvOBs7+V9Uuy84E+K/W/O1/eP9t7JfztvKPMv+zP7Qe7b/sfWn6D/869Ib/VexB6J/7Y+nJ7UH+T/3fpGasD5a/p/aj/fPyR87fBL6F9rfVGrHNSb5T9Zfx32zew/+o8GfdP/GeoX6i/x/hZ7YusnoBew3yH/dd/Z/nehP1E/yXuAfpz/vvWH+1eNHGJ5cekB589DH8euAAVo63gj3o96v/hdVyc2ZRt/AUHNOzaocVgXd1+f/wcpIAnUcr7RJfiR78esKaMIjYMZKss8EAilVV53nRFz67gSF7UiEuSvio2I/pfMEIL8JtNsPLx8j5/ze1oMS1Pxg4L/5HgwQ71eJvOxp1rznOgFH/hqNkAQrvqLd9QdeDQ5bZiwTjykhNwIBrsehBy366MgWMJQpE6/YjUjy7lpy8IJ+xVP9LXooHoNYVC46XAbd4C/r5HD2Ck52RMbgfqFY58eFG0R1bQrZCOci6UZq+tzpV4dJop3lmPPcabRwZwSIHJEdbsBAAP789CSxf3M14IwSu1pQ3PlNG0rajvRAWUdNHde/26dMBQvQgtbNnWvFvJWBvlS0wRQZ8CnZpxdl6CJbG1KpRDezlF8E9boIi0saQISQjEaCe2Z7CtJ/8fLom1hLuZVq8txveVLKBMr2ew8SX5+wzwkdA+KxEs/09Vyp2jFiwBQPwwS9gB2j3T3acGqHJiFTcLNccZZpo/3mw1SUdOTEmXg/cR8DQhMzSGvaj8YdtVL+vMTsD2oLywTgLM8b9fqwI1MCmuLoo1glp3PvRfiUIpZdgJ8akPAt3sHNmo2hX0OGofGDprF1BWZd1SMW4pS6sL/iwNypp1rjahPCeycPsC6+oBiZWhM/VnA/Z3TVTt5tDvaegdRj6zoFmIcxPm0DDicEkFwPkC8c7bf/46gkcvd57eVTBLmwYus1J1siOoj/R69jsfSM3irukno+oPmZ3s4LIiu6Uv26Cn8KcoYhiX4JKAga/z7vZuRS9Cc0pWF7OguQV4heETH/LqO+ZTP7mwfrEo5cfmnqER0wuXi0hfo9RnzQugi/Ub0XP8G/r4nZ4Ituk6YjD+uipWoHHEH5j1tQ2ZKsD5A0lXXXo5PIrtq9IEbjlJ55g0ghIHtJHVS1uyBBJCHKbzLsgx7co4XkH1N4U5xjlHJ968HGWP1kk+BrcpZvl4lPtcmwnCLAkJoTazxRtsCq136ZY3eQStBur0UgrE29YyhJAtrJGCtLFjEBJg/u5vCcjAgV9HhUqWjCAT5cGOqY34eLAy+bEXYvk1t0VVqJIsO5rISrrlacHVZDTio28dKL1tnJNSqWQV4XnL3RBjhqSAO5kpgmKGQDbPX3Yc0jBDerVHMvmvhkFWdMG1c8epYpJE8ZFXMpyOX5ZsX9dXs7a3Es0/0rsti9vOT8dRUpQH335xF9tpTqU6gKR6nuXEwDr4XLK6fGXUXr+YWPTnqEmAzkmyju/lJieADv6exfTPJuCvp5Jdfla+xug7+LFxzY13s4FFlCAvUfEH10JTwDRo+TPEUetngp5QvgnVtRU/x5gNLApX5zSZTnwgL8UiyymD1nojggpSopOhIXl9Hwppqrtt7cgfIXDR1nKNrS/Mboqg2vYyF+dTEa6f/yU+vY3sPx6+cCWr6Gc6t0HJ3NtnezpGjZ0fz51GqFF20VzWZWbfp9ucTI4Bp+YEJXj+eZwkTSUDpjfj4g2FR7kp6UMa+DfoGNCZtqac/gP8NcI3emf2/1Rs6gxQvmiH0XwCN+ZAx/xs1yt5rFij/C/wPVd9vzQz5tIPwJ+vfXhqdTa/AjXxjVNJN4vRdwsPdnlWe9BemyYEEfklTrV0FlpQFts9FeKL+djJP7f32TZtC9ZyRU6w5DIFlLNmxSRNq2o1XqyHsVANRPIBPWBQE6Q4syfxg54ccrs5vqgUI7cunAHz+Xc87f7UcWNeruXLMUxqOkgOZmiUU0XR06jPhBTLZKk8jONH7P+NuEmTCrDEYn9GFWPz/ih8oE3eQzLajdT35keDbKVAKj6Q5GCrESVq+yB/lzH/Hdcqr7v9tae5BeeMn+CpgehHdkaR3OBhy37C6jBohTQmf0MnXJM20oBPZAokHoWRuX1uiLpajGReyV2q+Bf+gJjYpgThTuRQt5kn5MHITQ6bemZSe3f7HgZ3vg+ur0DYXKyyFNHZ6Tw/CftmWRZeirQOppWskLcVKwIwaTJqEKZhWY4xJppQ8d8/Pojb9SSS3/fOjXG4vMK0iRA5J0tUKv3gwRPla+MdVItCjrn/NYyA0ISKdcmd1K6YVjAJmofn8DYcOjV3FJ7Hn/FW/QzJLVxqc7hfL0seD6IBGcVs6O4rZaYD4kl36yr9u4bXpxyOjUjfECmEUK9O0/guf+H2a4kAGdDhvTMJuG2tcFVuGQOeONEgpaxzam7ioarJFjqjIh0FPxU7xIIS3qnW0HxAupPCPmpvxRn+AzAdzOopdcWprc6N7ajnC45GpURpPwAwBpg9HccpkryIHulYiovHKXZBcSoeUTbKdXJ0BwcnKng76ylJRP0t1hDJsptlSSg72JZuQgrUC8EiQwdp8oO5fCnd/E21VQBiWosfbZvkZ3e58TlOZ7ue6AET4zIlnVsReGXu0bmEFL/RmP+QHO138tmuJr0qxZV4TX8ODH1Bwn4AYzYQfI+tO4cdMGcDVxLD2nppd9EyJ46kouniswKiNYr2QSDzveJpmZ/TKIr8qAYagEsyS55YwsuKR23mU1tUkG7wDHVGxVsHgenxysJ5dmHHvkTpBujYysnIpQGxT3J0E9VtpYp1lL+OQw1fZ9Cp1FOn9MLpMJlEsjTBhM3Ksx7VNXrIZejwaUT5VIZ3LK6PCwDR+UAenxSUhKTweruGCxjJbqIEvWWhlBgzC+h5lxk2K5KsmjFAYNA5SBriPNwrDM1kihzo/IQ1qUMs30kMWl6n9Ee78oegdhP01kluAILRkRa4wv6Ln516wgdhNwHPoCafOs/T/ApjTl+Pr9g8k/FsT7K+YrawV0x3I6sw6spN/pLHf+Gqc++UW7EF83htut/EQ5uBYcWMSGgxT4NUYIO/pertr2qgGej7uSZ7IZQd7lagGlDUX5KYI8JI11JURVfx5ree5bwSd/wPefAa5ERN7DSyRMde9HRzjyytwC5q3myl77Fg72y9rB2ucIAng49cNslQIS89TzqmVuYLj+K16hyv5gUtHg/mQfz4rSA2grdpMhfyrssuAc0Su1/FiFFzuJRxpJkvSrtgBDb8k4ADS/n+iNXyjYo84ZRbRmy7PAnPRnjURE1JIM7SxeQeRJiuVs3M5np+vGhE4US0ONj2iE57vKBG46zkhgQ6zLyPm47UTZmh7Eg0AcqT3BL++zo7O75FD4EDlxpju1FlsEowiTSnyUZPx6xsui849NwiqGkL1jyU4EE7Qnie6lkwkK5zIKWguG7oZu8Q/hcoAqgAAAAA==','2023-08-07 05:06:49','2023-08-07 05:06:49'),
(9,5,'lksG5FXDFJsZc1KiJSc8UklGRqIKAABXRUJQVlA4WAoAAAAQAAAAdwAATgAAQUxQSKkFAAABoEXbtilJOk+BNMq2bdu2bdu2bdu2qxplV1aO0WUbgezILN93PiLivXNvtPsnIiYA/j8uaVabVf0Dk1SrzaoSKGFpKzVv06h4Urv0x6SEpS7bvG3jkimDJBMhBSbcR0TdebF9Ok0Q2RIcHhakSYIEFZh06xsiOmO6Z7YYkaK7PEG/X38qHyyCEp6zVu/J47tWSB8iixDR4QlDv7eqhRiImuRAg+xp+xB+9rzjH6K366ce6TR+UeNeMjTo6mzzo/VzoGH2pEMor9CGF9C/c2URG6/o8S8YGnaVkX1ImV6hSfa4Ywif0A530fCpasF8ose/YGjypyQ+lLFomj1sE8wjuEUsmjxbN5hH4jHPGJpuJ3uFPzOH7H4TK11wvQto+mztILqoCc8Zmt+mAIBUAilZbFmNKrjOWSQ8WclGFdb/CUPC9yFeDUnw87EiCo2t6s9IeqCERmNp94AhaSavpjSYsDcniaXEXiRel0ulUErFMCTVc3hVYzTo2ZCKQMm6Eqk/zswkm5PzHPyEtJ4kAACZ3UT4YXK0KTllvztk6JicRjKVcePvSByreqlnqNjDblYTUpKed5CjY0giM0lmfkRitkDxktt4iJDdLCUbC293B7neaxtqzN73IaN6X0zygsS7dSJM2JvbkK3GeeT8a0XNiFz+BkPihGUq+JSK3WZEGLcqpQGl0H7kviqbYiDbrngkjt+XQfIFSpNrjIg9G6j4kVJOR/6Oian8JZ3nQOL43UVk8K/UvMpokF0u7Ceq810B8HnHUF9K9weMyLOzgAxG1ZrXGQ16tmT0Ya1+DYX8pazmI//Z70jr2VZABuNqvRs6Db4bqwKAnGEhCroykwQASZe5kTZ+W34ZzGqNH+k07HIxAEjU444ojt4RAFLX+4xGP1xYAfO2Pm9oMG5NerBUj0FhL1dQIc9P35FUj6mqAWXwFDcNezZEST8PBV6aLnquA2mftbACqZRieRwJ/vilYu+7Ir3t2OYWo4kbHATESvbtNOg8G4tCn73kQVLPykgg18rG0pC/2nVepyHfkUOhA3sHl0AvZ2RuGKMLdLusBjyjFrrE2ZMLIke80YWJa2cHrkrWrcI87m4DyL7cJYp7VRRwtlR5LcirSWkAAAoe1AU5WVDlBZFTXWLszALecqs7uhDulnbgrmTfL8S9NpIPSDbTJcTqxCCgraFTgJdjkoHf/Ad1AW4WU0WAJEsF2JUZ/Etdn+jc3L1CQUi1xCNujzrKBiDdYje3Q5llMSBqAi+2MTUYrvgr4+RqbAdBlfxX+bDrDSRj4RM+clqXAoQN6+3k8nxoJJgsfJRxcVaziKPk+okHO1UCzNqGv+OyJgUIHD6Yx4thEaagwBHG4UM1i0hK4TscfikF5q1jPnJYnwqEjhpLx1ZHEEDh44zM2cgullrqLdmdlkBpm+Aku5BDEgtSbaBiW1OQQPPfyEZEguDBbale9JNpUmxhRO9Lq6LJhZ4TXaoMtNKoj0Q70oLwKdfQsE2JiKD2daLeYeIFd6D5tkiiit74g8RVSRNPLfuR5LeWQC3N+0ISk0sST8p1m+RIdjLo85xkcXIIwDRbKNgaG12VyyR9wgIhvB/F9yVAn3S7TtHMFgj2lhTfFnNQVvygqKIEgrUBhXMcB1j8jcBZRAoErQbFh5E8FnwheJEfAlEu7SF42pPH5DiCmJwBAXkfmNN/LcVj0GuCFakCI/l8c2ydlUfeE7q5rqGBYa3zu6m3w4CnNttj6l4ROTCk1EvMJKxNxQXKnddNfOodAQGqFjtnjJ0pJvOxdL6rG0pYl0kKFLCU/tnI5+PlVeBs63RHN5CwIqsCgatln+P2pbu35FeBu7Xi4QQ/70ankSGQ5ZD8U2+6v7y+Mb9isAICqtE1V99PiH//66AcQRIEuGwNiU4RGWJTQFDVHpo0eUSwRYY/RAn+zQUAVlA4INIEAABwHQCdASp4AE8APl0mjUWjoiEdnWwAOAXEtABiaoV/jN1uHiO8/kPzufOfiTKU+dT+b9xnv45jbp0+Yz/o+jv6T/QA/xvVAeg75ZH7afB3/j/+Z6QGazf3f8IP0lplVyTpLtSYZ55ymazNF6uXoW/rcQ79fXImakXdHcwKZZAmYW3QE6So++e6LWjE5QzauSRpheTpb1iEwp3tFHIm14xJEzpAYeuFBG7IJxRMyuI9/IesDRGtv2rLuWJSh/l1cKGD8d9mbZQFK9JHZjv997/0zyUHUbb23NpIq/hT0V8f3/jX37Wxgxz5WWXcTP92LBniNl3AAPcES5B5YM/VD6NSRTCbcKewwKKpTqjWLyxTunR7mr9Ja46zZRJeFIli9RDN0mOVgEoSJBaV30NXUxq6xsQaAJP/oqV8jGDClisqRcTLE4KJL4g4olhzv0ELN2uQZ2RRi6cP7hyYLitAYvGGz1U4QcyAGcP1g4Zm1KRMo5bATF8Jk/cXz5sdXUePBR74s4oq0KiP7wiRvMXTOV9o9CqVi52x723AWMtDFr+3/HF6JHU5yfHMFpDS43vlvPYEb9m0CIpT9URxeHKMyZF1ZV/ZxCEXL3YHzR60licDYsvj1YzWFXWGjw2OAkx33CSbHFHOS2vYw+xiZCz+Nz//ZYfl8+9k/UCZ7nrNpwrYKPYLALM875DfGdVcCZ8U28I8mpF0JhE2XO6QJ1dAHQoL/RQxLErUi2majOKtNIUl6PB0xEVS6RvxUtAssamLKtBPY+AnbNHfqU4x7D3XYnlpXvz7PJPxJ1ACF2A61NVZ9SSoObvqZW0hstZldhweBCRks4KwijV7e24/PoRkytOnKVf80wzeIWAaMgEYwSefJYMT38iZ7YUGaV//1mn/+/Of/31R//77boEtQ1nyChCgb8fahujPJUNhAtp1vgbss8t+duxb5RQdXkgoqAin7YekvgyTF/7zvnavYi1lCSHvigl7cYWqb483PpqbYsrPLrtqVRZ644mnR+9EzpH8i///ChkGgo4kph9AUVCHvFh6b2k3BlBaszQBQZ0AR2nzIVfIW3miFNREGU3I+RJ9qDWI1+n+Yyof3WIiosjME/UoLRWoudt4l/sGoSGMnwqILG6wtQYHerEGMGAf/chD/HXEfUwCw9PmF5Z9HkAyxwUb9KH1Yp+2bTB4axTJxClNNAF+xP9zOl0BMKxd9Nr/b5VX0O/ErFLq1jGzMvi+JHT7tXcpjXLnMCwONzsycWCBzS4OwkfmQOquKF7NgAZ8U6/wiyuZE15wmjiJIIrKxQrrJDh3DP9jf9nCyu72pl0mMPA4XfznSuM9CmzVVcngIr2KX8PdqOfcjXyfR6f+PGj9EqHOXKJTTPGnHXMktpf/8ioCBizumcHqne8G3EpInkFa40cb7/HNXEmTTtN5wGILt4ZG899KId0qeK8K5ZFXn40c8jPuVZDfv3J4tpiyNlCPSIQtVtWjxj8MC0SKbsfvrZTokvnQ7K/GuVSDS1fPMpGyZe9yYCwH/gLH0CIfGlUkMTL7sDPBy1cZV7HiJraW3g/SmQO+0QSdY3pBvx31msPF5gJhklCf7nv64jl6xvleSrVtb6qBJWpJHjMFu6INxhyxzDn6CwhzVlRCFU8GAAAA','2023-08-07 05:06:49','2023-08-07 05:06:49'),
(10,4,'[encoded data, 23324 characters]','2023-08-07 05:06:49','2023-08-07 05:06:49'),
(11,3,'[encoded data, 4364 characters]','2023-08-07 05:06:51','2023-08-07 05:06:51'),
(12,2,'[encoded data, 20812 characters]','2023-08-07 05:06:51','2023-08-07 05:06:51');

--
